{"id":7311,"date":"2019-12-05T15:47:39","date_gmt":"2019-12-05T13:47:39","guid":{"rendered":"http:\/\/pc-direkthandel.de\/wordpress\/?post_type=product&#038;p=7311"},"modified":"2019-12-05T15:52:10","modified_gmt":"2019-12-05T13:52:10","slug":"gigabyte-aorus-15-sa-7de0250w","status":"publish","type":"product","link":"http:\/\/pc-direkthandel.de\/wordpress\/product\/gigabyte-aorus-15-sa-7de0250w\/","title":{"rendered":"GIGABYTE Aorus 15"},"content":{"rendered":"<p>GIGABYTE stellt sich wieder an die Spitze der Industrie durch eine Zusammenarbeit mit Intel\u00ae &#8211; dem weltbekannten Technologiegiganten. Dieses mal verwendet AERO eine Kombination von Intel\u00aes Hochleistungskomponenten aus der Reihe All Intel\u00ae Inside Technologie.<\/p>\n<p>Was Sie darin erwartet, ist eine brandneue Multitasking Intel\u00ae CPU mit sechs Kernen, blitzschnelle Thunderbolt 3\u2122, eine ausdauernde, ultraschnelle 760p SSD und das auf Intel\u00ae Technologie basierende Killer\u2122 WiFi f\u00fcr absolute Breitband-Spitzenwerte bei WiFi und kabelgebundenen Netzwerkverbindungen. Alle diese Hochleistungskomponenten arbeiten perfekt miteinander, sodass Sie sich voll und ganz auf Ihre Aufgaben konzentrieren k\u00f6nnen.<\/p>\n<p><span class=\"bold\"><strong>Microsoft Azure AI<\/strong><\/span><\/p>\n<p>W\u00e4hrend die Welt noch gespannt auf die k\u00fcnstliche Intelligenz wartet, sollten Sie sich fragen, was AI f\u00fcr Sie tun kann. Die Antwort gibt Ihnen GIGABYTE und geht einen Schritt weiter durch die Koopreration mit Microsoft Azure AI um Ihnen den ersten &#8222;Edge AI&#8220; und &#8222;Cloud AI&#8220; Laptop zu bieten &#8211; den AERO 15. Sie werden die optimalen Einstellungen der CPU, GPU, der L\u00fcfter, des Keyboards und des Sounds erleben, denn AI wird, auch ohne Internetverbindung, das optimale Tuning gew\u00e4hrleisten. Mit dem AERO 15 erhalten Sie die h\u00f6chste Effizienz und die optimale K\u00fchlung bei niedrigster Lautst\u00e4rke<\/p>\n<p><span class=\"bold\"><strong>Weltweit erstes Display mit nur 3 mm Rand und X-Rite \u2122 Pantone\u00ae-Zertifizierung<\/strong><\/span><\/p>\n<p>Jedes AERO Display verf\u00fcgt \u00fcber einen nur 3mm schlanken Rahmen und wird einzeln X-Rite\u2122 Pantone\u00ae1 kalibriert und zertifiziert, bevor es die Fabrik verl\u00e4sst. Damit erhalten Sie perfekte Farbgenauigkeit und ein besonders weites Farbspektrum sobald Sie AERO einschalten.<\/p>\n","protected":false},"excerpt":{"rendered":"<p>GIGABYTE stellt sich wieder an die Spitze der Industrie durch eine Zusammenarbeit mit Intel\u00ae &#8211; dem weltbekannten Technologiegiganten. Dieses mal verwendet AERO eine Kombination von Intel\u00aes Hochleistungskomponenten aus der Reihe All Intel\u00ae Inside Technologie. Was Sie darin erwartet, ist eine brandneue Multitasking Intel\u00ae CPU mit sechs Kernen, blitzschnelle Thunderbolt 3\u2122, eine ausdauernde, ultraschnelle 760p SSD [&hellip;]<\/p>\n","protected":false},"featured_media":7312,"comment_status":"open","ping_status":"closed","template":"","meta":{"_acf_changed":false},"product_cat":[428],"product_tag":[],"acf":[],"jetpack_sharing_enabled":true,"_links":{"self":[{"href":"http:\/\/pc-direkthandel.de\/wordpress\/wp-json\/wp\/v2\/product\/7311"}],"collection":[{"href":"http:\/\/pc-direkthandel.de\/wordpress\/wp-json\/wp\/v2\/product"}],"about":[{"href":"http:\/\/pc-direkthandel.de\/wordpress\/wp-json\/wp\/v2\/types\/product"}],"replies":[{"embeddable":true,"href":"http:\/\/pc-direkthandel.de\/wordpress\/wp-json\/wp\/v2\/comments?post=7311"}],"wp:featuredmedia":[{"embeddable":true,"href":"http:\/\/pc-direkthandel.de\/wordpress\/wp-json\/wp\/v2\/media\/7312"}],"wp:attachment":[{"href":"http:\/\/pc-direkthandel.de\/wordpress\/wp-json\/wp\/v2\/media?parent=7311"}],"wp:term":[{"taxonomy":"product_cat","embeddable":true,"href":"http:\/\/pc-direkthandel.de\/wordpress\/wp-json\/wp\/v2\/product_cat?post=7311"},{"taxonomy":"product_tag","embeddable":true,"href":"http:\/\/pc-direkthandel.de\/wordpress\/wp-json\/wp\/v2\/product_tag?post=7311"}],"curies":[{"name":"wp","href":"https:\/\/api.w.org\/{rel}","templated":true}]}}