{"id":6946,"date":"2019-11-22T22:34:03","date_gmt":"2019-11-22T20:34:03","guid":{"rendered":"http:\/\/pc-direkthandel.de\/wordpress\/?post_type=product&#038;p=6946"},"modified":"2019-11-22T22:37:20","modified_gmt":"2019-11-22T20:37:20","slug":"amd-ryzen-threadripper-2990wx","status":"publish","type":"product","link":"http:\/\/pc-direkthandel.de\/wordpress\/product\/amd-ryzen-threadripper-2990wx\/","title":{"rendered":"AMD Ryzen Threadripper 2990WX"},"content":{"rendered":"<div class=\"boxContentWrapper\">\n<div class=\"row\">\n<div class=\"descriptionText col-lg-12 col-xs-12\">\n<div class=\"article\">\n<p><span class=\"bold\"><strong>AMD Ryzen\u2122 Threadripper 2990 WX der 2. Generation: Der leistungsst\u00e4rkste Desktop Prozessor der Welt<\/strong><\/span> <span class=\"bold\"><strong> <sup>1<\/sup> <\/strong><\/span><\/p>\n<p>Der f\u00fcr K\u00fcnstler, Kreative und Techniker entwickelte AMD Ryzen\u2122 Threadripper der 2. Generation entfesselt die ungez\u00fcgelte Kraft von 32 Kernen und 64 Threads purer Rechenleistung, damit Ihrer Kreativit\u00e4t keine Grenzen gesetzt sind. Maximieren Sie die Systemleistung mit echter Maschinenintelligenz \u2013 AMD SenseMI <sup>3<\/sup> lernt und passt sich an, um die Leistung auf Sie und Ihre Anwendungen zuzuschneiden. Rendern, gestalten, mischen, komponieren und spielen Sie sich durch Ihre herausforderndsten Projekte mit der \u00fcberragenden Leistung und ungez\u00fcgelten Multitasking-F\u00e4higkeit des weltweit leistungsst\u00e4rksten Desktop Prozessors <sup>1<\/sup><\/p>\n<p><span class=\"bold\"><strong>Features:<\/strong><\/span><\/p>\n<div class=\"itemizedlist\">\n<ul class=\"itemizedlist\">\n<li class=\"listitem\">32-Kern-CPU aus der AMD &#8222;Zen&#8220;-Familie f\u00fcr Workstation<\/li>\n<li class=\"listitem\">mit 3,0 GHz Basis- und 4,2 GHz Boosttakt<\/li>\n<li class=\"listitem\">Multi-Threading mit 64 virtuellen Kernen<\/li>\n<li class=\"listitem\">250 Watt TDP &amp; offener Multiplikator<\/li>\n<li class=\"listitem\">16 MB L2- &amp; 64 MB L3-Cache<\/li>\n<li class=\"listitem\">Boxed-Version ohne CPU-K\u00fchler<\/li>\n<\/ul>\n<\/div>\n<p><sup>[1] Die Tests wurden im AMD Leistungslabor am 6. Februar 2018 auf folgenden Systemen durchgef\u00fchrt. PC-Hersteller w\u00e4hlen u. U. andere Konfigurationen, so dass die Ergebnisse abweichen k\u00f6nnen. Die Ergebnisse k\u00f6nnen je nach Treiberversion abweichen. Testkonfiguration: AMD \u2018Whitehaven\u2019 X399 Socket sTR4 Motherboard + AMD Ryzen\u2122 Threadripper 2990WX + Gigabyte X299 AORUS Gasming9 + Core i9-7980XE. Beide Systeme enthalten eine GeForce GTX 1080 (Treiber 24.21.13.9793), 4 x 8 GB DDR4-3200, Windows 10 x64 Pro (RS3), Samsung 850 Pro SSD. \u201eLeistung\u201c ist definiert als Rechenleistung dargestellt durch das Prozessor-Benchmark von Cinebench R15. Der Core i9-7980XE erzielte im Benchmark einen Durchschnitt von 3335,2 Punkten, w\u00e4hrend der Ryzen Threadripper 2990WX einen Durchschnitt von 5099,3 erzielte, also (5099,3\/3335,2 = 153 %) 53 % schneller als der Intel Core i9-7980XE. RP2-01<\/sup><\/p>\n<p><sup>2. Vor dem Ryzen Threadripper 2990WX war der Desktop-Prozessor mit den meisten Kernen der Intel Core i9-7980XE mit 18 Kernen. Mit der Ver\u00f6ffentlichung des Ryzen Threadripper 2990WX mit 32 Kernen ist dies nun die h\u00f6chste Anzahl an Kernen, die in einem Desktop-Prozessor verf\u00fcgbar ist. RP2-02<\/sup><\/p>\n<p><sup>3. AMD SenseMI Technologie ist in allen Ryzen Prozessoren integriert; bestimmte Funktionen und deren Aktivierung richten sich jedoch jeweils nach Produkt und Plattform. <\/sup><\/p>\n<p><sup>Mehr erfahren unter <a href=\"http:\/\/www.amd.com\/de\/technologies\/sense-mi.GD-126\" target=\"_blank\" rel=\"noopener noreferrer\">http:\/\/www.amd.com\/de\/technologies\/sense-mi. GD-126<\/a><\/sup><\/p>\n<p><sup>\u00a92018 Advanced Micro Devices, Inc. Alle Rechte vorbehalten AMD, das AMD-Pfeillogo, Ryzen, Radeon und deren Kombinationen sind Markenzeichen von Advanced Micro Devices, Inc.<\/sup><\/p>\n<\/div>\n<\/div>\n<\/div>\n<\/div>\n","protected":false},"excerpt":{"rendered":"<p>AMD Ryzen\u2122 Threadripper 2990 WX der 2. Generation: Der leistungsst\u00e4rkste Desktop Prozessor der Welt 1 Der f\u00fcr K\u00fcnstler, Kreative und Techniker entwickelte AMD Ryzen\u2122 Threadripper der 2. Generation entfesselt die ungez\u00fcgelte Kraft von 32 Kernen und 64 Threads purer Rechenleistung, damit Ihrer Kreativit\u00e4t keine Grenzen gesetzt sind. Maximieren Sie die Systemleistung mit echter Maschinenintelligenz \u2013 [&hellip;]<\/p>\n","protected":false},"featured_media":6947,"comment_status":"open","ping_status":"closed","template":"","meta":{"_acf_changed":false},"product_cat":[420],"product_tag":[],"acf":[],"jetpack_sharing_enabled":true,"_links":{"self":[{"href":"http:\/\/pc-direkthandel.de\/wordpress\/wp-json\/wp\/v2\/product\/6946"}],"collection":[{"href":"http:\/\/pc-direkthandel.de\/wordpress\/wp-json\/wp\/v2\/product"}],"about":[{"href":"http:\/\/pc-direkthandel.de\/wordpress\/wp-json\/wp\/v2\/types\/product"}],"replies":[{"embeddable":true,"href":"http:\/\/pc-direkthandel.de\/wordpress\/wp-json\/wp\/v2\/comments?post=6946"}],"wp:featuredmedia":[{"embeddable":true,"href":"http:\/\/pc-direkthandel.de\/wordpress\/wp-json\/wp\/v2\/media\/6947"}],"wp:attachment":[{"href":"http:\/\/pc-direkthandel.de\/wordpress\/wp-json\/wp\/v2\/media?parent=6946"}],"wp:term":[{"taxonomy":"product_cat","embeddable":true,"href":"http:\/\/pc-direkthandel.de\/wordpress\/wp-json\/wp\/v2\/product_cat?post=6946"},{"taxonomy":"product_tag","embeddable":true,"href":"http:\/\/pc-direkthandel.de\/wordpress\/wp-json\/wp\/v2\/product_tag?post=6946"}],"curies":[{"name":"wp","href":"https:\/\/api.w.org\/{rel}","templated":true}]}}