{"id":6918,"date":"2019-11-22T17:37:38","date_gmt":"2019-11-22T15:37:38","guid":{"rendered":"http:\/\/pc-direkthandel.de\/wordpress\/?post_type=product&#038;p=6918"},"modified":"2019-11-22T17:41:29","modified_gmt":"2019-11-22T15:41:29","slug":"amd-ryzen-7-3700x","status":"publish","type":"product","link":"http:\/\/pc-direkthandel.de\/wordpress\/product\/amd-ryzen-7-3700x\/","title":{"rendered":"AMD Ryzen 7 3700X"},"content":{"rendered":"<p>Die AMD Ryzen\u2122 3000 Prozessoren &#8211; die fortschrittlichsten Desktop Prozessoren der Welt f\u00fcr Gamer, Streamer und Entwickler.<\/p>\n<p><span class=\"bold\"><strong>Ultimative Leistung<\/strong><\/span><\/p>\n<p>H\u00f6here Geschwindigkeiten, mehr Speicher und Bandbreite als alle vorherigen Generationen: AMD Ryzen\u2122 Prozessoren der 3. Generation mit dem 7nm-GPU-Kern \u201cZen 2\u201d setzen neue Standards f\u00fcr Highend-Gaming: exklusive Fertigungstechnologie, revolution\u00e4re Bandbreite und bahnbrechende Gesamtleistung. AMD Ryzen\u2122 Prozessoren der 3. Generation wurden mit dem Anspruch entwickelt, alle Erwartungen zu \u00fcbertreffen. Mission erfolgreich.<\/p>\n<p><span class=\"bold\"><strong>Konkurrenzlose Technologie<\/strong><\/span><\/p>\n<p>AMD Ryzen\u2122 Prozessoren der 3. Generation werden mit der weltweit modernsten Fertigungstechnologie f\u00fcr 7nm Gaming GPUs hergestellt. In Kombination mit Wraith-K\u00fchlern, die das System k\u00fchl und leise halten, liefern AMD Ryzen\u2122 Prozessoren rekordverd\u00e4chtige Leistungen. Die neuronale Intelligenz von Ryzen Prozessoren passt sich deiner Auslastung an. Diesen Vorsprung bietet nur der weltweit modernste Prozessor.<\/p>\n<p><span class=\"bold\"><strong>Herausragende Innovation<\/strong><\/span><\/p>\n<p>AMD Ryzen\u2122 Prozessoren der 3. Generation bieten weltweit als erste Konnektivit\u00e4t f\u00fcr PCIe\u00ae 4.0, um die modernsten Mainboards, Grafikkarten und Speichertechnologien zu unterst\u00fctzen, die es auf dem Markt gibt. AMD Ryzen\u2122 Prozessoren der 3. Generation sind auch abw\u00e4rtskompatibel4 mit \u00e4lteren Mainboard-Generationen, um sensationellen Mehrwert und kompromisslose Leistung zu bieten.<\/p>\n<p><span class=\"bold\"><strong>1080p-Gaming beginnt hier<\/strong><\/span><\/p>\n<p>Als Teil der Serie Ryzen 3000 2. Generation enthalten die AMD Ryzen\u2122 Desktop Prozessoren eine leistungsstarke und schnelle Radeon\u2122 Grafikeinheit. Die Kombination aus starken Ryzen\u2122 Prozessoren und leistungsf\u00e4higer Radeon\u2122 Grafikeinheit erm\u00f6glicht Hochleistungs-Gaming ohne separate Grafikkarte. Hol dir deinen AMD Ryzen Prozessor der 2. Generation mit Radeon Grafikeinheit, auf den Millionen PC-Spieler weltweit vertrauen.<\/p>\n<p><span class=\"bold\"><strong>Alles geht schneller<\/strong><\/span><\/p>\n<p>Nach dem Spielen erledigst du deine Arbeiten m\u00fchelos und blitzschnell, dank AMD Ryzen\u2122 Prozessoren der 2. Genaration mit Radeon\u2122 Grafikeinheit, die Teil der AMD Ryzen 3000 Serie sind. Office-Apps, Fotobearbeitung, Surfen im Web und Videostreaming \u2013 ein Kinderspiel dank \u00fcberragender Multithread-Verarbeitung. AMD Ryzen\u2122 Prozessoren mit Radeon\u2122 Grafikeinheit liefern eine hohe Leistung, die man sehen und f\u00fchlen kann.<\/p>\n<p>AMD Prozessoren der Ryzen\u2122 3000 Serie liefern konkurrenzlose Technologie f\u00fcr \u00fcberragende Leistung. Erlebe und nutze Technologien wie Precision Boost Overdrive5, Precision Boost 2, Pure Power und AMD StoreMI und mehr, alles mit den Prozessoren der AMD Ryzen\u2122 3000 Serie.<\/p>\n","protected":false},"excerpt":{"rendered":"<p>Die AMD Ryzen\u2122 3000 Prozessoren &#8211; die fortschrittlichsten Desktop Prozessoren der Welt f\u00fcr Gamer, Streamer und Entwickler. Ultimative Leistung H\u00f6here Geschwindigkeiten, mehr Speicher und Bandbreite als alle vorherigen Generationen: AMD Ryzen\u2122 Prozessoren der 3. Generation mit dem 7nm-GPU-Kern \u201cZen 2\u201d setzen neue Standards f\u00fcr Highend-Gaming: exklusive Fertigungstechnologie, revolution\u00e4re Bandbreite und bahnbrechende Gesamtleistung. AMD Ryzen\u2122 Prozessoren [&hellip;]<\/p>\n","protected":false},"featured_media":6919,"comment_status":"open","ping_status":"closed","template":"","meta":{"_acf_changed":false},"product_cat":[420],"product_tag":[],"acf":[],"jetpack_sharing_enabled":true,"_links":{"self":[{"href":"http:\/\/pc-direkthandel.de\/wordpress\/wp-json\/wp\/v2\/product\/6918"}],"collection":[{"href":"http:\/\/pc-direkthandel.de\/wordpress\/wp-json\/wp\/v2\/product"}],"about":[{"href":"http:\/\/pc-direkthandel.de\/wordpress\/wp-json\/wp\/v2\/types\/product"}],"replies":[{"embeddable":true,"href":"http:\/\/pc-direkthandel.de\/wordpress\/wp-json\/wp\/v2\/comments?post=6918"}],"wp:featuredmedia":[{"embeddable":true,"href":"http:\/\/pc-direkthandel.de\/wordpress\/wp-json\/wp\/v2\/media\/6919"}],"wp:attachment":[{"href":"http:\/\/pc-direkthandel.de\/wordpress\/wp-json\/wp\/v2\/media?parent=6918"}],"wp:term":[{"taxonomy":"product_cat","embeddable":true,"href":"http:\/\/pc-direkthandel.de\/wordpress\/wp-json\/wp\/v2\/product_cat?post=6918"},{"taxonomy":"product_tag","embeddable":true,"href":"http:\/\/pc-direkthandel.de\/wordpress\/wp-json\/wp\/v2\/product_tag?post=6918"}],"curies":[{"name":"wp","href":"https:\/\/api.w.org\/{rel}","templated":true}]}}