{"id":6723,"date":"2019-11-20T18:01:30","date_gmt":"2019-11-20T16:01:30","guid":{"rendered":"http:\/\/pc-direkthandel.de\/wordpress\/?post_type=product&#038;p=6723"},"modified":"2019-11-20T18:03:01","modified_gmt":"2019-11-20T16:03:01","slug":"cisco-spa500s-small-business-erweiterungsmodul","status":"publish","type":"product","link":"http:\/\/pc-direkthandel.de\/wordpress\/product\/cisco-spa500s-small-business-erweiterungsmodul\/","title":{"rendered":"Cisco SPA500S Small Business Erweiterungsmodul"},"content":{"rendered":"<p>Das Cisco SPA 500S-Erweiterungsmodul ist Teil der Cisco Small Business Pro Series und wurde zur Verwendung mit den IP-Telefonen der Serie Cisco SPA 500 entwickelt. Es ist eine ideale L\u00f6sung f\u00fcr kleine und mittlere Unternehmen,die die Bearbeitung eingehender Anrufe vereinfachen m\u00f6chten,indem Anrufe schnell an den gew\u00fcnschten Empf\u00e4nger weitergeleitet werden. Gleichzeitig kann der Leitungsstatus von einem zentralen Standort aus \u00fcberwacht werden. Die Telefonzentrale l\u00e4sst sich einfach an einem IP-Telefon der Serie SPA 500 anbringen. Sie bietet 32 programmierbare Tasten f\u00fcr Kurzwahloptionen oder Direktwahl,die \u00fcber die Besetzt-Anzeige jeweils den Leitungsstatus (frei,Klingeln,besetzt oder Null) anzeigen. Eingehende Anrufe k\u00f6nnen sofort durch Dr\u00fccken der dem Nebenanschluss zugewiesenen Taste an den richtigen Standort durchgestellt werden. Das modulare Design des Cisco SPA 500S erm\u00f6glicht die Verwendung von bis zu zwei Telefonzentralen mit insgesamt 64 Tasten. Es bietet eine erschwingliche L\u00f6sung,die bei Wachstum Ihres Sprachnetzwerks erweitert werden kann. Installation und Setup erfolgen durch Verbindung der mitgelieferten Klammer und des Kabels mit der Telefonzentrale,die \u00fcber das Telefon mit Strom versorgt wird. Eine zus\u00e4tzliche Stromquelle ist nicht erforderlich.<\/p>\n","protected":false},"excerpt":{"rendered":"<p>Das Cisco SPA 500S-Erweiterungsmodul ist Teil der Cisco Small Business Pro Series und wurde zur Verwendung mit den IP-Telefonen der Serie Cisco SPA 500 entwickelt. Es ist eine ideale L\u00f6sung f\u00fcr kleine und mittlere Unternehmen,die die Bearbeitung eingehender Anrufe vereinfachen m\u00f6chten,indem Anrufe schnell an den gew\u00fcnschten Empf\u00e4nger weitergeleitet werden. Gleichzeitig kann der Leitungsstatus von einem [&hellip;]<\/p>\n","protected":false},"featured_media":6724,"comment_status":"open","ping_status":"closed","template":"","meta":{"_acf_changed":false},"product_cat":[406],"product_tag":[],"acf":[],"jetpack_sharing_enabled":true,"_links":{"self":[{"href":"http:\/\/pc-direkthandel.de\/wordpress\/wp-json\/wp\/v2\/product\/6723"}],"collection":[{"href":"http:\/\/pc-direkthandel.de\/wordpress\/wp-json\/wp\/v2\/product"}],"about":[{"href":"http:\/\/pc-direkthandel.de\/wordpress\/wp-json\/wp\/v2\/types\/product"}],"replies":[{"embeddable":true,"href":"http:\/\/pc-direkthandel.de\/wordpress\/wp-json\/wp\/v2\/comments?post=6723"}],"wp:featuredmedia":[{"embeddable":true,"href":"http:\/\/pc-direkthandel.de\/wordpress\/wp-json\/wp\/v2\/media\/6724"}],"wp:attachment":[{"href":"http:\/\/pc-direkthandel.de\/wordpress\/wp-json\/wp\/v2\/media?parent=6723"}],"wp:term":[{"taxonomy":"product_cat","embeddable":true,"href":"http:\/\/pc-direkthandel.de\/wordpress\/wp-json\/wp\/v2\/product_cat?post=6723"},{"taxonomy":"product_tag","embeddable":true,"href":"http:\/\/pc-direkthandel.de\/wordpress\/wp-json\/wp\/v2\/product_tag?post=6723"}],"curies":[{"name":"wp","href":"https:\/\/api.w.org\/{rel}","templated":true}]}}