{"id":6674,"date":"2019-11-20T16:01:36","date_gmt":"2019-11-20T14:01:36","guid":{"rendered":"http:\/\/pc-direkthandel.de\/wordpress\/?post_type=product&#038;p=6674"},"modified":"2019-11-20T16:02:47","modified_gmt":"2019-11-20T14:02:47","slug":"aastra-6865i-voip-sip","status":"publish","type":"product","link":"http:\/\/pc-direkthandel.de\/wordpress\/product\/aastra-6865i-voip-sip\/","title":{"rendered":"AASTRA 6865i VoIP SIP"},"content":{"rendered":"<ul>\n<li>3,4 Zoll-hintergrundbeleuchtetes Grafikdisplay<\/li>\n<li>Diagonale: 128 x 48 Pixel<\/li>\n<li>es verf\u00fcgt \u00fcber 8 programmierbare Tasten<\/li>\n<li>bis zu 9 Leitungen, 2 fest belegte Leitungstasten mit LED<\/li>\n<li>zwei GigE-Ethernet-Anschl\u00fcsse: 10\/100\/1000 Mbit\/s<\/li>\n<li>Unterst\u00fctzung f\u00fcr DHSG\/EHS-Headsets und Erweiterungsmodule<\/li>\n<li>8 programmierbare Tasten mit LEDs<\/li>\n<li>H\u00f6rger\u00e4te kompatibler H\u00f6rer<\/li>\n<li>fest zugeordnete LED f\u00fcr Anklopfen und neue Nachrichten<\/li>\n<li>Platz f\u00fcr Namen\/Nummern im Verzeichnis: 200<\/li>\n<li>Platz f\u00fcr Namen\/Nummern im Anrufprotokoll: 200<\/li>\n<li>Platz f\u00fcr Wahlwiederholung: 100<\/li>\n<\/ul>\n","protected":false},"excerpt":{"rendered":"<p>3,4 Zoll-hintergrundbeleuchtetes Grafikdisplay Diagonale: 128 x 48 Pixel es verf\u00fcgt \u00fcber 8 programmierbare Tasten bis zu 9 Leitungen, 2 fest belegte Leitungstasten mit LED zwei GigE-Ethernet-Anschl\u00fcsse: 10\/100\/1000 Mbit\/s Unterst\u00fctzung f\u00fcr DHSG\/EHS-Headsets und Erweiterungsmodule 8 programmierbare Tasten mit LEDs H\u00f6rger\u00e4te kompatibler H\u00f6rer fest zugeordnete LED f\u00fcr Anklopfen und neue Nachrichten Platz f\u00fcr Namen\/Nummern im Verzeichnis: 200 [&hellip;]<\/p>\n","protected":false},"featured_media":6675,"comment_status":"open","ping_status":"closed","template":"","meta":{"_acf_changed":false},"product_cat":[400],"product_tag":[],"acf":[],"jetpack_sharing_enabled":true,"_links":{"self":[{"href":"http:\/\/pc-direkthandel.de\/wordpress\/wp-json\/wp\/v2\/product\/6674"}],"collection":[{"href":"http:\/\/pc-direkthandel.de\/wordpress\/wp-json\/wp\/v2\/product"}],"about":[{"href":"http:\/\/pc-direkthandel.de\/wordpress\/wp-json\/wp\/v2\/types\/product"}],"replies":[{"embeddable":true,"href":"http:\/\/pc-direkthandel.de\/wordpress\/wp-json\/wp\/v2\/comments?post=6674"}],"wp:featuredmedia":[{"embeddable":true,"href":"http:\/\/pc-direkthandel.de\/wordpress\/wp-json\/wp\/v2\/media\/6675"}],"wp:attachment":[{"href":"http:\/\/pc-direkthandel.de\/wordpress\/wp-json\/wp\/v2\/media?parent=6674"}],"wp:term":[{"taxonomy":"product_cat","embeddable":true,"href":"http:\/\/pc-direkthandel.de\/wordpress\/wp-json\/wp\/v2\/product_cat?post=6674"},{"taxonomy":"product_tag","embeddable":true,"href":"http:\/\/pc-direkthandel.de\/wordpress\/wp-json\/wp\/v2\/product_tag?post=6674"}],"curies":[{"name":"wp","href":"https:\/\/api.w.org\/{rel}","templated":true}]}}