{"id":6667,"date":"2019-11-20T15:54:33","date_gmt":"2019-11-20T13:54:33","guid":{"rendered":"http:\/\/pc-direkthandel.de\/wordpress\/?post_type=product&#038;p=6667"},"modified":"2019-11-20T15:58:37","modified_gmt":"2019-11-20T13:58:37","slug":"aastra-6869i-voip-sip","status":"publish","type":"product","link":"http:\/\/pc-direkthandel.de\/wordpress\/product\/aastra-6869i-voip-sip\/","title":{"rendered":"AASTRA 6869i VoIP SIP"},"content":{"rendered":"<ul>\n<li>Komfort Business SIP Telefon mit LC-Farbdisplay<\/li>\n<li>Aufl\u00f6sung: 480&#215;270 Pixel<\/li>\n<li>2x GigE-Anschl\u00fcssen<\/li>\n<li>HD H\u00f6rer und Lautsprecher<\/li>\n<li>vollduplex Freisprechen<\/li>\n<li>2x Mikrofone zur optimierten Audioverarbeitung im Freisprechmodus<\/li>\n<li>12 programmierbare Tasten (max. 40)<\/li>\n<li>5 kontextabh\u00e4ngige und programmierbare Systemtasten (max. 24)<\/li>\n<li>4-Wege-Navigationstaste mit Auswahl und OK, unterst\u00fctzt bis zu 3 Erweiterungsmodule M680i und M685i<\/li>\n<li>DHSG\/EHS Headset-Unterst\u00fctzung<\/li>\n<li>2 Leitungstasten (max. 12)<\/li>\n<li>unterst\u00fctzt K680i Tastatur<\/li>\n<li>PoE Klasse 3 mit\/ohne Erweiterungsmodul<\/li>\n<li>USB 2.0 Type A Jack<\/li>\n<li>Standfu\u00df (35\u00b0 oder 60\u00b0)<\/li>\n<li>AC Adapter muss separat erworben werden<\/li>\n<\/ul>\n","protected":false},"excerpt":{"rendered":"<p>Komfort Business SIP Telefon mit LC-Farbdisplay Aufl\u00f6sung: 480&#215;270 Pixel 2x GigE-Anschl\u00fcssen HD H\u00f6rer und Lautsprecher vollduplex Freisprechen 2x Mikrofone zur optimierten Audioverarbeitung im Freisprechmodus 12 programmierbare Tasten (max. 40) 5 kontextabh\u00e4ngige und programmierbare Systemtasten (max. 24) 4-Wege-Navigationstaste mit Auswahl und OK, unterst\u00fctzt bis zu 3 Erweiterungsmodule M680i und M685i DHSG\/EHS Headset-Unterst\u00fctzung 2 Leitungstasten (max. 12) [&hellip;]<\/p>\n","protected":false},"featured_media":6668,"comment_status":"open","ping_status":"closed","template":"","meta":{"_acf_changed":false},"product_cat":[400],"product_tag":[],"acf":[],"jetpack_sharing_enabled":true,"_links":{"self":[{"href":"http:\/\/pc-direkthandel.de\/wordpress\/wp-json\/wp\/v2\/product\/6667"}],"collection":[{"href":"http:\/\/pc-direkthandel.de\/wordpress\/wp-json\/wp\/v2\/product"}],"about":[{"href":"http:\/\/pc-direkthandel.de\/wordpress\/wp-json\/wp\/v2\/types\/product"}],"replies":[{"embeddable":true,"href":"http:\/\/pc-direkthandel.de\/wordpress\/wp-json\/wp\/v2\/comments?post=6667"}],"wp:featuredmedia":[{"embeddable":true,"href":"http:\/\/pc-direkthandel.de\/wordpress\/wp-json\/wp\/v2\/media\/6668"}],"wp:attachment":[{"href":"http:\/\/pc-direkthandel.de\/wordpress\/wp-json\/wp\/v2\/media?parent=6667"}],"wp:term":[{"taxonomy":"product_cat","embeddable":true,"href":"http:\/\/pc-direkthandel.de\/wordpress\/wp-json\/wp\/v2\/product_cat?post=6667"},{"taxonomy":"product_tag","embeddable":true,"href":"http:\/\/pc-direkthandel.de\/wordpress\/wp-json\/wp\/v2\/product_tag?post=6667"}],"curies":[{"name":"wp","href":"https:\/\/api.w.org\/{rel}","templated":true}]}}