{"id":6083,"date":"2019-10-31T17:45:42","date_gmt":"2019-10-31T15:45:42","guid":{"rendered":"http:\/\/pc-direkthandel.de\/wordpress\/?post_type=product&#038;p=6083"},"modified":"2019-10-31T17:49:02","modified_gmt":"2019-10-31T15:49:02","slug":"huawei-p-smart-2019","status":"publish","type":"product","link":"http:\/\/pc-direkthandel.de\/wordpress\/product\/huawei-p-smart-2019\/","title":{"rendered":"Huawei P smart 2019"},"content":{"rendered":"<p><b>Dewdrop Display<\/b><\/p>\n<p>Das herausragende 6,21 Zoll FullView-Display\u00b9 mit Dewdrop-Design unterst\u00fctzt vielf\u00e4ltige Farben und bietet eine super Klarheit.<\/p>\n<p><b>3D-Unibody<\/b><\/p>\n<p>Der 3D-Unibody verf\u00fcgt \u00fcber eine gl\u00e4nzende, keramik\u00e4hnliche Textur, sodass das HUAWEI P smart 2019 perfekt in deiner Hand liegt.<\/p>\n<p><b>Dual KI Kamera<\/b><\/p>\n<p>Die neue KI-Szenenerkennungstechnologie kann in Echtzeit 22 Kategorien und 500 Szenarien f\u00fcr ideale Fotos identifizieren. Die 13 MP- und 2 MP-Dual-Kamera verf\u00fcgt \u00fcber eine f\/1.8-Blende. So werden Fotos lebendig und bekommen einen nat\u00fcrlichen Bokeh-Effekt.<\/p>\n<p><b>Die Kunst der Selfies<\/b><\/p>\n<p>Die Frontkamera erkennt 8 einzigartige Selfieszenen und optimiert Fotos in Echtzeit mit Hilfe von KI-Technologie. So pr\u00e4sentierst du dich stets von deiner besten Seite.<\/p>\n<p><b>Kirin 710-Chipset<\/b><\/p>\n<p>Der fortschrittliche Kirin 710 Octa-Core-Chipsatz verbessert die Laufleistung und Geschwindigkeit, w\u00e4hrend die 12-nm-Prozesstechnologie den Stromverbrauch effizient senkt. Der GPU Turbo verbessert die Grafikverarbeitung erheblich und bietet dir ein beeindruckendes Spielerlebnis.<\/p>\n<p><b>Leistungsstarker Akku<\/b><\/p>\n<p>Mit dem 3.400 mAh starken Akku des HUAWEI P smart 2019 hast du genug Power um Spiele zu spielen oder Serien zu schauen. Zus\u00e4tzlich konnten wir die Ladegeschwindigkeit um 22% erh\u00f6hen.<\/p>\n<p><b>Face Unlock<\/b><\/p>\n<p>Mit Face Unlock wird dein Smartphone schnell und sicher entsperrt.<\/p>\n<p><b>KI Smart Shopping<\/b><\/p>\n<p>Schnell und einfach shoppen \u2013 dank EMUI 9.0. Scanne ein Produkt oder dr\u00fccke einfach lange auf ein Produktbild, um direkt zu den Einkaufslinks zu gelangen.<\/p>\n<ul>\n<li>Scannen und shoppen<\/li>\n<li>Dr\u00fccken und shoppen<\/li>\n<\/ul>\n<p><b>Sch\u00f6n anzusehen<\/b><\/p>\n<p>Der vom T\u00dcV Rheinland zertifizierte Eye-Comfort-Modus filtert sch\u00e4dliches Blaulicht und reduziert Augensch\u00e4den, die durch lange Fokussierung auf Smartphone Displays entstehen k\u00f6nnen.<\/p>\n","protected":false},"excerpt":{"rendered":"<p>Dewdrop Display Das herausragende 6,21 Zoll FullView-Display\u00b9 mit Dewdrop-Design unterst\u00fctzt vielf\u00e4ltige Farben und bietet eine super Klarheit. 3D-Unibody Der 3D-Unibody verf\u00fcgt \u00fcber eine gl\u00e4nzende, keramik\u00e4hnliche Textur, sodass das HUAWEI P smart 2019 perfekt in deiner Hand liegt. Dual KI Kamera Die neue KI-Szenenerkennungstechnologie kann in Echtzeit 22 Kategorien und 500 Szenarien f\u00fcr ideale Fotos identifizieren. [&hellip;]<\/p>\n","protected":false},"featured_media":6084,"comment_status":"open","ping_status":"closed","template":"","meta":{"_acf_changed":false},"product_cat":[363],"product_tag":[],"acf":[],"jetpack_sharing_enabled":true,"_links":{"self":[{"href":"http:\/\/pc-direkthandel.de\/wordpress\/wp-json\/wp\/v2\/product\/6083"}],"collection":[{"href":"http:\/\/pc-direkthandel.de\/wordpress\/wp-json\/wp\/v2\/product"}],"about":[{"href":"http:\/\/pc-direkthandel.de\/wordpress\/wp-json\/wp\/v2\/types\/product"}],"replies":[{"embeddable":true,"href":"http:\/\/pc-direkthandel.de\/wordpress\/wp-json\/wp\/v2\/comments?post=6083"}],"wp:featuredmedia":[{"embeddable":true,"href":"http:\/\/pc-direkthandel.de\/wordpress\/wp-json\/wp\/v2\/media\/6084"}],"wp:attachment":[{"href":"http:\/\/pc-direkthandel.de\/wordpress\/wp-json\/wp\/v2\/media?parent=6083"}],"wp:term":[{"taxonomy":"product_cat","embeddable":true,"href":"http:\/\/pc-direkthandel.de\/wordpress\/wp-json\/wp\/v2\/product_cat?post=6083"},{"taxonomy":"product_tag","embeddable":true,"href":"http:\/\/pc-direkthandel.de\/wordpress\/wp-json\/wp\/v2\/product_tag?post=6083"}],"curies":[{"name":"wp","href":"https:\/\/api.w.org\/{rel}","templated":true}]}}