{"id":6030,"date":"2019-10-30T22:30:21","date_gmt":"2019-10-30T20:30:21","guid":{"rendered":"http:\/\/pc-direkthandel.de\/wordpress\/?post_type=product&#038;p=6030"},"modified":"2019-10-30T22:34:58","modified_gmt":"2019-10-30T20:34:58","slug":"nokia-5-1","status":"publish","type":"product","link":"http:\/\/pc-direkthandel.de\/wordpress\/product\/nokia-5-1\/","title":{"rendered":"NOKIA 5.1"},"content":{"rendered":"<p><b>Hochwertige Verarbeitung<\/b><\/p>\n<p>Aus einem einzigen Aluminiumblock geformt durchl\u00e4uft das neue Nokia 5 einen pr\u00e4zisen Verarbeitungsprozess, um seine edle Optik zu erhalten. Von den ansprechend abgerundeten Kanten bis hin zur Art und Weise, wie es sich perfekt in deine Hand schmiegt \u2013 jedes Detail zeugt von einer Begeisterung f\u00fcr hochwertige Handwerkskunst.<\/p>\n<p><b>Gr\u00f6\u00dferer Bildschirm, h\u00f6here Aufl\u00f6sung<\/b><\/p>\n<p>Das verbesserte Nokia 5 verf\u00fcgt \u00fcber ein gro\u00dfes Full-HD+-5,5\u2019\u2019-IPS-Display mit einem 18:9-Verh\u00e4ltnis, das optimal zum Ansehen von Videos, Surfen und Spielen geeignet ist. Und die h\u00f6here Aufl\u00f6sung sorgt daf\u00fcr, dass der Inhalt sowohl sch\u00e4rfer als auch gr\u00f6\u00dfer aussieht.<\/p>\n<p><b>Gruppen-Selfies leicht gemacht<\/b><\/p>\n<p>Das neue Nokia 5 verf\u00fcgt \u00fcber eine 16-MP-Hauptkamera mit Phasenerkennungs-Autofokus sowie einem schnelleren und zuverl\u00e4ssigeren Autofokus-System, mit dem du jedes Detail festh\u00e4ltst. Die 8-MP-Frontkamera ist dar\u00fcber hinaus mit einem 84,6-Grad-Sichtfeld ausgestattet, damit alle aufs Gruppenbild passen.<\/p>\n<p><b>Ma\u00dfgeschneiderte Leistung<\/b><\/p>\n<p>Der 2.0 GHz Octa-Core-Prozessor im neuen Nokia 5 l\u00e4uft reibungslos \u2013 egal ob du Nachrichten senden, browsen, spielen oder zwischen allen dreien hin und her wechselst. Du kannst auch die RAM-, Speicher- und MicroSD-Speicherkapazit\u00e4t w\u00e4hlen, die f\u00fcr dich am besten geeignet ist.<\/p>\n<p><b>Das beste von Android, neueste Innovation von Google<\/b><\/p>\n<p>Android One bringt das absolute Google-Software-Erlebnis auf das neue Nokia 5. Hole dir alles, was du willst und nichts, was du nicht willst, mit einer schlanken, benutzerfreundlichen Oberfl\u00e4che und sorgf\u00e4ltig ausgew\u00e4hlten, vorinstallierten Apps sowie einem kostenlosen, unbegrenzten Speicher f\u00fcr hochwertige Fotos2 mit Google Fotos. Regelm\u00e4\u00dfige Sicherheitsupdates und zwei Jahre kostenlose OS-Aktualisierungen gew\u00e4hrleisten, dass das neue Nokia 5 mit Android One sicher und mit den neuesten Innovationen von Google ausgestattet ist. Zum Beispiel ist es perfekt f\u00fcr die Nutzung des Google Assistant optimiert.<\/p>\n","protected":false},"excerpt":{"rendered":"<p>Hochwertige Verarbeitung Aus einem einzigen Aluminiumblock geformt durchl\u00e4uft das neue Nokia 5 einen pr\u00e4zisen Verarbeitungsprozess, um seine edle Optik zu erhalten. Von den ansprechend abgerundeten Kanten bis hin zur Art und Weise, wie es sich perfekt in deine Hand schmiegt \u2013 jedes Detail zeugt von einer Begeisterung f\u00fcr hochwertige Handwerkskunst. Gr\u00f6\u00dferer Bildschirm, h\u00f6here Aufl\u00f6sung Das [&hellip;]<\/p>\n","protected":false},"featured_media":6031,"comment_status":"open","ping_status":"closed","template":"","meta":{"_acf_changed":false},"product_cat":[361],"product_tag":[],"acf":[],"jetpack_sharing_enabled":true,"_links":{"self":[{"href":"http:\/\/pc-direkthandel.de\/wordpress\/wp-json\/wp\/v2\/product\/6030"}],"collection":[{"href":"http:\/\/pc-direkthandel.de\/wordpress\/wp-json\/wp\/v2\/product"}],"about":[{"href":"http:\/\/pc-direkthandel.de\/wordpress\/wp-json\/wp\/v2\/types\/product"}],"replies":[{"embeddable":true,"href":"http:\/\/pc-direkthandel.de\/wordpress\/wp-json\/wp\/v2\/comments?post=6030"}],"wp:featuredmedia":[{"embeddable":true,"href":"http:\/\/pc-direkthandel.de\/wordpress\/wp-json\/wp\/v2\/media\/6031"}],"wp:attachment":[{"href":"http:\/\/pc-direkthandel.de\/wordpress\/wp-json\/wp\/v2\/media?parent=6030"}],"wp:term":[{"taxonomy":"product_cat","embeddable":true,"href":"http:\/\/pc-direkthandel.de\/wordpress\/wp-json\/wp\/v2\/product_cat?post=6030"},{"taxonomy":"product_tag","embeddable":true,"href":"http:\/\/pc-direkthandel.de\/wordpress\/wp-json\/wp\/v2\/product_tag?post=6030"}],"curies":[{"name":"wp","href":"https:\/\/api.w.org\/{rel}","templated":true}]}}