{"id":5358,"date":"2019-10-22T17:33:33","date_gmt":"2019-10-22T15:33:33","guid":{"rendered":"http:\/\/pc-direkthandel.de\/wordpress\/?post_type=product&#038;p=5358"},"modified":"2019-10-22T18:04:51","modified_gmt":"2019-10-22T16:04:51","slug":"paragon-drive-copy-15-professional","status":"publish","type":"product","link":"http:\/\/pc-direkthandel.de\/wordpress\/product\/paragon-drive-copy-15-professional\/","title":{"rendered":"Paragon Festplatten Manager 17 Advanced"},"content":{"rendered":"<p>Paragon Festplatten Manager steht f\u00fcr 25 Jahre Erfahrung in Sachen Datensicherheit und Speicher-Management.<\/p>\n<p><b>Achtung!<\/b> Diese Produkte d\u00fcrfen nur f\u00fcr private Zwecke genutzt werden. F\u00fcr den Einsatz in Unternehmen verwenden Sie bitte die <a href=\"https:\/\/shop.paragon-software.com\/80\/cookie?affiliate=1631&amp;redirectto=https%3a%2f%2fwww.paragon-software.com%2fbusiness%2fhard-disk-manager%2f&amp;redirecthash=CBBFB9EA84887CE2DCEEA66E5DC2E855\" target=\"_blank\" rel=\"noopener noreferrer\"><b>Festplatten Manager Business<\/b><\/a>.<\/p>\n","protected":false},"excerpt":{"rendered":"<p>Paragon Festplatten Manager steht f\u00fcr 25 Jahre Erfahrung in Sachen Datensicherheit und Speicher-Management. Achtung! Diese Produkte d\u00fcrfen nur f\u00fcr private Zwecke genutzt werden. F\u00fcr den Einsatz in Unternehmen verwenden Sie bitte die Festplatten Manager Business.<\/p>\n","protected":false},"featured_media":0,"comment_status":"open","ping_status":"closed","template":"","meta":{"_acf_changed":false},"product_cat":[355],"product_tag":[],"acf":[],"jetpack_sharing_enabled":true,"_links":{"self":[{"href":"http:\/\/pc-direkthandel.de\/wordpress\/wp-json\/wp\/v2\/product\/5358"}],"collection":[{"href":"http:\/\/pc-direkthandel.de\/wordpress\/wp-json\/wp\/v2\/product"}],"about":[{"href":"http:\/\/pc-direkthandel.de\/wordpress\/wp-json\/wp\/v2\/types\/product"}],"replies":[{"embeddable":true,"href":"http:\/\/pc-direkthandel.de\/wordpress\/wp-json\/wp\/v2\/comments?post=5358"}],"wp:attachment":[{"href":"http:\/\/pc-direkthandel.de\/wordpress\/wp-json\/wp\/v2\/media?parent=5358"}],"wp:term":[{"taxonomy":"product_cat","embeddable":true,"href":"http:\/\/pc-direkthandel.de\/wordpress\/wp-json\/wp\/v2\/product_cat?post=5358"},{"taxonomy":"product_tag","embeddable":true,"href":"http:\/\/pc-direkthandel.de\/wordpress\/wp-json\/wp\/v2\/product_tag?post=5358"}],"curies":[{"name":"wp","href":"https:\/\/api.w.org\/{rel}","templated":true}]}}