{"id":4365,"date":"2019-10-12T15:53:18","date_gmt":"2019-10-12T13:53:18","guid":{"rendered":"http:\/\/pc-direkthandel.de\/wordpress\/?post_type=product&#038;p=4365"},"modified":"2019-10-23T15:54:45","modified_gmt":"2019-10-23T13:54:45","slug":"aomei-backupper-technician","status":"publish","type":"product","link":"http:\/\/pc-direkthandel.de\/wordpress\/product\/aomei-backupper-technician\/","title":{"rendered":"AOMEI Backupper Technician"},"content":{"rendered":"<p>AOMEI Backupper Technician ist Datensicherung &amp; Disaster-Recovery-Toolkit zum Backup von System, Partition, Festplatte und Dateien f\u00fcr Windows PC-Systeme, und Sie k\u00f6nnen Images in lokale oder andere Orte wiederherstellen. Was mehr ist, k\u00f6nnen Sie es verwenden, um differentielle Backups oder inkrementelle Backups zu tun, und OS auf SSD zu migrieren, usw. AOMEI Backupper Technician kann auf allen PCs innerhalb eines Unternehmens installiert werden und erm\u00f6glichen es Ihnen, zus\u00e4tzliche technische Dienstleistungen f\u00fcr andere Personen oder Unternehmen anzubieten.<\/p>\n","protected":false},"excerpt":{"rendered":"<p>AOMEI Backupper Technician ist Datensicherung &amp; Disaster-Recovery-Toolkit zum Backup von System, Partition, Festplatte und Dateien f\u00fcr Windows PC-Systeme, und Sie k\u00f6nnen Images in lokale oder andere Orte wiederherstellen. Was mehr ist, k\u00f6nnen Sie es verwenden, um differentielle Backups oder inkrementelle Backups zu tun, und OS auf SSD zu migrieren, usw. AOMEI Backupper Technician kann auf [&hellip;]<\/p>\n","protected":false},"featured_media":4368,"comment_status":"open","ping_status":"closed","template":"","meta":{"_acf_changed":false},"product_cat":[319],"product_tag":[],"acf":[],"jetpack_sharing_enabled":true,"_links":{"self":[{"href":"http:\/\/pc-direkthandel.de\/wordpress\/wp-json\/wp\/v2\/product\/4365"}],"collection":[{"href":"http:\/\/pc-direkthandel.de\/wordpress\/wp-json\/wp\/v2\/product"}],"about":[{"href":"http:\/\/pc-direkthandel.de\/wordpress\/wp-json\/wp\/v2\/types\/product"}],"replies":[{"embeddable":true,"href":"http:\/\/pc-direkthandel.de\/wordpress\/wp-json\/wp\/v2\/comments?post=4365"}],"wp:featuredmedia":[{"embeddable":true,"href":"http:\/\/pc-direkthandel.de\/wordpress\/wp-json\/wp\/v2\/media\/4368"}],"wp:attachment":[{"href":"http:\/\/pc-direkthandel.de\/wordpress\/wp-json\/wp\/v2\/media?parent=4365"}],"wp:term":[{"taxonomy":"product_cat","embeddable":true,"href":"http:\/\/pc-direkthandel.de\/wordpress\/wp-json\/wp\/v2\/product_cat?post=4365"},{"taxonomy":"product_tag","embeddable":true,"href":"http:\/\/pc-direkthandel.de\/wordpress\/wp-json\/wp\/v2\/product_tag?post=4365"}],"curies":[{"name":"wp","href":"https:\/\/api.w.org\/{rel}","templated":true}]}}