{"id":4304,"date":"2019-10-10T19:48:07","date_gmt":"2019-10-10T17:48:07","guid":{"rendered":"http:\/\/pc-direkthandel.de\/wordpress\/?post_type=product&#038;p=4304"},"modified":"2019-10-10T19:50:50","modified_gmt":"2019-10-10T17:50:50","slug":"gigaset-smart-security-guard","status":"publish","type":"product","link":"http:\/\/pc-direkthandel.de\/wordpress\/product\/gigaset-smart-security-guard\/","title":{"rendered":"Gigaset smart security guard"},"content":{"rendered":"<div class=\"b_product-view__column-introduction\">\n<div class=\"b_product-view__introduction-container\">\n<div class=\"b_product-view__column-introduction\">\n<div class=\"b_product-view__introduction-container\">\n<div class=\"b_product-view__column-introduction\">\n<div class=\"b_product-view__introduction-container\">\n<div class=\"b_product-view__subheadline\">Der professionelle Sicherheitsservice f\u00fcr Ihr Zuhause.<\/p>\n<\/div>\n<div class=\"b_product-view__short-description\">\n<p>Als Erweiterung des Gigaset Alarmsystems bietet der smart security guard service den zus\u00e4tzlichen Schutz und das gute Gef\u00fchl in einer Notfallsituation. Bei Einbruchsverdacht k\u00f6nnen Sie sich auf einen geschulten Sicherheitsmitarbeiter verlassen, der in Ihrem Zuhause nach dem Rechten schaut.<\/p>\n<ul>\n<li><strong>Passend zu einem Gigaset elements alarm system<\/strong><\/li>\n<li><strong>24\/7 deutschlandweiter Sicherheitsservice\u00a0<\/strong><\/li>\n<li><strong>Bei Einbruchsverdacht geschulten Sicherheitsmitarbeiter anfordern<\/strong><\/li>\n<li><strong>Notruf \u00fcber Assistance Hotline direkt in der App<\/strong><\/li>\n<li><strong>Erste Bestandsaufnahme und ggf. Verst\u00e4ndigung der \u00f6rtlichen Polizei<\/strong><\/li>\n<li><strong>Erstreparatur von Fenster und T\u00fcren und Soforthilfema\u00dfnahmen i.H.v. 500 \u20ac\u00a0<\/strong><\/li>\n<li><strong>Enge telefonische und schrittweise Abstimmung mit Sicherheitsmitarbeiter vor Ort<\/strong><\/li>\n<\/ul>\n<\/div>\n<\/div>\n<\/div>\n<\/div>\n<\/div>\n<\/div>\n<\/div>\n","protected":false},"excerpt":{"rendered":"<p>Der professionelle Sicherheitsservice f\u00fcr Ihr Zuhause. Als Erweiterung des Gigaset Alarmsystems bietet der smart security guard service den zus\u00e4tzlichen Schutz und das gute Gef\u00fchl in einer Notfallsituation. Bei Einbruchsverdacht k\u00f6nnen Sie sich auf einen geschulten Sicherheitsmitarbeiter verlassen, der in Ihrem Zuhause nach dem Rechten schaut. Passend zu einem Gigaset elements alarm system 24\/7 deutschlandweiter Sicherheitsservice\u00a0 [&hellip;]<\/p>\n","protected":false},"featured_media":4305,"comment_status":"open","ping_status":"closed","template":"","meta":{"_acf_changed":false},"product_cat":[317],"product_tag":[],"acf":[],"jetpack_sharing_enabled":true,"_links":{"self":[{"href":"http:\/\/pc-direkthandel.de\/wordpress\/wp-json\/wp\/v2\/product\/4304"}],"collection":[{"href":"http:\/\/pc-direkthandel.de\/wordpress\/wp-json\/wp\/v2\/product"}],"about":[{"href":"http:\/\/pc-direkthandel.de\/wordpress\/wp-json\/wp\/v2\/types\/product"}],"replies":[{"embeddable":true,"href":"http:\/\/pc-direkthandel.de\/wordpress\/wp-json\/wp\/v2\/comments?post=4304"}],"wp:featuredmedia":[{"embeddable":true,"href":"http:\/\/pc-direkthandel.de\/wordpress\/wp-json\/wp\/v2\/media\/4305"}],"wp:attachment":[{"href":"http:\/\/pc-direkthandel.de\/wordpress\/wp-json\/wp\/v2\/media?parent=4304"}],"wp:term":[{"taxonomy":"product_cat","embeddable":true,"href":"http:\/\/pc-direkthandel.de\/wordpress\/wp-json\/wp\/v2\/product_cat?post=4304"},{"taxonomy":"product_tag","embeddable":true,"href":"http:\/\/pc-direkthandel.de\/wordpress\/wp-json\/wp\/v2\/product_tag?post=4304"}],"curies":[{"name":"wp","href":"https:\/\/api.w.org\/{rel}","templated":true}]}}