{"id":4278,"date":"2019-10-10T19:19:40","date_gmt":"2019-10-10T17:19:40","guid":{"rendered":"http:\/\/pc-direkthandel.de\/wordpress\/?post_type=product&#038;p=4278"},"modified":"2019-10-10T19:20:48","modified_gmt":"2019-10-10T17:20:48","slug":"gigaset-smart-camera","status":"publish","type":"product","link":"http:\/\/pc-direkthandel.de\/wordpress\/product\/gigaset-smart-camera\/","title":{"rendered":"Gigaset smart camera"},"content":{"rendered":"<div class=\"b_product-view__column-introduction\">\n<div class=\"b_product-view__introduction-container\">\n<div class=\"b_product-view__subheadline\">Mit der Indoor-Kamera jederzeit sehen, was zuhause passiert.<\/p>\n<\/div>\n<div class=\"b_product-view__short-description\">\n<p>Die Gigaset smart camera \u00fcberwacht zuverl\u00e4ssig jeden Raum, selbst bei Dunkelheit. Sie kann als Stand-Alone-L\u00f6sung oder als Erg\u00e4nzung in einem der Gigaset elements alarm system betrieben werden.<\/p>\n<ul>\n<li><strong>Kabellose Verbindung \u00fcber WLAN<\/strong><\/li>\n<li><strong>Kompakt und einfach zu installieren<\/strong><\/li>\n<li><strong>Peer-to-Peer Daten\u00fcbertragung<\/strong><\/li>\n<li><strong>Push-Benachrichtigung bei Bewegung und Alarm<\/strong><\/li>\n<li><strong>Privacy Mode (keine Aufnahmen im \u201eZuhause-Modus\u201c)<\/strong><\/li>\n<li><strong>HD-Qualit\u00e4t (720p)<\/strong><\/li>\n<li><strong>Infrarot-Nachtsicht<\/strong><\/li>\n<li><strong>Echtzeit-Video\u00fcbertragung<\/strong><\/li>\n<li><strong>Steuerung \u00fcber App<\/strong><\/li>\n<li><strong>Kompatibel mit den Gigaset elements Alarmsystemen S, M und L<\/strong><\/li>\n<\/ul>\n<\/div>\n<\/div>\n<\/div>\n","protected":false},"excerpt":{"rendered":"<p>Mit der Indoor-Kamera jederzeit sehen, was zuhause passiert. Die Gigaset smart camera \u00fcberwacht zuverl\u00e4ssig jeden Raum, selbst bei Dunkelheit. Sie kann als Stand-Alone-L\u00f6sung oder als Erg\u00e4nzung in einem der Gigaset elements alarm system betrieben werden. Kabellose Verbindung \u00fcber WLAN Kompakt und einfach zu installieren Peer-to-Peer Daten\u00fcbertragung Push-Benachrichtigung bei Bewegung und Alarm Privacy Mode (keine Aufnahmen [&hellip;]<\/p>\n","protected":false},"featured_media":4279,"comment_status":"open","ping_status":"closed","template":"","meta":{"_acf_changed":false},"product_cat":[317],"product_tag":[],"acf":[],"jetpack_sharing_enabled":true,"_links":{"self":[{"href":"http:\/\/pc-direkthandel.de\/wordpress\/wp-json\/wp\/v2\/product\/4278"}],"collection":[{"href":"http:\/\/pc-direkthandel.de\/wordpress\/wp-json\/wp\/v2\/product"}],"about":[{"href":"http:\/\/pc-direkthandel.de\/wordpress\/wp-json\/wp\/v2\/types\/product"}],"replies":[{"embeddable":true,"href":"http:\/\/pc-direkthandel.de\/wordpress\/wp-json\/wp\/v2\/comments?post=4278"}],"wp:featuredmedia":[{"embeddable":true,"href":"http:\/\/pc-direkthandel.de\/wordpress\/wp-json\/wp\/v2\/media\/4279"}],"wp:attachment":[{"href":"http:\/\/pc-direkthandel.de\/wordpress\/wp-json\/wp\/v2\/media?parent=4278"}],"wp:term":[{"taxonomy":"product_cat","embeddable":true,"href":"http:\/\/pc-direkthandel.de\/wordpress\/wp-json\/wp\/v2\/product_cat?post=4278"},{"taxonomy":"product_tag","embeddable":true,"href":"http:\/\/pc-direkthandel.de\/wordpress\/wp-json\/wp\/v2\/product_tag?post=4278"}],"curies":[{"name":"wp","href":"https:\/\/api.w.org\/{rel}","templated":true}]}}