{"id":4262,"date":"2019-10-10T19:09:56","date_gmt":"2019-10-10T17:09:56","guid":{"rendered":"http:\/\/pc-direkthandel.de\/wordpress\/?post_type=product&#038;p=4262"},"modified":"2019-10-10T19:11:00","modified_gmt":"2019-10-10T17:11:00","slug":"gigaset-elementary-pack","status":"publish","type":"product","link":"http:\/\/pc-direkthandel.de\/wordpress\/product\/gigaset-elementary-pack\/","title":{"rendered":"Gigaset elementary pack"},"content":{"rendered":"<div class=\"b_product-view__column-introduction\">\n<div class=\"b_product-view__introduction-container\">\n<div class=\"b_product-view__subheadline\">Das smarte Paket f\u00fcr den Rundumschutz gegen Wasser und Feuer.<\/p>\n<\/div>\n<div class=\"b_product-view__short-description\">\n<p>Sch\u00fctzen Sie Ihr Zuhause vor Elementarsch\u00e4den wie Wasseraustritt oder Rauch- und Brandentwicklung. Die Sensoren informieren Sie augenblicklich per App bei drohender Gefahr. Au\u00dferdem l\u00f6sen die integrierte Sirenen vor Ort einen lauten Signalton aus.<\/p>\n<ul>\n<li><strong>Wasser- und Rauchwarnmelder informieren bei Rauchentwicklung bzw. Wasseraustritt<\/strong><\/li>\n<li><strong>Mitteilung per App und Warnsignal vor Ort<\/strong><\/li>\n<li><strong>Warnung verhindert kostenintensive Elementarsch\u00e4den im Haushalt<\/strong><\/li>\n<li><strong>Wassermelder misst zus\u00e4tzlich relative Luftfeuchtigkeit und Temperatur im Raum<\/strong><\/li>\n<li><strong>Im Pack enthalten: 1 Basisstation base, 1 Rauchwarnmelder smoke, 1 Wassersensor water<\/strong><\/li>\n<\/ul>\n<\/div>\n<\/div>\n<\/div>\n","protected":false},"excerpt":{"rendered":"<p>Das smarte Paket f\u00fcr den Rundumschutz gegen Wasser und Feuer. Sch\u00fctzen Sie Ihr Zuhause vor Elementarsch\u00e4den wie Wasseraustritt oder Rauch- und Brandentwicklung. Die Sensoren informieren Sie augenblicklich per App bei drohender Gefahr. Au\u00dferdem l\u00f6sen die integrierte Sirenen vor Ort einen lauten Signalton aus. Wasser- und Rauchwarnmelder informieren bei Rauchentwicklung bzw. Wasseraustritt Mitteilung per App und [&hellip;]<\/p>\n","protected":false},"featured_media":4263,"comment_status":"open","ping_status":"closed","template":"","meta":{"_acf_changed":false},"product_cat":[317],"product_tag":[],"acf":[],"jetpack_sharing_enabled":true,"_links":{"self":[{"href":"http:\/\/pc-direkthandel.de\/wordpress\/wp-json\/wp\/v2\/product\/4262"}],"collection":[{"href":"http:\/\/pc-direkthandel.de\/wordpress\/wp-json\/wp\/v2\/product"}],"about":[{"href":"http:\/\/pc-direkthandel.de\/wordpress\/wp-json\/wp\/v2\/types\/product"}],"replies":[{"embeddable":true,"href":"http:\/\/pc-direkthandel.de\/wordpress\/wp-json\/wp\/v2\/comments?post=4262"}],"wp:featuredmedia":[{"embeddable":true,"href":"http:\/\/pc-direkthandel.de\/wordpress\/wp-json\/wp\/v2\/media\/4263"}],"wp:attachment":[{"href":"http:\/\/pc-direkthandel.de\/wordpress\/wp-json\/wp\/v2\/media?parent=4262"}],"wp:term":[{"taxonomy":"product_cat","embeddable":true,"href":"http:\/\/pc-direkthandel.de\/wordpress\/wp-json\/wp\/v2\/product_cat?post=4262"},{"taxonomy":"product_tag","embeddable":true,"href":"http:\/\/pc-direkthandel.de\/wordpress\/wp-json\/wp\/v2\/product_tag?post=4262"}],"curies":[{"name":"wp","href":"https:\/\/api.w.org\/{rel}","templated":true}]}}