{"id":4260,"date":"2019-10-10T19:07:58","date_gmt":"2019-10-10T17:07:58","guid":{"rendered":"http:\/\/pc-direkthandel.de\/wordpress\/?post_type=product&#038;p=4260"},"modified":"2019-10-10T19:08:56","modified_gmt":"2019-10-10T17:08:56","slug":"gigaset-security-pack","status":"publish","type":"product","link":"http:\/\/pc-direkthandel.de\/wordpress\/product\/gigaset-security-pack\/","title":{"rendered":"Gigaset security pack"},"content":{"rendered":"<div class=\"b_product-view__column-introduction\">\n<div class=\"b_product-view__introduction-container\">\n<div class=\"b_product-view__subheadline\">Das smarte Einstiegspaket f\u00fcr Einbruchsschutz.<\/p>\n<\/div>\n<div class=\"b_product-view__short-description\">\n<p>Sch\u00fctzen Sie Ihren Eingangsbereich mit einem T\u00fcrsensor. Er registriert sofort, wenn jemand die T\u00fcr \u00f6ffnet. Bei dem Verdacht eines Einbruchs ert\u00f6nt eine Alarmsirene.<\/p>\n<ul>\n<li><strong>Bewacht den Eingangsbereich vor ungebetenen G\u00e4sten<\/strong><\/li>\n<li><strong>T\u00fcrsensor schl\u00e4gt bei Einbruchsverdacht Alarm<\/strong><\/li>\n<li><strong>Lautes und abschreckendes Alarmger\u00e4usch (100 dB) durch Sirene in Steckdose<\/strong><\/li>\n<li><strong>Bequemes Wechseln der Modi (Zuhause\/Au\u00dfer Haus) \u00fcber die App<\/strong><\/li>\n<li><strong>Im Pack enthalten: 1 Basisstation base, 1 T\u00fcrsensor door, 1 Alarmsirene siren<\/strong><\/li>\n<\/ul>\n<\/div>\n<\/div>\n<\/div>\n","protected":false},"excerpt":{"rendered":"<p>Das smarte Einstiegspaket f\u00fcr Einbruchsschutz. Sch\u00fctzen Sie Ihren Eingangsbereich mit einem T\u00fcrsensor. Er registriert sofort, wenn jemand die T\u00fcr \u00f6ffnet. Bei dem Verdacht eines Einbruchs ert\u00f6nt eine Alarmsirene. Bewacht den Eingangsbereich vor ungebetenen G\u00e4sten T\u00fcrsensor schl\u00e4gt bei Einbruchsverdacht Alarm Lautes und abschreckendes Alarmger\u00e4usch (100 dB) durch Sirene in Steckdose Bequemes Wechseln der Modi (Zuhause\/Au\u00dfer Haus) [&hellip;]<\/p>\n","protected":false},"featured_media":4261,"comment_status":"open","ping_status":"closed","template":"","meta":{"_acf_changed":false},"product_cat":[317],"product_tag":[],"acf":[],"jetpack_sharing_enabled":true,"_links":{"self":[{"href":"http:\/\/pc-direkthandel.de\/wordpress\/wp-json\/wp\/v2\/product\/4260"}],"collection":[{"href":"http:\/\/pc-direkthandel.de\/wordpress\/wp-json\/wp\/v2\/product"}],"about":[{"href":"http:\/\/pc-direkthandel.de\/wordpress\/wp-json\/wp\/v2\/types\/product"}],"replies":[{"embeddable":true,"href":"http:\/\/pc-direkthandel.de\/wordpress\/wp-json\/wp\/v2\/comments?post=4260"}],"wp:featuredmedia":[{"embeddable":true,"href":"http:\/\/pc-direkthandel.de\/wordpress\/wp-json\/wp\/v2\/media\/4261"}],"wp:attachment":[{"href":"http:\/\/pc-direkthandel.de\/wordpress\/wp-json\/wp\/v2\/media?parent=4260"}],"wp:term":[{"taxonomy":"product_cat","embeddable":true,"href":"http:\/\/pc-direkthandel.de\/wordpress\/wp-json\/wp\/v2\/product_cat?post=4260"},{"taxonomy":"product_tag","embeddable":true,"href":"http:\/\/pc-direkthandel.de\/wordpress\/wp-json\/wp\/v2\/product_tag?post=4260"}],"curies":[{"name":"wp","href":"https:\/\/api.w.org\/{rel}","templated":true}]}}