{"id":4244,"date":"2019-10-10T18:54:30","date_gmt":"2019-10-10T16:54:30","guid":{"rendered":"http:\/\/pc-direkthandel.de\/wordpress\/?post_type=product&#038;p=4244"},"modified":"2019-10-10T18:55:57","modified_gmt":"2019-10-10T16:55:57","slug":"gigaset-smart-motion","status":"publish","type":"product","link":"http:\/\/pc-direkthandel.de\/wordpress\/product\/gigaset-smart-motion\/","title":{"rendered":"Gigaset smart motion"},"content":{"rendered":"<div class=\"b_product-view__column-introduction\">\n<div class=\"b_product-view__introduction-container\">\n<div class=\"b_product-view__subheadline\">Der intelligente Aktivit\u00e4tsalarm f\u00fcr Alleinlebende.<\/p>\n<\/div>\n<div class=\"b_product-view__short-description\">\n<p>Das sensorbasierte System, das die Angeh\u00f6rigen informiert, wenn sich in der Wohnung nichts mehr r\u00fchrt.<\/p>\n<p>Inhalt und Umfang:<\/p>\n<ul>\n<li>1 Basisstation<\/li>\n<li>2 Bewegungsmelder<\/li>\n<li>1 Universalsensor<\/li>\n<\/ul>\n<\/div>\n<\/div>\n<\/div>\n","protected":false},"excerpt":{"rendered":"<p>Der intelligente Aktivit\u00e4tsalarm f\u00fcr Alleinlebende. Das sensorbasierte System, das die Angeh\u00f6rigen informiert, wenn sich in der Wohnung nichts mehr r\u00fchrt. Inhalt und Umfang: 1 Basisstation 2 Bewegungsmelder 1 Universalsensor<\/p>\n","protected":false},"featured_media":4245,"comment_status":"open","ping_status":"closed","template":"","meta":{"_acf_changed":false},"product_cat":[317],"product_tag":[],"acf":[],"jetpack_sharing_enabled":true,"_links":{"self":[{"href":"http:\/\/pc-direkthandel.de\/wordpress\/wp-json\/wp\/v2\/product\/4244"}],"collection":[{"href":"http:\/\/pc-direkthandel.de\/wordpress\/wp-json\/wp\/v2\/product"}],"about":[{"href":"http:\/\/pc-direkthandel.de\/wordpress\/wp-json\/wp\/v2\/types\/product"}],"replies":[{"embeddable":true,"href":"http:\/\/pc-direkthandel.de\/wordpress\/wp-json\/wp\/v2\/comments?post=4244"}],"wp:featuredmedia":[{"embeddable":true,"href":"http:\/\/pc-direkthandel.de\/wordpress\/wp-json\/wp\/v2\/media\/4245"}],"wp:attachment":[{"href":"http:\/\/pc-direkthandel.de\/wordpress\/wp-json\/wp\/v2\/media?parent=4244"}],"wp:term":[{"taxonomy":"product_cat","embeddable":true,"href":"http:\/\/pc-direkthandel.de\/wordpress\/wp-json\/wp\/v2\/product_cat?post=4244"},{"taxonomy":"product_tag","embeddable":true,"href":"http:\/\/pc-direkthandel.de\/wordpress\/wp-json\/wp\/v2\/product_tag?post=4244"}],"curies":[{"name":"wp","href":"https:\/\/api.w.org\/{rel}","templated":true}]}}