{"id":4242,"date":"2019-10-10T18:52:48","date_gmt":"2019-10-10T16:52:48","guid":{"rendered":"http:\/\/pc-direkthandel.de\/wordpress\/?post_type=product&#038;p=4242"},"modified":"2019-10-10T18:53:59","modified_gmt":"2019-10-10T16:53:59","slug":"gigaset-heating-pack","status":"publish","type":"product","link":"http:\/\/pc-direkthandel.de\/wordpress\/product\/gigaset-heating-pack\/","title":{"rendered":"Gigaset heating pack"},"content":{"rendered":"<div class=\"b_product-view__subheadline\">Das smarte Heizungspaket.<\/p>\n<\/div>\n<div class=\"b_product-view__short-description\">\n<p>Mit diesem Einstiegspaket erhalten Sie alle Komponenten f\u00fcr den Start in eine smarte Heizungssteuerung. Sparen Sie Heizkosten und genie\u00dfen Sie eine komfortable Steuerung Ihrer Heizk\u00f6rper jederzeit und \u00fcberall per kostenloser App. Die mitgelieferte Basis ist das Herzst\u00fcck Ihrer Heizungsl\u00f6sung und verbindet die einzelnen Thermostate mit der App.<\/p>\n<ul>\n<li><strong>Regelt die Heizungstemperatur<\/strong><\/li>\n<li><strong>Spart Energie und Kosten<\/strong><\/li>\n<li><strong>Batteriebetrieben<\/strong><\/li>\n<li><strong>Funkgesteuert per App<\/strong><\/li>\n<li><strong>Einfache Installation<\/strong><\/li>\n<li><strong>Noch intelligentere Steuerung in Kombination mit dem Gigaset elements window<\/strong><\/li>\n<li><strong>Im Pack enthalten: 1 Basisstation base, 2 Heizk\u00f6rperthermostate thermostat<\/strong><\/li>\n<\/ul>\n<\/div>\n","protected":false},"excerpt":{"rendered":"<p>Das smarte Heizungspaket. Mit diesem Einstiegspaket erhalten Sie alle Komponenten f\u00fcr den Start in eine smarte Heizungssteuerung. Sparen Sie Heizkosten und genie\u00dfen Sie eine komfortable Steuerung Ihrer Heizk\u00f6rper jederzeit und \u00fcberall per kostenloser App. Die mitgelieferte Basis ist das Herzst\u00fcck Ihrer Heizungsl\u00f6sung und verbindet die einzelnen Thermostate mit der App. Regelt die Heizungstemperatur Spart Energie [&hellip;]<\/p>\n","protected":false},"featured_media":4243,"comment_status":"open","ping_status":"closed","template":"","meta":{"_acf_changed":false},"product_cat":[317],"product_tag":[],"acf":[],"jetpack_sharing_enabled":true,"_links":{"self":[{"href":"http:\/\/pc-direkthandel.de\/wordpress\/wp-json\/wp\/v2\/product\/4242"}],"collection":[{"href":"http:\/\/pc-direkthandel.de\/wordpress\/wp-json\/wp\/v2\/product"}],"about":[{"href":"http:\/\/pc-direkthandel.de\/wordpress\/wp-json\/wp\/v2\/types\/product"}],"replies":[{"embeddable":true,"href":"http:\/\/pc-direkthandel.de\/wordpress\/wp-json\/wp\/v2\/comments?post=4242"}],"wp:featuredmedia":[{"embeddable":true,"href":"http:\/\/pc-direkthandel.de\/wordpress\/wp-json\/wp\/v2\/media\/4243"}],"wp:attachment":[{"href":"http:\/\/pc-direkthandel.de\/wordpress\/wp-json\/wp\/v2\/media?parent=4242"}],"wp:term":[{"taxonomy":"product_cat","embeddable":true,"href":"http:\/\/pc-direkthandel.de\/wordpress\/wp-json\/wp\/v2\/product_cat?post=4242"},{"taxonomy":"product_tag","embeddable":true,"href":"http:\/\/pc-direkthandel.de\/wordpress\/wp-json\/wp\/v2\/product_tag?post=4242"}],"curies":[{"name":"wp","href":"https:\/\/api.w.org\/{rel}","templated":true}]}}