{"id":3638,"date":"2019-10-04T17:48:32","date_gmt":"2019-10-04T15:48:32","guid":{"rendered":"http:\/\/pc-direkthandel.de\/wordpress\/?post_type=product&#038;p=3638"},"modified":"2019-10-04T17:48:36","modified_gmt":"2019-10-04T15:48:36","slug":"surface-headphones","status":"publish","type":"product","link":"http:\/\/pc-direkthandel.de\/wordpress\/product\/surface-headphones\/","title":{"rendered":"Surface Headphones"},"content":{"rendered":"<p>Die smarte Art des H\u00f6rens. Erleben Sie Musik und Anrufe in beeindruckender Qualit\u00e4t \u2013 mit Ger\u00e4uschunterdr\u00fcckung durch Active Noise-Cancelling (ANC), vollem Klang, Bluetooth-Konnektivit\u00e4t und Touch-Steuerung direkt am Ohr.<\/p>\n","protected":false},"excerpt":{"rendered":"<p>Die smarte Art des H\u00f6rens. Erleben Sie Musik und Anrufe in beeindruckender Qualit\u00e4t \u2013 mit Ger\u00e4uschunterdr\u00fcckung durch Active Noise-Cancelling (ANC), vollem Klang, Bluetooth-Konnektivit\u00e4t und Touch-Steuerung direkt am Ohr.<\/p>\n","protected":false},"featured_media":3639,"comment_status":"open","ping_status":"closed","template":"","meta":{"_acf_changed":false},"product_cat":[284],"product_tag":[],"acf":[],"jetpack_sharing_enabled":true,"_links":{"self":[{"href":"http:\/\/pc-direkthandel.de\/wordpress\/wp-json\/wp\/v2\/product\/3638"}],"collection":[{"href":"http:\/\/pc-direkthandel.de\/wordpress\/wp-json\/wp\/v2\/product"}],"about":[{"href":"http:\/\/pc-direkthandel.de\/wordpress\/wp-json\/wp\/v2\/types\/product"}],"replies":[{"embeddable":true,"href":"http:\/\/pc-direkthandel.de\/wordpress\/wp-json\/wp\/v2\/comments?post=3638"}],"wp:featuredmedia":[{"embeddable":true,"href":"http:\/\/pc-direkthandel.de\/wordpress\/wp-json\/wp\/v2\/media\/3639"}],"wp:attachment":[{"href":"http:\/\/pc-direkthandel.de\/wordpress\/wp-json\/wp\/v2\/media?parent=3638"}],"wp:term":[{"taxonomy":"product_cat","embeddable":true,"href":"http:\/\/pc-direkthandel.de\/wordpress\/wp-json\/wp\/v2\/product_cat?post=3638"},{"taxonomy":"product_tag","embeddable":true,"href":"http:\/\/pc-direkthandel.de\/wordpress\/wp-json\/wp\/v2\/product_tag?post=3638"}],"curies":[{"name":"wp","href":"https:\/\/api.w.org\/{rel}","templated":true}]}}