{"id":3515,"date":"2019-10-02T21:11:44","date_gmt":"2019-10-02T19:11:44","guid":{"rendered":"http:\/\/pc-direkthandel.de\/wordpress\/?post_type=product&#038;p=3515"},"modified":"2019-10-02T21:13:11","modified_gmt":"2019-10-02T19:13:11","slug":"death-stranding","status":"publish","type":"product","link":"http:\/\/pc-direkthandel.de\/wordpress\/product\/death-stranding\/","title":{"rendered":"Death Stranding"},"content":{"rendered":"<p>Was ist Death Stranding?<\/p>\n<p>Der legend\u00e4re Spielemacher Hideo Kojima (Metal Gear Solid) pr\u00e4sentiert mit den Darstellern Norman Reedus, Mads Mikkelsen, La Seydoux und Lindsay Wagner ein brandneues Open-World-Action-Adventure f\u00fcr PlayStation4, das sich \u00fcber Genrekonventionen hinwegsetzt. In der nahen Zukunft ersch\u00fcttern mysteri\u00f6se Explosionen die Erde und l\u00f6sen eine Reihe \u00fcbernat\u00fcrlicher Ereignisse aus, die als der Gestrandete Tod bekannt sind. W\u00e4hrend Wesen aus einer anderen Welt den Globus heimsuchen und der Menschheit die Zerst\u00f6rung droht, ist es an Sam Porter Bridges, durch die verw\u00fcstete \u00d6dnis zu reisen und die Menschheit vor dem Aussterben zu bewahren.<\/p>\n<p>Meistere einzigartige Herausforderungen<\/p>\n<p>Bereite dich vor und versuche, eine Reihe von Zielen zu erreichen, um ein geteiltes Land wieder zu vereinen, w\u00e4hrend du auf deiner Reise mit dem Gewicht deiner Fracht klarkommen musst. Sch\u00fctze deine Vorr\u00e4te vor wilden Banditen und h\u00fcte dich vor den furchterregenden gestrandeten Dingen &#8230; sonst entt\u00e4uschst du jene, die sich auf dich verlassen.<\/p>\n<p>Erkunde die Welt<\/p>\n<p>Die Decima-Engine rendert eine hyperrealistische Landschaft, die der Gestrandete Tod v\u00f6llig ver\u00e4ndert hat. Unpassierbare Hindernisse blockieren deinen Weg und zwingen dich, andere Routen zu finden, w\u00e4hrend \u00fcbernat\u00fcrliche Elemente den physischen Zustand deiner Umgebung ver\u00e4ndern.<\/p>\n<p>Der Tod ist nicht das Ende<\/p>\n<p>In Death Stranding gibt es kein traditionelles Game Over. Wenn du im Kampf stirbst, findest du dich in einem auf dem Kopf stehenden Reich wieder und musst dir den Weg zur\u00fcck ins Leben suchen. W\u00e4hle deine Kampfmethoden mit Bedacht, denn das Eliminieren deines Gegners ist fast niemals die L\u00f6sung und jeder Tod hat Konsequenzen.<\/p>\n<p><iframe loading=\"lazy\" title=\"Death Stranding | Preorder Trailer | PS4, deutsche Untertitel\" width=\"500\" height=\"281\" src=\"https:\/\/www.youtube.com\/embed\/jxDkoszwnGs?feature=oembed\" frameborder=\"0\" allow=\"accelerometer; autoplay; clipboard-write; encrypted-media; gyroscope; picture-in-picture; web-share\" referrerpolicy=\"strict-origin-when-cross-origin\" allowfullscreen><\/iframe><\/p>\n<p>&nbsp;<\/p>\n<p>&nbsp;<\/p>\n","protected":false},"excerpt":{"rendered":"<p>Was ist Death Stranding? Der legend\u00e4re Spielemacher Hideo Kojima (Metal Gear Solid) pr\u00e4sentiert mit den Darstellern Norman Reedus, Mads Mikkelsen, La Seydoux und Lindsay Wagner ein brandneues Open-World-Action-Adventure f\u00fcr PlayStation4, das sich \u00fcber Genrekonventionen hinwegsetzt. In der nahen Zukunft ersch\u00fcttern mysteri\u00f6se Explosionen die Erde und l\u00f6sen eine Reihe \u00fcbernat\u00fcrlicher Ereignisse aus, die als der Gestrandete [&hellip;]<\/p>\n","protected":false},"featured_media":3516,"comment_status":"open","ping_status":"closed","template":"","meta":{"_acf_changed":false},"product_cat":[275],"product_tag":[],"acf":[],"jetpack_sharing_enabled":true,"_links":{"self":[{"href":"http:\/\/pc-direkthandel.de\/wordpress\/wp-json\/wp\/v2\/product\/3515"}],"collection":[{"href":"http:\/\/pc-direkthandel.de\/wordpress\/wp-json\/wp\/v2\/product"}],"about":[{"href":"http:\/\/pc-direkthandel.de\/wordpress\/wp-json\/wp\/v2\/types\/product"}],"replies":[{"embeddable":true,"href":"http:\/\/pc-direkthandel.de\/wordpress\/wp-json\/wp\/v2\/comments?post=3515"}],"wp:featuredmedia":[{"embeddable":true,"href":"http:\/\/pc-direkthandel.de\/wordpress\/wp-json\/wp\/v2\/media\/3516"}],"wp:attachment":[{"href":"http:\/\/pc-direkthandel.de\/wordpress\/wp-json\/wp\/v2\/media?parent=3515"}],"wp:term":[{"taxonomy":"product_cat","embeddable":true,"href":"http:\/\/pc-direkthandel.de\/wordpress\/wp-json\/wp\/v2\/product_cat?post=3515"},{"taxonomy":"product_tag","embeddable":true,"href":"http:\/\/pc-direkthandel.de\/wordpress\/wp-json\/wp\/v2\/product_tag?post=3515"}],"curies":[{"name":"wp","href":"https:\/\/api.w.org\/{rel}","templated":true}]}}