{"id":3513,"date":"2019-10-02T21:10:16","date_gmt":"2019-10-02T19:10:16","guid":{"rendered":"http:\/\/pc-direkthandel.de\/wordpress\/?post_type=product&#038;p=3513"},"modified":"2019-10-02T21:11:33","modified_gmt":"2019-10-02T19:11:33","slug":"call-of-duty-modern-warfare","status":"publish","type":"product","link":"http:\/\/pc-direkthandel.de\/wordpress\/product\/call-of-duty-modern-warfare\/","title":{"rendered":"Call of Duty: Modern Warfare"},"content":{"rendered":"<p>Begib dich in die Welt einer rauen und provokanten Reinkarnation der &#8222;Modern Warfare&#8220;-Reihe.<\/p>\n<p>Die Entwickler von Infinity Ward und urspr\u00fcnglichen Macher der &#8222;Modern Warfare&#8220;-Reihe ziehen die Spieler mit dieser Neuauflage in den Bann einer erbarmungslosen Singleplayer-Story-Kampagne, die an die Grenzen geht und der Reihe eine ganz neue Richtung gibt.<\/p>\n<p>F\u00fchre atemberaubende Geheimoperationen an der Seite von internationalen Spezialeinheiten und Freiheitsk\u00e4mpfern durch. Bahne dir deinen Weg vorbei an bekannten europ\u00e4ischen Wahrzeichen und durch die gef\u00e4hrlichen Regionen des Nahen Ostens.<\/p>\n<p><span class=\"bold\"><strong>Kampagne<\/strong><\/span><\/p>\n<p>Erlebe eine harte und fesselnde Singleplayer-Kampagne, die an die Grenzen geht und die Regeln bricht, wie es nur Modern Warfare kann.<\/p>\n<p><span class=\"bold\"><strong>Multiplayer<\/strong><\/span><\/p>\n<p>Stelle dich auf dem ultimativen Online-Spielplatz mit dem klassischen, voll ausgestatteten Multiplayer-Modus den besten Spielern der Welt.<\/p>\n<p><span class=\"bold\"><strong>Koop<\/strong><\/span><\/p>\n<p>Bilde Teams und spiele kooperativ in diversen Eliteoperationen, die f\u00fcr erfahrene Spieler und Einsteiger gleicherma\u00dfen zug\u00e4nglich sind.<\/p>\n","protected":false},"excerpt":{"rendered":"<p>Begib dich in die Welt einer rauen und provokanten Reinkarnation der &#8222;Modern Warfare&#8220;-Reihe. Die Entwickler von Infinity Ward und urspr\u00fcnglichen Macher der &#8222;Modern Warfare&#8220;-Reihe ziehen die Spieler mit dieser Neuauflage in den Bann einer erbarmungslosen Singleplayer-Story-Kampagne, die an die Grenzen geht und der Reihe eine ganz neue Richtung gibt. F\u00fchre atemberaubende Geheimoperationen an der Seite [&hellip;]<\/p>\n","protected":false},"featured_media":3514,"comment_status":"open","ping_status":"closed","template":"","meta":{"_acf_changed":false},"product_cat":[275],"product_tag":[],"acf":[],"jetpack_sharing_enabled":true,"_links":{"self":[{"href":"http:\/\/pc-direkthandel.de\/wordpress\/wp-json\/wp\/v2\/product\/3513"}],"collection":[{"href":"http:\/\/pc-direkthandel.de\/wordpress\/wp-json\/wp\/v2\/product"}],"about":[{"href":"http:\/\/pc-direkthandel.de\/wordpress\/wp-json\/wp\/v2\/types\/product"}],"replies":[{"embeddable":true,"href":"http:\/\/pc-direkthandel.de\/wordpress\/wp-json\/wp\/v2\/comments?post=3513"}],"wp:featuredmedia":[{"embeddable":true,"href":"http:\/\/pc-direkthandel.de\/wordpress\/wp-json\/wp\/v2\/media\/3514"}],"wp:attachment":[{"href":"http:\/\/pc-direkthandel.de\/wordpress\/wp-json\/wp\/v2\/media?parent=3513"}],"wp:term":[{"taxonomy":"product_cat","embeddable":true,"href":"http:\/\/pc-direkthandel.de\/wordpress\/wp-json\/wp\/v2\/product_cat?post=3513"},{"taxonomy":"product_tag","embeddable":true,"href":"http:\/\/pc-direkthandel.de\/wordpress\/wp-json\/wp\/v2\/product_tag?post=3513"}],"curies":[{"name":"wp","href":"https:\/\/api.w.org\/{rel}","templated":true}]}}