{"id":3501,"date":"2019-10-02T20:54:43","date_gmt":"2019-10-02T18:54:43","guid":{"rendered":"http:\/\/pc-direkthandel.de\/wordpress\/?post_type=product&#038;p=3501"},"modified":"2019-10-02T20:56:05","modified_gmt":"2019-10-02T18:56:05","slug":"dark-pictures-anthology-man-of-medan","status":"publish","type":"product","link":"http:\/\/pc-direkthandel.de\/wordpress\/product\/dark-pictures-anthology-man-of-medan\/","title":{"rendered":"Dark Pictures Anthology: Man of Medan"},"content":{"rendered":"<p>Als Spieler erleben Sie eine hollywoodreife Geschichte, deren Ausgang Sie mit Ihren Entscheidungen bestimmen. Jeder Charakter kann \u00fcberleben oder sterben.<\/p>\n<p>Man of Medan ist der erste Teil in der Dark Pictures Anthologie und versetzt Sie in eine \u00fcbernat\u00fcrliche Horrorgeschichte im S\u00fcdpazifik.<\/p>\n<p>F\u00fcnf Freunde planen einen Bootstrip, um zu einem Wrack aus dem Zweiten Weltkrieg zu tauchen, um das sich unheimliche Ger\u00fcchte ranken. Zun\u00e4chst scheint alles nach Plan zu laufen, doch w\u00e4hrend des Tages zieht aus dem Nichts ein Sturm auf und verwandelt den anf\u00e4nglich entspannten Trip in ein gef\u00e4hrliches und d\u00fcsteres Abenteuer. Pl\u00f6tzlich geht es um Leben und Tod. Wer wird leben, wer wird sterben? Es liegt allein an Ihnen. K\u00f6nnen Sie alle retten?<\/p>\n<div class=\"itemizedlist\">\n<ul class=\"itemizedlist\">\n<li class=\"listitem\">Eine neue Geschichte des Schreckens: Supermassive Games liefert mit Man of Medan eine spannende Horrorgeschichte, in der Sie sich Ihren tiefsten \u00c4ngsten stellen m\u00fcssen.<\/li>\n<li class=\"listitem\">Alle spielbaren Charaktere k\u00f6nnen \u00fcberleben oder sterben. Kannst Sie alle retten? Ihre Entscheidungen beeinflussen Ihr Schicksal. Der Tod lauert hinter jeder Ecke&#8230;<\/li>\n<\/ul>\n<\/div>\n<p>Was werden Sie tun, um zu \u00fcberleben? Jede Ihrer Entscheidungen hat Konsequenzen &#8211; was f\u00fcr die f\u00fcnf Freunde Leben oder Tod bedeuten kann. Werden Sie einen klaren Kopf behalten, w\u00e4hrend Sie um das \u00dcberleben der f\u00fcnf Freunde k\u00e4mpfen?<\/p>\n","protected":false},"excerpt":{"rendered":"<p>Als Spieler erleben Sie eine hollywoodreife Geschichte, deren Ausgang Sie mit Ihren Entscheidungen bestimmen. Jeder Charakter kann \u00fcberleben oder sterben. Man of Medan ist der erste Teil in der Dark Pictures Anthologie und versetzt Sie in eine \u00fcbernat\u00fcrliche Horrorgeschichte im S\u00fcdpazifik. F\u00fcnf Freunde planen einen Bootstrip, um zu einem Wrack aus dem Zweiten Weltkrieg zu [&hellip;]<\/p>\n","protected":false},"featured_media":3502,"comment_status":"open","ping_status":"closed","template":"","meta":{"_acf_changed":false},"product_cat":[275],"product_tag":[],"acf":[],"jetpack_sharing_enabled":true,"_links":{"self":[{"href":"http:\/\/pc-direkthandel.de\/wordpress\/wp-json\/wp\/v2\/product\/3501"}],"collection":[{"href":"http:\/\/pc-direkthandel.de\/wordpress\/wp-json\/wp\/v2\/product"}],"about":[{"href":"http:\/\/pc-direkthandel.de\/wordpress\/wp-json\/wp\/v2\/types\/product"}],"replies":[{"embeddable":true,"href":"http:\/\/pc-direkthandel.de\/wordpress\/wp-json\/wp\/v2\/comments?post=3501"}],"wp:featuredmedia":[{"embeddable":true,"href":"http:\/\/pc-direkthandel.de\/wordpress\/wp-json\/wp\/v2\/media\/3502"}],"wp:attachment":[{"href":"http:\/\/pc-direkthandel.de\/wordpress\/wp-json\/wp\/v2\/media?parent=3501"}],"wp:term":[{"taxonomy":"product_cat","embeddable":true,"href":"http:\/\/pc-direkthandel.de\/wordpress\/wp-json\/wp\/v2\/product_cat?post=3501"},{"taxonomy":"product_tag","embeddable":true,"href":"http:\/\/pc-direkthandel.de\/wordpress\/wp-json\/wp\/v2\/product_tag?post=3501"}],"curies":[{"name":"wp","href":"https:\/\/api.w.org\/{rel}","templated":true}]}}