{"id":3482,"date":"2019-10-02T20:35:08","date_gmt":"2019-10-02T18:35:08","guid":{"rendered":"http:\/\/pc-direkthandel.de\/wordpress\/?post_type=product&#038;p=3482"},"modified":"2019-10-02T20:36:56","modified_gmt":"2019-10-02T18:36:56","slug":"metro-exodus","status":"publish","type":"product","link":"http:\/\/pc-direkthandel.de\/wordpress\/product\/metro-exodus\/","title":{"rendered":"Metro Exodus"},"content":{"rendered":"<p>Das gr\u00f6\u00dfte Metro-Abenteuer aller Zeiten voll immersiver First-Person-Action<\/p>\n<p>Wir schreiben das Jahr 2036.<\/p>\n<p>Ein Vierteljahrhundert nach der nuklearen Vernichtung der Welt, klammern sich einige tausend \u00dcberlebende in den Metro-Tunneln der Ruinen Moskaus an ihre Existenz. Sie haben sich gegen die vergiftete Umwelt behauptet, Mutanten bek\u00e4mpft, paranormalen Horror \u00fcberstanden und in den Flammen eines B\u00fcrgerkrieges gebrannt. In der Rolle von Artjom liegt es jetzt an Ihnen, eine Gruppe Spartaner-Rangers auf ihrer Suche nach einem sicheren Lebensraum durch die Weiten des postapokalyptischen Russlands gen Osten zu f\u00fchren. Erforschen Sie die russische Wildnis in nicht-linearen Leveln und erleben die spannende Story, die alle Jahreszeiten, von Fr\u00fchling \u00fcber Sommer und Herbst bis zum nuklearen Winter umspannt.<\/p>\n<p>Inspiriert von den Geschichten Dimitry Glukhovsky&#8217;s f\u00fchrt Metro Exodus die Abenteuer von Artjom im bislang gr\u00f6\u00dften Metro Abenteuer weiter.<\/p>\n<p><span class=\"bold\"><strong>Features:<\/strong><\/span><\/p>\n<p>Treten Sie eine unglaubliche Reise an &#8211; An Bord der schwer gepanzerten Dampflok Aurora machen Sie sich mit einer Handvoll \u00dcberlebender auf, ein neues Leben zu beginnen.<\/p>\n<p>Sandbox Survival &#8211; Die packende Geschichte verbindet klassisches Metro-Gameplay mit gigantischen nicht-linearen Leveln.<\/p>\n<p>Eine wundersch\u00f6ne, t\u00f6dliche Welt &#8211; Entdecken Sie das postapokalpytische Russland, dessen atemberaubende Wildnis, die durch den Wechsel von Tag und Nacht sowie dynamische Wettereffekte zum Leben erwacht.<\/p>\n<p>T\u00f6dliche Kampf- und Schleichfertigkeiten &#8211; Pl\u00fcndern Sie Beute und individualisieren Sie Ihr Arsenal handgemachter Waffen. Treten Sie Mutanten und feindlichen Gruppierungen in packenden taktischen Gefechten gegen\u00fcber.<\/p>\n<p>Bestimmen Sie \u00fcber das Schicksal Ihrer Kameraden &#8211; Nicht alle Ihre Mitstreiter werden ihr Ziel lebend erreichen. Ihre Entscheidungen haben direkten Einfluss auf die Story und das Schicksal Ihrer Begleiter. Hoher Wiederspielwert garantiert.<\/p>\n<p>Nie dagewesene Immersion und Atmosph\u00e4re &#8211; Eine flackernde Kerze in der Dunkelheit, ein R\u00f6cheln unter deiner gefrierenden Gasmaske, das Heulen der Mutanten im n\u00e4chtlichen Wind -Metro wird Sie in seinen Bann ziehen, wie kein anderes Spiel!<\/p>\n<p>&nbsp;<\/p>\n","protected":false},"excerpt":{"rendered":"<p>Das gr\u00f6\u00dfte Metro-Abenteuer aller Zeiten voll immersiver First-Person-Action Wir schreiben das Jahr 2036. Ein Vierteljahrhundert nach der nuklearen Vernichtung der Welt, klammern sich einige tausend \u00dcberlebende in den Metro-Tunneln der Ruinen Moskaus an ihre Existenz. Sie haben sich gegen die vergiftete Umwelt behauptet, Mutanten bek\u00e4mpft, paranormalen Horror \u00fcberstanden und in den Flammen eines B\u00fcrgerkrieges gebrannt. [&hellip;]<\/p>\n","protected":false},"featured_media":3483,"comment_status":"open","ping_status":"closed","template":"","meta":{"_acf_changed":false},"product_cat":[275],"product_tag":[],"acf":[],"jetpack_sharing_enabled":true,"_links":{"self":[{"href":"http:\/\/pc-direkthandel.de\/wordpress\/wp-json\/wp\/v2\/product\/3482"}],"collection":[{"href":"http:\/\/pc-direkthandel.de\/wordpress\/wp-json\/wp\/v2\/product"}],"about":[{"href":"http:\/\/pc-direkthandel.de\/wordpress\/wp-json\/wp\/v2\/types\/product"}],"replies":[{"embeddable":true,"href":"http:\/\/pc-direkthandel.de\/wordpress\/wp-json\/wp\/v2\/comments?post=3482"}],"wp:featuredmedia":[{"embeddable":true,"href":"http:\/\/pc-direkthandel.de\/wordpress\/wp-json\/wp\/v2\/media\/3483"}],"wp:attachment":[{"href":"http:\/\/pc-direkthandel.de\/wordpress\/wp-json\/wp\/v2\/media?parent=3482"}],"wp:term":[{"taxonomy":"product_cat","embeddable":true,"href":"http:\/\/pc-direkthandel.de\/wordpress\/wp-json\/wp\/v2\/product_cat?post=3482"},{"taxonomy":"product_tag","embeddable":true,"href":"http:\/\/pc-direkthandel.de\/wordpress\/wp-json\/wp\/v2\/product_tag?post=3482"}],"curies":[{"name":"wp","href":"https:\/\/api.w.org\/{rel}","templated":true}]}}