{"id":3465,"date":"2019-10-02T13:28:24","date_gmt":"2019-10-02T11:28:24","guid":{"rendered":"http:\/\/pc-direkthandel.de\/wordpress\/?post_type=product&#038;p=3465"},"modified":"2019-10-02T13:30:36","modified_gmt":"2019-10-02T11:30:36","slug":"fifa-19","status":"publish","type":"product","link":"http:\/\/pc-direkthandel.de\/wordpress\/product\/fifa-19\/","title":{"rendered":"FIFA 19"},"content":{"rendered":"<p>FIFA 19 pr\u00e4sentiert die prestigetr\u00e4chtige UEFA Champions League, neue unvergleichliche Spielvarianten und Gameplay-Innovationen, die in jeder Spielsituation f\u00fcr perfekte Kontrolle sorgen. Erlebe das dramatische Finale der Alex Hunter-Story in The Journey: Champions*, einen neuen Modus im beliebten FIFA Ultimate Team, zus\u00e4tzliche Ligen im Karrieremodus und mehr. FIFA 19 Champions Rise.<\/p>\n<p>Dank neuer Gameplay-Features bist du in EA SPORTS FIFA 19 jederzeit spielbeherrschend, sowohl in taktischer als auch in technischer Hinsicht. Das neue Active Touch-System erm\u00f6glicht eine engere Ballf\u00fchrung, die Dynamischen Taktiken sorgen f\u00fcr umfangreichere und leichter abrufbare Strategien, die 50\/50-Battles erm\u00f6glichen einen physischeren und f\u00e4higkeitsbasierteren Kampf um den Ball, das Abschlusstiming gibt den Spielern mehr Kontrolle beim Torabschluss, und die weiterentwickelte Real Player Motion Technology bringt mehr Spielerpers\u00f6nlichkeit sowie realistischere und authentischere Animationen.<\/p>\n<p>Active Touch-System: Das neue Active Touch-System ver\u00e4ndert die Ballannahme und die Ballber\u00fchrungen grundlegend und sorgt so f\u00fcr engere Ballf\u00fchrung, gr\u00f6\u00dferen Spielfluss, mehr Kreativit\u00e4t und mehr Spielerpers\u00f6nlichkeit. Nutze eine Vielzahl neuer First-Touch-Tools, wie verdeckte Ballannahmen, Flickup-Volleys oder f\u00e4higkeitsspezifische Animationen, wie Neymars Trap, um deine Gegner zu \u00fcberwinden und Torchancen herauszuholen.<\/p>\n<p>Dynamische Taktiken: Ein komplett \u00fcberarbeitetes System gibt den Spielern die Tools, mit denen sie mehrere taktische Spielvarianten in der Hinterhand haben k\u00f6nnen. Das bedeutet umfangreiche Anpassungsoptionen vor jedem Spiel und zus\u00e4tzliche Steuerkreuz-Optionen f\u00fcr dynamische \u00c4nderungen in der laufenden Partie. Jede Taktikvariante vereint Formationen, Mentalit\u00e4ten und offensive bzw. defensive Spielstile, sodass du deine Spielweise in jeder Situation m\u00fchelos ma\u00dfschneidern kannst.<\/p>\n<p>50\/50-Battles: Bei den 50\/50-Battles entscheiden die Reaktionsschnelligkeit des Benutzers und die Werte der Spieler dar\u00fcber, wer freie B\u00e4lle erobern kann. Dank erh\u00f6hter Mitspieler-Intelligenz und noch besserer Raum\u00fcbersicht ist jeder Zweikampf im Duell um den Ballbesitz enorm wichtig.<\/p>\n<p>Abschlusstiming: Tippe bei einem Schussversuch die Schuss-Taste doppelt an, um ein Abschlusstiming auszul\u00f6sen, bei dem du die pr\u00e4zise Kontrolle \u00fcber deine Ballber\u00fchrung hast. Wie pr\u00e4zise du die zweite Tastenber\u00fchrung ausf\u00fchrst, entscheidet \u00fcber Erfolg oder Misserfolg deines Versuchs. Kommt die Ber\u00fchrung perfekt, ist dein Ball genau und wuchtig, kommt die Ber\u00fchrung nicht perfekt, geht dein Ball vielleicht daneben. Egal ob von au\u00dferhalb des Sechzehners, bei einem pr\u00e4zisen Kopfball oder bei einem trickreichen Abschluss &#8211; das Abschlusstiming macht dich vor dem Tor noch mehr zum bestimmenden Faktor.<\/p>\n<p>Real Player Motion Technology: Das bahnbrechende Animationssystem, das EA SPORTS FIFA mit Spielerpers\u00f6nlichkeit und erh\u00f6hter Bewegungsauthentizit\u00e4t versorgt hat, wurde diesmal noch weiter ausgebaut. Optimierte Animationen bei taktischen Abschirmbewegungen, Reaktionen nach Kollisionen und physischen Positionsk\u00e4mpfen erm\u00f6glichen einzigartigen Realismus bei Spielerbewegungen, Reaktionstempo und Pers\u00f6nlichkeit.<\/p>\n","protected":false},"excerpt":{"rendered":"<p>FIFA 19 pr\u00e4sentiert die prestigetr\u00e4chtige UEFA Champions League, neue unvergleichliche Spielvarianten und Gameplay-Innovationen, die in jeder Spielsituation f\u00fcr perfekte Kontrolle sorgen. Erlebe das dramatische Finale der Alex Hunter-Story in The Journey: Champions*, einen neuen Modus im beliebten FIFA Ultimate Team, zus\u00e4tzliche Ligen im Karrieremodus und mehr. FIFA 19 Champions Rise. Dank neuer Gameplay-Features bist du [&hellip;]<\/p>\n","protected":false},"featured_media":3466,"comment_status":"open","ping_status":"closed","template":"","meta":{"_acf_changed":false},"product_cat":[275],"product_tag":[],"acf":[],"jetpack_sharing_enabled":true,"_links":{"self":[{"href":"http:\/\/pc-direkthandel.de\/wordpress\/wp-json\/wp\/v2\/product\/3465"}],"collection":[{"href":"http:\/\/pc-direkthandel.de\/wordpress\/wp-json\/wp\/v2\/product"}],"about":[{"href":"http:\/\/pc-direkthandel.de\/wordpress\/wp-json\/wp\/v2\/types\/product"}],"replies":[{"embeddable":true,"href":"http:\/\/pc-direkthandel.de\/wordpress\/wp-json\/wp\/v2\/comments?post=3465"}],"wp:featuredmedia":[{"embeddable":true,"href":"http:\/\/pc-direkthandel.de\/wordpress\/wp-json\/wp\/v2\/media\/3466"}],"wp:attachment":[{"href":"http:\/\/pc-direkthandel.de\/wordpress\/wp-json\/wp\/v2\/media?parent=3465"}],"wp:term":[{"taxonomy":"product_cat","embeddable":true,"href":"http:\/\/pc-direkthandel.de\/wordpress\/wp-json\/wp\/v2\/product_cat?post=3465"},{"taxonomy":"product_tag","embeddable":true,"href":"http:\/\/pc-direkthandel.de\/wordpress\/wp-json\/wp\/v2\/product_tag?post=3465"}],"curies":[{"name":"wp","href":"https:\/\/api.w.org\/{rel}","templated":true}]}}