{"id":3395,"date":"2019-09-30T19:05:01","date_gmt":"2019-09-30T17:05:01","guid":{"rendered":"http:\/\/pc-direkthandel.de\/wordpress\/?post_type=product&#038;p=3395"},"modified":"2019-09-30T19:10:59","modified_gmt":"2019-09-30T17:10:59","slug":"schenker-xmg-sector%c2%b2","status":"publish","type":"product","link":"http:\/\/pc-direkthandel.de\/wordpress\/product\/schenker-xmg-sector%c2%b2\/","title":{"rendered":"Schenker XMG Sector\u00b2"},"content":{"rendered":"<p>Das coole, mattschwarze Geh\u00e4use des XMG SECTOR\u00b2 strahlt Eleganz aus, w\u00e4hrend es gleichzeitig seinen Gaming-Touch beibeh\u00e4lt. Vereinzelte Akzente in XMG-Gr\u00fcn verleihen diesem Geh\u00e4use dar\u00fcber hinaus einen einzigartigen Stil.<\/p>\n<p>Mit dem Intel Core i7-8700 Prozessor stehen Ihnen 6 Rechenkerne und insgesamt 12 virtuelle Threads zur Verf\u00fcgung. Spielen Sie das neueste Spiel in maximaler Aufl\u00f6sung und streamen gleichzeitig Ihr K\u00f6nnen im Internet. Oder konvertieren Sie Ihr neuestes Urlaubsvideo noch schneller als jemals zuvor. Dank einem Prozessor der 8th Intel Generation nehmen Sie es mit allem auf.<\/p>\n<p>Die schnellsten NVIDIA Grafikkarte der GeForce RTX 2080 Serie erlauben Ihnen die Detailregler bis aufs Maximum zu drehen. Erleben Sie 4k-Gaming oder tauchen Sie in in die virtuelle Realit\u00e4t, all dies wird mit Ihrem XMG SECTOR\u00b2 zum Kinderspiel.<\/p>\n<p>Eine 512 GB gro\u00dfe PCIe SSD von Samsung l\u00e4sst Windows und Programme so schnell starten wie niemals zuvor. Laden Sie Ihre Spiele schneller als Ihre Gegner und verschaffen Sie sich so einen Vorteil auf dem Schlachtfeld. Eine 2000 GB gro\u00dfe Festplatte von Seagate bietet zudem mehr als ausreichend Speicherplatz f\u00fcr einen schnellen Zugriff auf Ihre Musik- und Videosammlung.<\/p>\n<p>Der XMG SECTOR\u00b2 verf\u00fcgt \u00fcber einen optimierten Airflow und garantiert so stets maximale Leistung. Die L\u00fcfter sind dank Hydrauliklager und aerodynamisch optimierten L\u00fcfterbl\u00e4ttern laufruhig und sorgen in Kombination mit fl\u00fcsterleisen und wartungsfreien CPU-Wasserk\u00fchlung f\u00fcr niedrige Temperaturen.<\/p>\n<p>Profitieren Sie von unserer S\u00b3-Installation von Windows 10. Sauber \u2013 Sicher \u2013 Schnell. Keine Bloatware, mit Windows Defender gegen Viren gesch\u00fctzt, auf dem aktuellen Stand.<\/p>\n<p>Jedes Ger\u00e4t entsteht in Handarbeit an unserem Fertigungsstandort in Deutschland. Nach dem Zusammenbau wird der PC umfassend auf Stabilit\u00e4t getestet und abschlie\u00dfend sorgf\u00e4ltig verpackt. Profitieren Sie von deutscher Wertarbeit.<\/p>\n","protected":false},"excerpt":{"rendered":"<p>Das coole, mattschwarze Geh\u00e4use des XMG SECTOR\u00b2 strahlt Eleganz aus, w\u00e4hrend es gleichzeitig seinen Gaming-Touch beibeh\u00e4lt. Vereinzelte Akzente in XMG-Gr\u00fcn verleihen diesem Geh\u00e4use dar\u00fcber hinaus einen einzigartigen Stil. Mit dem Intel Core i7-8700 Prozessor stehen Ihnen 6 Rechenkerne und insgesamt 12 virtuelle Threads zur Verf\u00fcgung. Spielen Sie das neueste Spiel in maximaler Aufl\u00f6sung und streamen [&hellip;]<\/p>\n","protected":false},"featured_media":3396,"comment_status":"open","ping_status":"closed","template":"","meta":{"_acf_changed":false},"product_cat":[272],"product_tag":[],"acf":[],"jetpack_sharing_enabled":true,"_links":{"self":[{"href":"http:\/\/pc-direkthandel.de\/wordpress\/wp-json\/wp\/v2\/product\/3395"}],"collection":[{"href":"http:\/\/pc-direkthandel.de\/wordpress\/wp-json\/wp\/v2\/product"}],"about":[{"href":"http:\/\/pc-direkthandel.de\/wordpress\/wp-json\/wp\/v2\/types\/product"}],"replies":[{"embeddable":true,"href":"http:\/\/pc-direkthandel.de\/wordpress\/wp-json\/wp\/v2\/comments?post=3395"}],"wp:featuredmedia":[{"embeddable":true,"href":"http:\/\/pc-direkthandel.de\/wordpress\/wp-json\/wp\/v2\/media\/3396"}],"wp:attachment":[{"href":"http:\/\/pc-direkthandel.de\/wordpress\/wp-json\/wp\/v2\/media?parent=3395"}],"wp:term":[{"taxonomy":"product_cat","embeddable":true,"href":"http:\/\/pc-direkthandel.de\/wordpress\/wp-json\/wp\/v2\/product_cat?post=3395"},{"taxonomy":"product_tag","embeddable":true,"href":"http:\/\/pc-direkthandel.de\/wordpress\/wp-json\/wp\/v2\/product_tag?post=3395"}],"curies":[{"name":"wp","href":"https:\/\/api.w.org\/{rel}","templated":true}]}}