{"id":3388,"date":"2019-09-30T18:51:44","date_gmt":"2019-09-30T16:51:44","guid":{"rendered":"http:\/\/pc-direkthandel.de\/wordpress\/?post_type=product&#038;p=3388"},"modified":"2019-09-30T18:57:38","modified_gmt":"2019-09-30T16:57:38","slug":"shuttle-xpc-p90u5-aio","status":"publish","type":"product","link":"http:\/\/pc-direkthandel.de\/wordpress\/product\/shuttle-xpc-p90u5-aio\/","title":{"rendered":"SHUTTLE XPC P90U5 AiO"},"content":{"rendered":"<div class=\"descriptionText col-lg-12 col-xs-12\">\n<div class=\"article\">\n<p>Mit dem Shuttle XPC all-in-one P90U5 erweitert Shuttle sein Produktangebot der All-in-One-PCs und stellt sein bisher gr\u00f6\u00dftes Modell vor. Es ist das erste im 19,5 Zoll Format mit einem kapazitiven Touchscreen. Ein Intel Ultra-Low-Voltage (ULV) Prozessor sorgt f\u00fcr eine hohe Rechenleistung bei niedrigem Stromverbrauch. Dank komplett passiver K\u00fchlung ist das System praktisch ger\u00e4uschlos, wartungsfrei und f\u00fcr den 24\/7-Dauerbetrieb geeignet. Ebenfalls ideal f\u00fcr Anwendungen in vertikalen M\u00e4rkten ist die Anordnung der meisten Anschl\u00fcsse auf der Unterseite des Geh\u00e4uses und die Resistenz der Vorderseite gegen Staub und Spritzwasser gem\u00e4\u00df der Schutzart IP54.<\/p>\n<div class=\"formalpara\">\n<p class=\"title\"><span class=\"bold\"><strong>Steuern Sie Ihre Software mit dem Finger \u2013 Multi-touch<\/strong><\/span><\/p>\n<div class=\"para\">Der Touchscreen ist eines der einfachsten Eingabeger\u00e4te und deshalb die erste Wahl f\u00fcr eine Vielzahl von Anwendungen, wo eine einfache Interaktion zwischen Mensch und PC erforderlich ist. Mit einem Touchscreen kann auf Informationen einfacher und schneller zugegriffen werden, da der Anwender f\u00fcr seine Auswahl lediglich intuitiv den Bildschirm ber\u00fchren muss. Dar\u00fcber hinaus ist nat\u00fcrlich weiterhin der Anschluss von Maus und Tastatur per USB m\u00f6glich.<\/div>\n<\/div>\n<div class=\"formalpara\">\n<p class=\"title\"><span class=\"bold\"><strong>24\/7 Dauerbetrieb<\/strong><\/span><\/p>\n<div class=\"para\">Der Shuttle XPC all-in-one P90U5 ist offiziell f\u00fcr den 24-Stunden-Dauerbetrieb (24\/7) freigegeben. Dank seiner niedrigen Verlustleistung und der passiven K\u00fchlung ist dieser PC besonders zuverl\u00e4ssig und somit ideal verwendbar f\u00fcr Digital Signage und POI\/POS-Anwendungen.<\/p>\n<\/div>\n<\/div>\n<p>Voraussetzungen f\u00fcr den Dauerbetrieb:<\/p>\n<div class=\"itemizedlist\">\n<ul class=\"itemizedlist\">\n<li class=\"listitem\">Umgebungstemperatur im Betrieb: 5-40 \u00b0C<\/li>\n<li class=\"listitem\">Luftfeuchtigkeit im Betrieb: 10-80 % (nicht kondensierend)<\/li>\n<li class=\"listitem\">Freie Luftzirkulation in der Umgebung des PCs<\/li>\n<li class=\"listitem\">Frei zug\u00e4ngliche L\u00fcftungsl\u00f6cher am Ger\u00e4t<\/li>\n<li class=\"listitem\">Falls eine Festplatte eingebaut wird, so muss diese vom Hersteller<\/li>\n<li class=\"listitem\">ebenfalls f\u00fcr den 24\/7-Betrieb zugelassen worden sein.<\/li>\n<\/ul>\n<\/div>\n<div class=\"formalpara\">\n<p class=\"title\"><strong>L\u00fcfterlos und leise<\/strong><\/p>\n<div class=\"para\">Der Shuttle XPC all-in-one P90U5 ist mit einem passiven K\u00fchlsystem ausgestattet, das die entstehende W\u00e4rme effizient an die Umgebung ableitet. Dank seines einzigartigen l\u00fcfterlosen Designs ist dieser PC auch in ger\u00e4uschsensiblen Umgebungen einsetzbar. Ebenso kommt es in l\u00fcfterlosen Geh\u00e4usen zu deutlich weniger Verunreinigungen durch Staub. Er ist also nicht nur leise und sparsam im Energieverbrauch, sondern auch praktisch wartungsfrei.<\/p>\n<\/div>\n<\/div>\n<div class=\"formalpara\">\n<p class=\"title\"><strong>Schutzart IP54<\/strong><\/p>\n<div class=\"para\">Die Vorderseite des Shuttle XPC all-in-one P90U5 ist nach EN-Schutzart IP54 gegen Staub und Spritzwasser gesch\u00fctzt . Somit l\u00e4sst sich dieser Allin-One PC im Innenbereich auch dort nutzen, wo die Bedienung mit nassen H\u00e4nden erfolgt oder leichte Spritzer auf den Bildschirm gelangen, wie es z. B. bei Anwendungen im Restaurant, im Labor oder bei der Produktion vorkommen kann.<\/p>\n<\/div>\n<\/div>\n<div class=\"formalpara\">\n<p class=\"title\"><strong>Optimiertes Kabelmanagement<\/strong><\/p>\n<div class=\"para\">Die meisten Anschl\u00fcsse werden auf der R\u00fcckseite nach unten herausgef\u00fchrt, so dass die Kabel geordnet vom PC weggef\u00fchrt werden k\u00f6nnen. Dies erm\u00f6glicht k\u00fcrzere Kabel und sorgt f\u00fcr ein ordentliches Erscheinungsbild auf dem Schreibtisch. Seitlich belassen wurden lediglich solche Anschl\u00fcsse, die auch von vorne leicht zug\u00e4nglich sein m\u00fcssen: Cardreader und zwei USBs.<\/div>\n<\/div>\n<\/div>\n<\/div>\n","protected":false},"excerpt":{"rendered":"<p>Mit dem Shuttle XPC all-in-one P90U5 erweitert Shuttle sein Produktangebot der All-in-One-PCs und stellt sein bisher gr\u00f6\u00dftes Modell vor. Es ist das erste im 19,5 Zoll Format mit einem kapazitiven Touchscreen. Ein Intel Ultra-Low-Voltage (ULV) Prozessor sorgt f\u00fcr eine hohe Rechenleistung bei niedrigem Stromverbrauch. Dank komplett passiver K\u00fchlung ist das System praktisch ger\u00e4uschlos, wartungsfrei und [&hellip;]<\/p>\n","protected":false},"featured_media":3389,"comment_status":"open","ping_status":"closed","template":"","meta":{"_acf_changed":false},"product_cat":[269],"product_tag":[],"acf":[],"jetpack_sharing_enabled":true,"_links":{"self":[{"href":"http:\/\/pc-direkthandel.de\/wordpress\/wp-json\/wp\/v2\/product\/3388"}],"collection":[{"href":"http:\/\/pc-direkthandel.de\/wordpress\/wp-json\/wp\/v2\/product"}],"about":[{"href":"http:\/\/pc-direkthandel.de\/wordpress\/wp-json\/wp\/v2\/types\/product"}],"replies":[{"embeddable":true,"href":"http:\/\/pc-direkthandel.de\/wordpress\/wp-json\/wp\/v2\/comments?post=3388"}],"wp:featuredmedia":[{"embeddable":true,"href":"http:\/\/pc-direkthandel.de\/wordpress\/wp-json\/wp\/v2\/media\/3389"}],"wp:attachment":[{"href":"http:\/\/pc-direkthandel.de\/wordpress\/wp-json\/wp\/v2\/media?parent=3388"}],"wp:term":[{"taxonomy":"product_cat","embeddable":true,"href":"http:\/\/pc-direkthandel.de\/wordpress\/wp-json\/wp\/v2\/product_cat?post=3388"},{"taxonomy":"product_tag","embeddable":true,"href":"http:\/\/pc-direkthandel.de\/wordpress\/wp-json\/wp\/v2\/product_tag?post=3388"}],"curies":[{"name":"wp","href":"https:\/\/api.w.org\/{rel}","templated":true}]}}