{"id":3386,"date":"2019-09-30T18:46:54","date_gmt":"2019-09-30T16:46:54","guid":{"rendered":"http:\/\/pc-direkthandel.de\/wordpress\/?post_type=product&#038;p=3386"},"modified":"2019-09-30T18:51:11","modified_gmt":"2019-09-30T16:51:11","slug":"shuttle-xpc-slim-dh02u","status":"publish","type":"product","link":"http:\/\/pc-direkthandel.de\/wordpress\/product\/shuttle-xpc-slim-dh02u\/","title":{"rendered":"SHUTTLE XPC Slim DH02U"},"content":{"rendered":"<p>Dieser platzsparende Slim-PC integriert einen sparsamen Intel ULV Prozessor und eine NVIDIA GeForce GTX 1050 MXM-Grafikkarte, die nicht weniger als vier Ultra-HD-Displays mit 60 Hz Bildwiederholrate \u00fcber HDMI 2.0b unterst\u00fctzt. Das kleine Metallgeh\u00e4use mit mitgelieferten VESA-Haltern, die Anschlussvielfalt und der zuverl\u00e4ssige Betrieb bei Temperaturen bis zu 50 \u00b0C machen dieses Produkt zur idealen Basis f\u00fcr Video Wall, Digital Signage, Kiosk, \u00dcberwachung und weitere professionelle Anwendungen.<\/p>\n","protected":false},"excerpt":{"rendered":"<p>Dieser platzsparende Slim-PC integriert einen sparsamen Intel ULV Prozessor und eine NVIDIA GeForce GTX 1050 MXM-Grafikkarte, die nicht weniger als vier Ultra-HD-Displays mit 60 Hz Bildwiederholrate \u00fcber HDMI 2.0b unterst\u00fctzt. Das kleine Metallgeh\u00e4use mit mitgelieferten VESA-Haltern, die Anschlussvielfalt und der zuverl\u00e4ssige Betrieb bei Temperaturen bis zu 50 \u00b0C machen dieses Produkt zur idealen Basis f\u00fcr [&hellip;]<\/p>\n","protected":false},"featured_media":3387,"comment_status":"open","ping_status":"closed","template":"","meta":{"_acf_changed":false},"product_cat":[269],"product_tag":[],"acf":[],"jetpack_sharing_enabled":true,"_links":{"self":[{"href":"http:\/\/pc-direkthandel.de\/wordpress\/wp-json\/wp\/v2\/product\/3386"}],"collection":[{"href":"http:\/\/pc-direkthandel.de\/wordpress\/wp-json\/wp\/v2\/product"}],"about":[{"href":"http:\/\/pc-direkthandel.de\/wordpress\/wp-json\/wp\/v2\/types\/product"}],"replies":[{"embeddable":true,"href":"http:\/\/pc-direkthandel.de\/wordpress\/wp-json\/wp\/v2\/comments?post=3386"}],"wp:featuredmedia":[{"embeddable":true,"href":"http:\/\/pc-direkthandel.de\/wordpress\/wp-json\/wp\/v2\/media\/3387"}],"wp:attachment":[{"href":"http:\/\/pc-direkthandel.de\/wordpress\/wp-json\/wp\/v2\/media?parent=3386"}],"wp:term":[{"taxonomy":"product_cat","embeddable":true,"href":"http:\/\/pc-direkthandel.de\/wordpress\/wp-json\/wp\/v2\/product_cat?post=3386"},{"taxonomy":"product_tag","embeddable":true,"href":"http:\/\/pc-direkthandel.de\/wordpress\/wp-json\/wp\/v2\/product_tag?post=3386"}],"curies":[{"name":"wp","href":"https:\/\/api.w.org\/{rel}","templated":true}]}}