{"id":3341,"date":"2019-09-29T21:35:10","date_gmt":"2019-09-29T19:35:10","guid":{"rendered":"http:\/\/pc-direkthandel.de\/wordpress\/?post_type=product&#038;p=3341"},"modified":"2019-09-29T21:39:11","modified_gmt":"2019-09-29T19:39:11","slug":"vaio-a12","status":"publish","type":"product","link":"http:\/\/pc-direkthandel.de\/wordpress\/product\/vaio-a12\/","title":{"rendered":"VAIO A12"},"content":{"rendered":"<p>VAIO ist zur\u00fcck! Hochwertige Materialien, neueste Komponenten gepaart mit der typischen Anschlussvielfalt sorgen f\u00fcr ein imposantes Comeback ohne Kompromisse.<\/p>\n<div class=\"itemizedlist\">\n<ul class=\"itemizedlist\">\n<li class=\"listitem\"><span class=\"bold\"><strong>VAIO A12: Das Multitalent<\/strong><\/span> &#8211; In dem schlanken Geh\u00e4use aus hochwertigem Material verbergen sich wahlweise ein vollwertiges Tablet &#8211; oder ein komplettes Notebook. Die Anwendungsszenarien sind vielf\u00e4ltig &#8211; die Freiheit zur Entscheidung liegt beim Nutzer!<\/li>\n<li class=\"listitem\"><span class=\"bold\"><strong>Key Features<\/strong><\/span> &#8211; Das neue VAIO A12 ist ein 2-in-1-Ger\u00e4t und bietet alle Vorteile eines Notebooks und eines Tablets zusammen. Die M\u00f6glichkeiten im Alltag sind damit vielf\u00e4ltig: Ein ideales Ger\u00e4t f\u00fcr Arbeitsplatz und auf Reise.<\/li>\n<li class=\"listitem\"><span class=\"bold\"><strong>Qualit\u00e4t und Material<\/strong><\/span> &#8211; Das Geh\u00e4use aus Magnesium und Aluminium ist ultraleicht, widerstandsf\u00e4hig und elegant. Die hochwertige Verarbeitung macht das VAIO A12 zum haptischen und technischen Erlebnis.<\/li>\n<li class=\"listitem\"><span class=\"bold\"><strong>Anschlussvielfalt <\/strong><\/span>&#8211; Das VAIO A12 braucht kein einziges Adapterkabel: Ob VGA, HDMI, SD-Kartenleser, USB Type-C\u2122 und USB 3.1 oder LAN und WLAN machen das A12 zum Allrounder im B\u00fcro, Meetingraum, Wohnzimmer und auf Reisen.<\/li>\n<li class=\"listitem\"><span class=\"bold\"><strong>Detachable <\/strong><\/span>&#8211; Das Dock des VAIO A12 ist magnetisch und leitet das Tablet fast von Geisterhand in die richtige Position. Mit einem satten Klick rasten beide Teile zusammen, und in wenigen Sekundenbruchteilen steht Ihnen der volle Komfort eines Notebooks zur Verf\u00fcgung.<\/li>\n<li class=\"listitem\"><span class=\"bold\"><strong>Globales 4G\/LTE Modul<\/strong><\/span> &#8211; F\u00fcr weltweite Mobilit\u00e4t verf\u00fcgt das VAIO A12 \u00fcber ein eingebautes 4G\/LTE-Modul: microSIM einstecken, online gehen. An jedem Ort der Welt mit mobiler Datenanbindung k\u00f6nnen Sie mobil im Internet arbeiten, ohne nach einem verf\u00fcgbaren WLAN suchen zu m\u00fcssen.<\/li>\n<li class=\"listitem\"><span class=\"bold\"><strong>Stabilizer Flap<\/strong><\/span> &#8211; Die VAIO Stabilizer Flap sorgt f\u00fcr sicheren Stand des A12 und eine zum Nutzer geneigte Tastatur. Zudem steht das Ger\u00e4t so auch v\u00f6llig kippsicher, wenn bei einem gr\u00f6\u00dferen \u00d6ffnungswinkel der Touchscreen bedient wird.<\/li>\n<li class=\"listitem\"><span class=\"bold\"><strong>Pen Support<\/strong><\/span> &#8211; Mit dem hochwertigen VAIO Digitizer Pen l\u00e4sst sich das Multitouch-Display ideal verwenden und macht die Nutzung von Kreativ-Software zum Vergn\u00fcgen. Mit dem nat\u00fcrlichen Gef\u00fchl eines Stiftes k\u00f6nnen Sie digital zeichnen, malen, Notizen erstellen &#8211; und das, ohne l\u00e4stige fingerspuren am Bildschirm.<\/li>\n<li class=\"listitem\"><span class=\"bold\"><strong>Leichtgewicht<\/strong><\/span> &#8211; Das VAIO A12 wiegt nur ein knappes Kilogramm &#8211; ideal f\u00fcr Mobilit\u00e4t an jedem Ort der Welt. Und dank seiner kompakten Bauweise auch f\u00fcr das Handgep\u00e4ck auf dem Weg dorthin.<\/li>\n<li class=\"listitem\"><span class=\"bold\"><strong>Mobil ohne Steckdose<\/strong><\/span> &#8211; Mit einer vollen Ladung des Akkus sind Sie mit dem VAIO A12 einen Arbeitstag lang mobil und flexibel. Je nach genutzten Anwendungen betr\u00e4gt die Laufzeit maximal 7,5 Stunden(1). Kein Kabel schr\u00e4nkt Sie ein &#8211; Sie entscheiden, wo Sie Ihr VAIO nutzen wollen.<\/li>\n<li class=\"listitem\"><span class=\"bold\"><strong>Security Features<\/strong><\/span> &#8211; Entsperren Sie Ihr VAIO A12 mit Ihrem Fingerabdruck &#8211; oder Ihrem Gesicht. Das Ger\u00e4t ist mit Windows Hello kompatibel und bietet h\u00f6chste Sicherheit dank integriertem Fingerabdruckscanner und Gesichtserkennung per Infrarotkamera.<\/li>\n<li class=\"listitem\"><span class=\"bold\"><strong>Unser Testlabor<\/strong><\/span> &#8211; Bereits in der Entwicklung durchlaufen unsere Ger\u00e4te einen strengen Zyklus aus verschiedenen Labortests. Wir simulieren die h\u00e4rtesten Bedingungen, die einem Notebook oder einem Tablet zusto\u00dfen k\u00f6nnen.<\/li>\n<\/ul>\n<\/div>\n<p><sup>(1) Laufzeittests werden unter Laborbedingungen durchgef\u00fchrt. Die tats\u00e4chliche Laufzeit kann basierend auf der Spezifikation und der Verwendung des Ger\u00e4tes sowie Umweltfaktoren variieren.<\/sup><\/p>\n","protected":false},"excerpt":{"rendered":"<p>VAIO ist zur\u00fcck! Hochwertige Materialien, neueste Komponenten gepaart mit der typischen Anschlussvielfalt sorgen f\u00fcr ein imposantes Comeback ohne Kompromisse. VAIO A12: Das Multitalent &#8211; In dem schlanken Geh\u00e4use aus hochwertigem Material verbergen sich wahlweise ein vollwertiges Tablet &#8211; oder ein komplettes Notebook. Die Anwendungsszenarien sind vielf\u00e4ltig &#8211; die Freiheit zur Entscheidung liegt beim Nutzer! Key [&hellip;]<\/p>\n","protected":false},"featured_media":3342,"comment_status":"open","ping_status":"closed","template":"","meta":{"_acf_changed":false},"product_cat":[265],"product_tag":[],"acf":[],"jetpack_sharing_enabled":true,"_links":{"self":[{"href":"http:\/\/pc-direkthandel.de\/wordpress\/wp-json\/wp\/v2\/product\/3341"}],"collection":[{"href":"http:\/\/pc-direkthandel.de\/wordpress\/wp-json\/wp\/v2\/product"}],"about":[{"href":"http:\/\/pc-direkthandel.de\/wordpress\/wp-json\/wp\/v2\/types\/product"}],"replies":[{"embeddable":true,"href":"http:\/\/pc-direkthandel.de\/wordpress\/wp-json\/wp\/v2\/comments?post=3341"}],"wp:featuredmedia":[{"embeddable":true,"href":"http:\/\/pc-direkthandel.de\/wordpress\/wp-json\/wp\/v2\/media\/3342"}],"wp:attachment":[{"href":"http:\/\/pc-direkthandel.de\/wordpress\/wp-json\/wp\/v2\/media?parent=3341"}],"wp:term":[{"taxonomy":"product_cat","embeddable":true,"href":"http:\/\/pc-direkthandel.de\/wordpress\/wp-json\/wp\/v2\/product_cat?post=3341"},{"taxonomy":"product_tag","embeddable":true,"href":"http:\/\/pc-direkthandel.de\/wordpress\/wp-json\/wp\/v2\/product_tag?post=3341"}],"curies":[{"name":"wp","href":"https:\/\/api.w.org\/{rel}","templated":true}]}}