{"id":3338,"date":"2019-09-29T21:25:12","date_gmt":"2019-09-29T19:25:12","guid":{"rendered":"http:\/\/pc-direkthandel.de\/wordpress\/?post_type=product&#038;p=3338"},"modified":"2019-09-29T21:41:47","modified_gmt":"2019-09-29T19:41:47","slug":"vaio-sx14","status":"publish","type":"product","link":"http:\/\/pc-direkthandel.de\/wordpress\/product\/vaio-sx14\/","title":{"rendered":"VAIO SX14"},"content":{"rendered":"<p>VAIO ist zur\u00fcck! Hochwertige Materialien, neueste Komponenten gepaart mit der typischen Anschlussvielfalt sorgen f\u00fcr ein imposantes Comeback ohne Kompromisse.<\/p>\n<div class=\"itemizedlist\">\n<ul class=\"itemizedlist\">\n<li class=\"listitem\"><span class=\"bold\"><strong>Ein Allrounder, pur und dynamisch<\/strong><\/span> &#8211; Das Display: nahezu keine R\u00e4nder. Der Prozessor: Schneller als von Intel\u00ae konfiguriert. Anschl\u00fcsse: kein Adapter ist n\u00f6tig. Das SX14 erf\u00fcllt h\u00f6chste Anspr\u00fcche, das Geh\u00e4use besteht aus Carbon und Aluminium und ist in drei Farben erh\u00e4ltlich. Mit TruePerformance erm\u00f6glicht das VAIO SX14 eine optimale Leistungsausbeute der verbauten Prozessoren.<\/li>\n<li class=\"listitem\"><span class=\"bold\"><strong>Key Features<\/strong><\/span> &#8211; Als Flaggschiff bekommt das VAIO SX14 einen besonderen Schub: Mit TruePerformance, der VAIO-eigenen Technologie, wird die Rechenleistung des SX14 optimal an die Erfordernisse angepasst.<\/li>\n<li class=\"listitem\"><span class=\"bold\"><strong>TruePerformance <\/strong><\/span>&#8211; Mit VAIO TruePerformance holen wir das Maximum aus den Intel\u00ae Core\u2122 i7 und i5-Prozessoren. Mit einer eigenen Architektur sind K\u00fchlung und Leistungsmanagement umfassend f\u00fcr H\u00f6chstleistungen optimiert.<\/li>\n<li class=\"listitem\"><span class=\"bold\"><strong>Qualit\u00e4t und Material<\/strong><\/span> &#8211; Das SX14 ist in Carbon und Aluminium eingekleidet, handwerklich hochwertig und passgenau verarbeitet. Neben der Optik erm\u00f6glicht das Ger\u00e4t so auch einen sicheren Einsatz \u00fcber eine lange Zeit.<\/li>\n<li class=\"listitem\"><span class=\"bold\"><strong>Anschlussvielfalt <\/strong><\/span>&#8211; Das VAIO SX14 braucht kein Adapterkabel: Ob VGA, HDMI, SD-Kartenleser, USB Type-C\u2122 und USB 3.1 oder LAN und WLAN machen das SX14 zum Allrounder im B\u00fcro, Meetingraum, Wohnzimmer und auf Reisen.<\/li>\n<li class=\"listitem\"><span class=\"bold\"><strong>Globales 4G\/LTE Modul<\/strong><\/span> &#8211; F\u00fcr weltweite Mobilit\u00e4t verf\u00fcgt das SX14 \u00fcber ein 4G\/LTE-Modul: microSIM einstecken und online gehen. An jedem Ort der Welt mit Datenverbindung \u00fcber Mobilnetze sind Sie unabh\u00e4ngig und m\u00fcssen nicht auf ein verf\u00fcgbares WLAN hoffen.<\/li>\n<li class=\"listitem\"><span class=\"bold\"><strong>Viel Bildschirm, wenig Geh\u00e4use<\/strong><\/span> &#8211; Mit dem VAIO SX14 geben wir Ihnen so viel sichtbare Bildfl\u00e4che wie nur m\u00f6glich \u2013 eine exzellente Screen-to-Body-Ratio. Die Qualit\u00e4t leidet dabei nicht: Umfangreiche Tests des Displays haben seine mechanische Belastbarkeit gezeigt.<\/li>\n<li class=\"listitem\"><span class=\"bold\"><strong>Leichtgewicht <\/strong><\/span>&#8211; Das VAIO SX14 wiegt nur 999 Gramm: Ein echtes Leichtgewicht, trotz der hochwertigen Geh\u00e4usematerialien. Damit liegt es gut in der Hand, ergonomisch und angenehm zu nutzen.<\/li>\n<li class=\"listitem\"><span class=\"bold\"><strong>Keyboard Lift<\/strong><\/span> &#8211; Vielschreiber wissen es zu sch\u00e4tzen: Eine stabile Tastatur, die sich dank der ausgekl\u00fcgelten Scharniertechnik zum Benutzer neigt. So werden auch lange Texte zum Schreibvergn\u00fcgen &#8211; auch unter schlechten Lichtverh\u00e4ltnissen dank der Hintergrundbeleuchtung der Tastatur.<\/li>\n<li class=\"listitem\"><span class=\"bold\"><strong>Unabh\u00e4ngig von der Steckdose<\/strong><\/span> &#8211; Mit 8,5 Stunden maximaler Akkulaufzeit (1) gibt das SX14 die volle Unabh\u00e4ngigkeit zur Entscheidung, wo man mit dem Ger\u00e4t arbeiten m\u00f6chte. Eine Akkuladung reicht f\u00fcr einen vollen Arbeitstag aus.<\/li>\n<li class=\"listitem\"><span class=\"bold\"><strong>Security Features<\/strong><\/span> &#8211; Das VAIO SX14 k\u00f6nnen Sie mit einem Fingerabdruck entsperren. So haben Sie jederzeit die volle Kontrolle \u00fcber Ihre pers\u00f6nlichen Daten, wichtige gesch\u00e4ftliche Unterlagen und alles weitere.<\/li>\n<li class=\"listitem\"><span class=\"bold\"><strong>Testlabor <\/strong><\/span>&#8211; Bereits in der Entwicklung durchlaufen unsere Ger\u00e4te einen strengen Zyklus aus verschiedenen Labortests. Wir simulieren die h\u00e4rtesten Bedingungen, die einem Notebook oder einem Tablet zusto\u00dfen k\u00f6nnen.<\/li>\n<\/ul>\n<\/div>\n<p><sup>(1) Laufzeittests werden unter Laborbedingungen durchgef\u00fchrt. Die tats\u00e4chliche Laufzeit kann basierend auf der Spezifikation und der Verwendung des Ger\u00e4tes sowie Umweltfaktoren variieren.<\/sup><\/p>\n","protected":false},"excerpt":{"rendered":"<p>VAIO ist zur\u00fcck! Hochwertige Materialien, neueste Komponenten gepaart mit der typischen Anschlussvielfalt sorgen f\u00fcr ein imposantes Comeback ohne Kompromisse. Ein Allrounder, pur und dynamisch &#8211; Das Display: nahezu keine R\u00e4nder. Der Prozessor: Schneller als von Intel\u00ae konfiguriert. Anschl\u00fcsse: kein Adapter ist n\u00f6tig. Das SX14 erf\u00fcllt h\u00f6chste Anspr\u00fcche, das Geh\u00e4use besteht aus Carbon und Aluminium und [&hellip;]<\/p>\n","protected":false},"featured_media":3339,"comment_status":"open","ping_status":"closed","template":"","meta":{"_acf_changed":false},"product_cat":[265],"product_tag":[],"acf":[],"jetpack_sharing_enabled":true,"_links":{"self":[{"href":"http:\/\/pc-direkthandel.de\/wordpress\/wp-json\/wp\/v2\/product\/3338"}],"collection":[{"href":"http:\/\/pc-direkthandel.de\/wordpress\/wp-json\/wp\/v2\/product"}],"about":[{"href":"http:\/\/pc-direkthandel.de\/wordpress\/wp-json\/wp\/v2\/types\/product"}],"replies":[{"embeddable":true,"href":"http:\/\/pc-direkthandel.de\/wordpress\/wp-json\/wp\/v2\/comments?post=3338"}],"wp:featuredmedia":[{"embeddable":true,"href":"http:\/\/pc-direkthandel.de\/wordpress\/wp-json\/wp\/v2\/media\/3339"}],"wp:attachment":[{"href":"http:\/\/pc-direkthandel.de\/wordpress\/wp-json\/wp\/v2\/media?parent=3338"}],"wp:term":[{"taxonomy":"product_cat","embeddable":true,"href":"http:\/\/pc-direkthandel.de\/wordpress\/wp-json\/wp\/v2\/product_cat?post=3338"},{"taxonomy":"product_tag","embeddable":true,"href":"http:\/\/pc-direkthandel.de\/wordpress\/wp-json\/wp\/v2\/product_tag?post=3338"}],"curies":[{"name":"wp","href":"https:\/\/api.w.org\/{rel}","templated":true}]}}