{"id":3212,"date":"2019-09-26T22:06:35","date_gmt":"2019-09-26T20:06:35","guid":{"rendered":"http:\/\/pc-direkthandel.de\/wordpress\/?post_type=product&#038;p=3212"},"modified":"2019-09-26T22:08:34","modified_gmt":"2019-09-26T20:08:34","slug":"medion-akoya-s6445-2","status":"publish","type":"product","link":"http:\/\/pc-direkthandel.de\/wordpress\/product\/medion-akoya-s6445-2\/","title":{"rendered":"MEDION Akoya S6445"},"content":{"rendered":"<p><strong>Schlank, stark, flexibel<\/strong><br \/>\nMit diesem Notebook von MEDION schnappst Du Dir einen gut ausgestatteten Alltagsbegleiter, der obendrein unversch\u00e4mt gut aussieht. Der Laptop mit edler Aluminium-Oberfl\u00e4che ist lediglich 17,9 Millimeter d\u00fcnn und durch ein Gewicht von gerade einmal 1,8 Kilogramm problemlos \u00fcberall dabei. Auf starke Rechenleistung musst Du dabei nicht verzichten. Der Intel\u00ae Core\u2122 i5-8265U Prozessor macht auch anspruchsvollere Bild- oder Videobearbeitung zum Genuss. Multimedia-Unterhaltung in Full HD-Qualit\u00e4t genie\u00dft Du auf dem brillanten, klaren 15-Zoll-Display.<\/p>\n<p><strong>Allzeit bereit<\/strong><br \/>\nDu hast keine Lust auf Ladepausen? Die verk\u00fcrzt Dir dieses Notebook durch seine Schnellladefunktion. In 60 Minuten ist der Akku um bis zu 80 Prozent geladen. Durch die rasant schnelle SSD mit 512 GB geh\u00f6ren auch Wartezeiten beim Systemstart oder beim Laden von Programmen der Vergangenheit an. So kannst Du Dich zum Beispiel auf Zugreisen entspannt zur\u00fccklehnen und Deine Lieblings-Medien genie\u00dfen. Die hast Du auf der zus\u00e4tzlich integrierten und 1.000 GByte starken Festplatte immer griffbereit. Produktiver arbeiten und beste Unterhaltung genie\u00dfen &#8211; mit diesem MEDION Notebook bist Du f\u00fcr alles ger\u00fcstet.<\/p>\n","protected":false},"excerpt":{"rendered":"<p>Schlank, stark, flexibel Mit diesem Notebook von MEDION schnappst Du Dir einen gut ausgestatteten Alltagsbegleiter, der obendrein unversch\u00e4mt gut aussieht. Der Laptop mit edler Aluminium-Oberfl\u00e4che ist lediglich 17,9 Millimeter d\u00fcnn und durch ein Gewicht von gerade einmal 1,8 Kilogramm problemlos \u00fcberall dabei. Auf starke Rechenleistung musst Du dabei nicht verzichten. Der Intel\u00ae Core\u2122 i5-8265U Prozessor [&hellip;]<\/p>\n","protected":false},"featured_media":3200,"comment_status":"open","ping_status":"closed","template":"","meta":{"_acf_changed":false},"product_cat":[245],"product_tag":[],"acf":[],"jetpack_sharing_enabled":true,"_links":{"self":[{"href":"http:\/\/pc-direkthandel.de\/wordpress\/wp-json\/wp\/v2\/product\/3212"}],"collection":[{"href":"http:\/\/pc-direkthandel.de\/wordpress\/wp-json\/wp\/v2\/product"}],"about":[{"href":"http:\/\/pc-direkthandel.de\/wordpress\/wp-json\/wp\/v2\/types\/product"}],"replies":[{"embeddable":true,"href":"http:\/\/pc-direkthandel.de\/wordpress\/wp-json\/wp\/v2\/comments?post=3212"}],"wp:featuredmedia":[{"embeddable":true,"href":"http:\/\/pc-direkthandel.de\/wordpress\/wp-json\/wp\/v2\/media\/3200"}],"wp:attachment":[{"href":"http:\/\/pc-direkthandel.de\/wordpress\/wp-json\/wp\/v2\/media?parent=3212"}],"wp:term":[{"taxonomy":"product_cat","embeddable":true,"href":"http:\/\/pc-direkthandel.de\/wordpress\/wp-json\/wp\/v2\/product_cat?post=3212"},{"taxonomy":"product_tag","embeddable":true,"href":"http:\/\/pc-direkthandel.de\/wordpress\/wp-json\/wp\/v2\/product_tag?post=3212"}],"curies":[{"name":"wp","href":"https:\/\/api.w.org\/{rel}","templated":true}]}}