{"id":3205,"date":"2019-09-26T21:56:17","date_gmt":"2019-09-26T19:56:17","guid":{"rendered":"http:\/\/pc-direkthandel.de\/wordpress\/?post_type=product&#038;p=3205"},"modified":"2019-09-26T21:57:37","modified_gmt":"2019-09-26T19:57:37","slug":"medion-akoya-e4251-3","status":"publish","type":"product","link":"http:\/\/pc-direkthandel.de\/wordpress\/product\/medion-akoya-e4251-3\/","title":{"rendered":"MEDION Akoya E4251"},"content":{"rendered":"<p><strong>Schlank und vielseitig<\/strong><br \/>\nDas neue Notebook MEDION AKOYA E4251 ist der optimale Begleiter f\u00fcr Deinen Alltag, denn es ist leicht, elegant und flexibel. Erlebe Produktivit\u00e4t und beste Unterhaltung im perfekten Formfaktor, egal ob Du am Schreibtisch sitzt, auf dem Sofa entspannst oder unterwegs bist.<\/p>\n<p><strong>Smartes Scharnier<\/strong><br \/>\nMit dem 180-Grad-Scharnier kannst Du das Notebook besonders flexibel nutzen und es zum Beispiel auch flach auf den Tisch legen \u2013 ideal, wenn Du der Familie und Freunden Bilder zeigen m\u00f6chtest oder Deinen Kollegen eine Pr\u00e4sentation vorf\u00fchrst. Seine hervorragende Bildqualit\u00e4t und der schmale Display-Rahmen bringen Deine Fotos und Filme exzellent zur Geltung.<\/p>\n<p><strong>Erweiterbares Marathon-Notebook<\/strong><br \/>\nDas MEDION AKOYA E4251 schaut aber nicht nur hervorragend aus, sondern ist auch besonders vielseitig. Mit seiner langen Akkulaufzeit macht es garantiert nicht schlapp, auch wenn Du l\u00e4nger unterwegs bist.<\/p>\n","protected":false},"excerpt":{"rendered":"<p>Schlank und vielseitig Das neue Notebook MEDION AKOYA E4251 ist der optimale Begleiter f\u00fcr Deinen Alltag, denn es ist leicht, elegant und flexibel. Erlebe Produktivit\u00e4t und beste Unterhaltung im perfekten Formfaktor, egal ob Du am Schreibtisch sitzt, auf dem Sofa entspannst oder unterwegs bist. Smartes Scharnier Mit dem 180-Grad-Scharnier kannst Du das Notebook besonders flexibel [&hellip;]<\/p>\n","protected":false},"featured_media":3198,"comment_status":"open","ping_status":"closed","template":"","meta":{"_acf_changed":false},"product_cat":[245],"product_tag":[],"acf":[],"jetpack_sharing_enabled":true,"_links":{"self":[{"href":"http:\/\/pc-direkthandel.de\/wordpress\/wp-json\/wp\/v2\/product\/3205"}],"collection":[{"href":"http:\/\/pc-direkthandel.de\/wordpress\/wp-json\/wp\/v2\/product"}],"about":[{"href":"http:\/\/pc-direkthandel.de\/wordpress\/wp-json\/wp\/v2\/types\/product"}],"replies":[{"embeddable":true,"href":"http:\/\/pc-direkthandel.de\/wordpress\/wp-json\/wp\/v2\/comments?post=3205"}],"wp:featuredmedia":[{"embeddable":true,"href":"http:\/\/pc-direkthandel.de\/wordpress\/wp-json\/wp\/v2\/media\/3198"}],"wp:attachment":[{"href":"http:\/\/pc-direkthandel.de\/wordpress\/wp-json\/wp\/v2\/media?parent=3205"}],"wp:term":[{"taxonomy":"product_cat","embeddable":true,"href":"http:\/\/pc-direkthandel.de\/wordpress\/wp-json\/wp\/v2\/product_cat?post=3205"},{"taxonomy":"product_tag","embeddable":true,"href":"http:\/\/pc-direkthandel.de\/wordpress\/wp-json\/wp\/v2\/product_tag?post=3205"}],"curies":[{"name":"wp","href":"https:\/\/api.w.org\/{rel}","templated":true}]}}