{"id":3192,"date":"2019-09-26T21:33:44","date_gmt":"2019-09-26T19:33:44","guid":{"rendered":"http:\/\/pc-direkthandel.de\/wordpress\/?post_type=product&#038;p=3192"},"modified":"2019-09-26T21:36:35","modified_gmt":"2019-09-26T19:36:35","slug":"medion-akoya-e17201","status":"publish","type":"product","link":"http:\/\/pc-direkthandel.de\/wordpress\/product\/medion-akoya-e17201\/","title":{"rendered":"MEDION Akoya E17201"},"content":{"rendered":"<p><strong>Elegant und kompakt<\/strong><br \/>\nDas MEDION AKOYA Notebook kombiniert starke Leistung und mobile Flexibilit\u00e4t. Mit seinem besonders leichten und flachen Design begleitet es Dich dorthin, wo Du es brauchst und bietet Dir gleichzeitig eine optimale Arbeitsumgebung: Das gro\u00dfz\u00fcgig bemessene Full-HD-Display mit einer Diagonale von 17,3 Zoll besitzt einen besonders schmalen Rand, sodass Du ein breites Bild auf m\u00f6glichst effiziente Weise genie\u00dfen kannst. Ein graues Aluminiumgeh\u00e4use vervollst\u00e4ndigt die elegante Optik. Setze das AKOYA Notebook zum Arbeiten oder zum Abspielen von Videos und Streaming-Inhalten ein \u2013 damit Deine Zeit immer und \u00fcberall optimal genutzt ist.<\/p>\n<p><strong>Unterwegs immer dabei<\/strong><br \/>\nWeil das AKOYA Notebook von MEDION \u00fcber einen leistungsf\u00e4higen Akku inklusive Schnellladefunktion verf\u00fcgt, kannst Du es unterwegs flexibel handhaben. Lade den Akku innerhalb von einer Stunde fast vollst\u00e4ndig auf und betreibe das Notebook mit einer Ladung f\u00fcr bis zu dreieinhalb Stunden am St\u00fcck. F\u00fcr zus\u00e4tzliche Flexibilit\u00e4t und komfortable Bedienung sorgt das vorinstallierte Betriebssystem Windows 10 Home inklusive der Sprachassistenz-Software Cortana.<\/p>\n","protected":false},"excerpt":{"rendered":"<p>Elegant und kompakt Das MEDION AKOYA Notebook kombiniert starke Leistung und mobile Flexibilit\u00e4t. Mit seinem besonders leichten und flachen Design begleitet es Dich dorthin, wo Du es brauchst und bietet Dir gleichzeitig eine optimale Arbeitsumgebung: Das gro\u00dfz\u00fcgig bemessene Full-HD-Display mit einer Diagonale von 17,3 Zoll besitzt einen besonders schmalen Rand, sodass Du ein breites Bild [&hellip;]<\/p>\n","protected":false},"featured_media":3193,"comment_status":"open","ping_status":"closed","template":"","meta":{"_acf_changed":false},"product_cat":[245],"product_tag":[],"acf":[],"jetpack_sharing_enabled":true,"_links":{"self":[{"href":"http:\/\/pc-direkthandel.de\/wordpress\/wp-json\/wp\/v2\/product\/3192"}],"collection":[{"href":"http:\/\/pc-direkthandel.de\/wordpress\/wp-json\/wp\/v2\/product"}],"about":[{"href":"http:\/\/pc-direkthandel.de\/wordpress\/wp-json\/wp\/v2\/types\/product"}],"replies":[{"embeddable":true,"href":"http:\/\/pc-direkthandel.de\/wordpress\/wp-json\/wp\/v2\/comments?post=3192"}],"wp:featuredmedia":[{"embeddable":true,"href":"http:\/\/pc-direkthandel.de\/wordpress\/wp-json\/wp\/v2\/media\/3193"}],"wp:attachment":[{"href":"http:\/\/pc-direkthandel.de\/wordpress\/wp-json\/wp\/v2\/media?parent=3192"}],"wp:term":[{"taxonomy":"product_cat","embeddable":true,"href":"http:\/\/pc-direkthandel.de\/wordpress\/wp-json\/wp\/v2\/product_cat?post=3192"},{"taxonomy":"product_tag","embeddable":true,"href":"http:\/\/pc-direkthandel.de\/wordpress\/wp-json\/wp\/v2\/product_tag?post=3192"}],"curies":[{"name":"wp","href":"https:\/\/api.w.org\/{rel}","templated":true}]}}