{"id":3098,"date":"2019-09-25T17:04:07","date_gmt":"2019-09-25T15:04:07","guid":{"rendered":"http:\/\/pc-direkthandel.de\/wordpress\/?post_type=product&#038;p=3098"},"modified":"2019-09-25T17:26:36","modified_gmt":"2019-09-25T15:26:36","slug":"blindshell-2","status":"publish","type":"product","link":"http:\/\/pc-direkthandel.de\/wordpress\/product\/blindshell-2\/","title":{"rendered":"BlindShell 2"},"content":{"rendered":"<p><strong>BlindShell 2 &#8211; Blinden-Smartphone:<\/strong><\/p>\n<p>Smartphone f\u00fcr blinde und sehgesch\u00e4digte Menschen. Mit Sprachausgabe und Textspracheingabe. Besonders leichte, intuitive Bedienung und mit vielen vorinstallierten n\u00fctzlichen Apps.<\/p>\n<ul>\n<li>Smartphone f\u00fcr blinde und sehgesch\u00e4digte Menschen<\/li>\n<li>Mit Sprachausgabe<\/li>\n<li>Textspracheingabe &#8211; SMS und Emails einfach diktieren<\/li>\n<li>Intuitive, einfache Bedienung<\/li>\n<li>Hilfsmittel wie Banknoten- und Farberkennung<\/li>\n<li>TapTap See App identifiziert Gegenst\u00e4nde<\/li>\n<li>Lupe zum Lesen und Betrachten von Texten, Dokumenten und Fotos<\/li>\n<li>Internetfunktion, Email, Whatsapp, Facebook<\/li>\n<li>MP3-Player und H\u00f6rbuch-App mit Vorlesefunktion<\/li>\n<li>Integrierte Bedienungsanleitung zum einfachen Nachschlagen<\/li>\n<li>Diktierger\u00e4t, Taschenrechner, Kalender und Radio<\/li>\n<li>Technische Daten: Betriebssystem Android 5.1<\/li>\n<li>WLAN, Bluetooth 4, GPS<\/li>\n<li>Akku 2200 mAh<\/li>\n<li>Dual-Sim Funktion<\/li>\n<\/ul>\n","protected":false},"excerpt":{"rendered":"<p>BlindShell 2 &#8211; Blinden-Smartphone: Smartphone f\u00fcr blinde und sehgesch\u00e4digte Menschen. Mit Sprachausgabe und Textspracheingabe. Besonders leichte, intuitive Bedienung und mit vielen vorinstallierten n\u00fctzlichen Apps. Smartphone f\u00fcr blinde und sehgesch\u00e4digte Menschen Mit Sprachausgabe Textspracheingabe &#8211; SMS und Emails einfach diktieren Intuitive, einfache Bedienung Hilfsmittel wie Banknoten- und Farberkennung TapTap See App identifiziert Gegenst\u00e4nde Lupe zum Lesen [&hellip;]<\/p>\n","protected":false},"featured_media":3100,"comment_status":"open","ping_status":"closed","template":"","meta":{"_acf_changed":false},"product_cat":[222],"product_tag":[],"acf":[],"jetpack_sharing_enabled":true,"_links":{"self":[{"href":"http:\/\/pc-direkthandel.de\/wordpress\/wp-json\/wp\/v2\/product\/3098"}],"collection":[{"href":"http:\/\/pc-direkthandel.de\/wordpress\/wp-json\/wp\/v2\/product"}],"about":[{"href":"http:\/\/pc-direkthandel.de\/wordpress\/wp-json\/wp\/v2\/types\/product"}],"replies":[{"embeddable":true,"href":"http:\/\/pc-direkthandel.de\/wordpress\/wp-json\/wp\/v2\/comments?post=3098"}],"wp:featuredmedia":[{"embeddable":true,"href":"http:\/\/pc-direkthandel.de\/wordpress\/wp-json\/wp\/v2\/media\/3100"}],"wp:attachment":[{"href":"http:\/\/pc-direkthandel.de\/wordpress\/wp-json\/wp\/v2\/media?parent=3098"}],"wp:term":[{"taxonomy":"product_cat","embeddable":true,"href":"http:\/\/pc-direkthandel.de\/wordpress\/wp-json\/wp\/v2\/product_cat?post=3098"},{"taxonomy":"product_tag","embeddable":true,"href":"http:\/\/pc-direkthandel.de\/wordpress\/wp-json\/wp\/v2\/product_tag?post=3098"}],"curies":[{"name":"wp","href":"https:\/\/api.w.org\/{rel}","templated":true}]}}