{"id":3084,"date":"2019-09-25T16:13:09","date_gmt":"2019-09-25T14:13:09","guid":{"rendered":"http:\/\/pc-direkthandel.de\/wordpress\/?post_type=product&#038;p=3084"},"modified":"2019-09-25T16:18:13","modified_gmt":"2019-09-25T14:18:13","slug":"blackberry-p9982-porsche-design","status":"publish","type":"product","link":"http:\/\/pc-direkthandel.de\/wordpress\/product\/blackberry-p9982-porsche-design\/","title":{"rendered":"BlackBerry P9982 Porsche Design"},"content":{"rendered":"<p><b>Productivity designed for you.<\/b><\/p>\n<p>Tauchen Sie ein in die exklusive Welt des Porsche Design P&#8217;9982 Smartphones von BlackBerry\u00ae. Erleben Sie die Leistung von BlackBerry\u00ae 10 kombiniert mit dem einzigartigen Design eines erlesenen Ger\u00e4ts.<\/p>\n<p><b>Einzigartiges Design f\u00fcr Sie!<\/b><\/p>\n<p>Das P&#8217;9982 von BlackBerry wurde exklusiv von Porsche Design und BlackBerry\u00ae entwickelt und mit gr\u00f6\u00dfter Sorgfalt hergestellt. Seidenmatter Edelstahl auf der Vorderseite wird erg\u00e4nzt durch eine von Hand gearbeitete R\u00fcckseite aus feinstem italienischen Leder. Das unverkennbare Design setzt sich elegant im intuitiven BlackBerry 10 OS mit anpassbarem Startbildschirm, Uhr, Klingelt\u00f6nen und Signatur fort. Mit dem P\u20199982 geh\u00f6ren Sie einer besonderen BBM\u00ae PIN Gruppe an, die eigens f\u00fcr Nutzer des P&#8217;9982 von BlackBerry reserviert ist. Zeigen Sie mit Ihrer PIN, dass Sie zu einem weltweit exklusiven Kundenkreis geh\u00f6ren.<\/p>\n<p><b>M\u00fcheloses reaktionsf\u00e4higes Tippen<\/b><\/p>\n<p>Schreiben Sie schneller und genauer als je zuvor auf einer Touchscreen-Tastatur. Die Tastatur erlernt Ihren Schreibstil und schl\u00e4gt genau auf Sie zugeschnittene W\u00f6rter aktiv vor, die Sie mit einem Wisch in Ihre Nachricht schieben k\u00f6nnen.<\/p>\n<p><b>BlackBerry 10 OS<\/b><\/p>\n<p>Das Porsche Design P&#8217;9982 von BlackBerry basiert auf BlackBerry\u00ae 10 OS, dessen Funktionen Sie produktiver machen und Ihnen eine bessere \u00dcbersicht gew\u00e4hren. Wenn Sie Ihr P&#8217;9982 von BlackBerry kaufen, werden Sie w\u00e4hrend des Aktivierungsvorgangs dazu aufgefordert, Ihr Betriebssystem auf die neueste Version zu aktualisieren.<\/p>\n","protected":false},"excerpt":{"rendered":"<p>Productivity designed for you. Tauchen Sie ein in die exklusive Welt des Porsche Design P&#8217;9982 Smartphones von BlackBerry\u00ae. Erleben Sie die Leistung von BlackBerry\u00ae 10 kombiniert mit dem einzigartigen Design eines erlesenen Ger\u00e4ts. Einzigartiges Design f\u00fcr Sie! Das P&#8217;9982 von BlackBerry wurde exklusiv von Porsche Design und BlackBerry\u00ae entwickelt und mit gr\u00f6\u00dfter Sorgfalt hergestellt. Seidenmatter [&hellip;]<\/p>\n","protected":false},"featured_media":3085,"comment_status":"open","ping_status":"closed","template":"","meta":{"_acf_changed":false},"product_cat":[222],"product_tag":[],"acf":[],"jetpack_sharing_enabled":true,"_links":{"self":[{"href":"http:\/\/pc-direkthandel.de\/wordpress\/wp-json\/wp\/v2\/product\/3084"}],"collection":[{"href":"http:\/\/pc-direkthandel.de\/wordpress\/wp-json\/wp\/v2\/product"}],"about":[{"href":"http:\/\/pc-direkthandel.de\/wordpress\/wp-json\/wp\/v2\/types\/product"}],"replies":[{"embeddable":true,"href":"http:\/\/pc-direkthandel.de\/wordpress\/wp-json\/wp\/v2\/comments?post=3084"}],"wp:featuredmedia":[{"embeddable":true,"href":"http:\/\/pc-direkthandel.de\/wordpress\/wp-json\/wp\/v2\/media\/3085"}],"wp:attachment":[{"href":"http:\/\/pc-direkthandel.de\/wordpress\/wp-json\/wp\/v2\/media?parent=3084"}],"wp:term":[{"taxonomy":"product_cat","embeddable":true,"href":"http:\/\/pc-direkthandel.de\/wordpress\/wp-json\/wp\/v2\/product_cat?post=3084"},{"taxonomy":"product_tag","embeddable":true,"href":"http:\/\/pc-direkthandel.de\/wordpress\/wp-json\/wp\/v2\/product_tag?post=3084"}],"curies":[{"name":"wp","href":"https:\/\/api.w.org\/{rel}","templated":true}]}}