{"id":3082,"date":"2019-09-25T16:07:36","date_gmt":"2019-09-25T14:07:36","guid":{"rendered":"http:\/\/pc-direkthandel.de\/wordpress\/?post_type=product&#038;p=3082"},"modified":"2019-09-25T16:12:42","modified_gmt":"2019-09-25T14:12:42","slug":"blackberry-key2","status":"publish","type":"product","link":"http:\/\/pc-direkthandel.de\/wordpress\/product\/blackberry-key2\/","title":{"rendered":"BlackBerry KEY2"},"content":{"rendered":"<p><b>Einzigartiges Design<\/b><\/p>\n<p>Das schlanke und leichte Design des BlackBerry KEY2 entspricht den modernen mobilen Bed\u00fcrfnissen und b\u00fc\u00dft dennoch nichts an Haltbarkeit und Belastbarkeit ein.<\/p>\n<ul>\n<li>Gro\u00dfartiges 4,5 Zoll Display aus kratz- und sto\u00dffestem Gorilla Glas<\/li>\n<li>Rahmen aus Aluminiumlegierung der Serie 7<\/li>\n<li>Strukturierter Diamond Grip mit rutschfester R\u00fcckseite<\/li>\n<\/ul>\n<p><b>Intelligenteste Tastatur aller Zeiten<\/b><\/p>\n<p>Der brandneue Speed Key erm\u00f6glicht es Ihnen, Shortcuts zu aktivieren und von jedem Bildschirm aus Aktionen zu starten, ohne zum Startbildschirm zur\u00fcckzukehren oder endlos zu wischen.<\/p>\n<p><b>Seltener laden. Mehr erreichen.<\/b><\/p>\n<p>Ein beeindruckender Akku sorgt daf\u00fcr, dass Sie sich an Ihrem BlackBerry KEY2 mit nur einer einzigen Aufladung bis zu 2 Tage am St\u00fcck erfreuen k\u00f6nnen.<\/p>\n<p><b>Erste Dual-Kamera auf einem BlackBerry<\/b><\/p>\n<p>Neue Funktionen wie der Portr\u00e4t-Modus und der optische Superzoom sorgen f\u00fcr mehr Kontrolle und Bildqualit\u00e4t.<\/p>\n<p><b>Privatsph\u00e4re, die Sie selbst kontrollieren<\/b><\/p>\n<p>Das sicherste Android Smartphone sch\u00fctzt Ihre Privatsph\u00e4re dank der integrierten Sicherheitsfunktionen.<\/p>\n","protected":false},"excerpt":{"rendered":"<p>Einzigartiges Design Das schlanke und leichte Design des BlackBerry KEY2 entspricht den modernen mobilen Bed\u00fcrfnissen und b\u00fc\u00dft dennoch nichts an Haltbarkeit und Belastbarkeit ein. Gro\u00dfartiges 4,5 Zoll Display aus kratz- und sto\u00dffestem Gorilla Glas Rahmen aus Aluminiumlegierung der Serie 7 Strukturierter Diamond Grip mit rutschfester R\u00fcckseite Intelligenteste Tastatur aller Zeiten Der brandneue Speed Key erm\u00f6glicht [&hellip;]<\/p>\n","protected":false},"featured_media":3083,"comment_status":"open","ping_status":"closed","template":"","meta":{"_acf_changed":false},"product_cat":[222],"product_tag":[],"acf":[],"jetpack_sharing_enabled":true,"_links":{"self":[{"href":"http:\/\/pc-direkthandel.de\/wordpress\/wp-json\/wp\/v2\/product\/3082"}],"collection":[{"href":"http:\/\/pc-direkthandel.de\/wordpress\/wp-json\/wp\/v2\/product"}],"about":[{"href":"http:\/\/pc-direkthandel.de\/wordpress\/wp-json\/wp\/v2\/types\/product"}],"replies":[{"embeddable":true,"href":"http:\/\/pc-direkthandel.de\/wordpress\/wp-json\/wp\/v2\/comments?post=3082"}],"wp:featuredmedia":[{"embeddable":true,"href":"http:\/\/pc-direkthandel.de\/wordpress\/wp-json\/wp\/v2\/media\/3083"}],"wp:attachment":[{"href":"http:\/\/pc-direkthandel.de\/wordpress\/wp-json\/wp\/v2\/media?parent=3082"}],"wp:term":[{"taxonomy":"product_cat","embeddable":true,"href":"http:\/\/pc-direkthandel.de\/wordpress\/wp-json\/wp\/v2\/product_cat?post=3082"},{"taxonomy":"product_tag","embeddable":true,"href":"http:\/\/pc-direkthandel.de\/wordpress\/wp-json\/wp\/v2\/product_tag?post=3082"}],"curies":[{"name":"wp","href":"https:\/\/api.w.org\/{rel}","templated":true}]}}