{"id":3073,"date":"2019-09-25T15:21:34","date_gmt":"2019-09-25T13:21:34","guid":{"rendered":"http:\/\/pc-direkthandel.de\/wordpress\/?post_type=product&#038;p=3073"},"modified":"2019-09-25T15:25:51","modified_gmt":"2019-09-25T13:25:51","slug":"tiptel-ergophone-6181-gsm","status":"publish","type":"product","link":"http:\/\/pc-direkthandel.de\/wordpress\/product\/tiptel-ergophone-6181-gsm\/","title":{"rendered":"tiptel Ergophone 6181 GSM"},"content":{"rendered":"<p><b>Ein \u201eWunschkonzert\u201c zu einem g\u00fcnstigen Preis \u2013 das verspricht das tiptel Ergophone 6181. Das wei\u00dfe Barrenhandy \u00fcberzeugt durch die beliebten Men\u00fc-Ebenen \u201eEinsteiger\u201c und \u201eFortgeschrittener\u201c. Bei dem Handy stehen zahlreiche Wahleinstellungen, wie die Sortierung der Hauptmen\u00fcpunkte, die Ausblendung nicht ben\u00f6tigter Funktionen im Hauptmen\u00fc, die Art der Anrufsignalisierung und die Aktivierung der \u201esprechenden Tasten\u201c zur Verf\u00fcgung. Sicherheit im Alltag verleiht die Notruftaste mit Best\u00e4tigungsaufforderung.<\/b><\/p>\n<p>Mit dem tiptel Ergophone 6181 ist ein bedienerfreundlicher, funktionaler Begleiter f\u00fcr jeden Tag erh\u00e4ltlich, der zus\u00e4tzliche Sicherheit durch eine dezent angebrachte Notruftaste bietet. Das Handy baut auf die Tiptel Ergophone Vorg\u00e4nger auf und ist mit zwei Men\u00fc-Ebenen ausgestattet. F\u00fcr den unge\u00fcbten Nutzer ist die Einstellung \u201eEinsteiger\u201c ideal, da die Tiefe der Men\u00fcpunkte stark begrenzt und damit der Umgang mehr als einfach ist. Im \u201eFortgeschrittenen\u201c-Modus stehen alle Funktionen in der gesamten Tiefe zur Verf\u00fcgung. Wahlweise k\u00f6nnen hier Funktionen ausgeblendet und die Reihenfolge der Men\u00fcpunkte ver\u00e4ndert werden, um das Handy zum perfekten pers\u00f6nlichen Begleiter zu machen.<\/p>\n<p><b>\u201eHorst ruft an\u201c, \u201esprechende Tasten\u201c und gro\u00dfe Schrift<\/b><\/p>\n<p>Dem Nutzer des tiptel Ergophone 6181 stehen verschiedene Klingelt\u00f6ne zur Verf\u00fcgung. Genauso kann das Telefon die Nummer des Anrufers oder aber auch dessen Namen ansagen. Daf\u00fcr werden bei der Anlage des Kontaktes sowohl Nummer als auch Name mit dem Rekorder aufgenommen. Acht Kontakte k\u00f6nnen im Telefonbuch als \u201eSchnellwahl-Kontakte\u201c mit Foto angelegt werden. Wichtige und h\u00e4ufig genutzte Nummern sind damit schnell gew\u00e4hlt. Die \u201esprechenden Tasten\u201c sagen die soeben gedr\u00fcckte Ziffer an \u2013 zusammen mit der in drei Gr\u00f6\u00dfen einstellbaren Displayschrift eine Hilfe f\u00fcr Menschen mit Sehbehinderungen.<\/p>\n<p><b>Sicherer Notruf<\/b><\/p>\n<p>Die auf der R\u00fcckseite des tiptel Ergophone 6181 befindliche Notruftaste ist dezent und verleiht mehr Sicherheit im Alltag. Wird die Taste gedr\u00fcckt, ruft das Handy automatisch die eingespeicherten Kontakte an. Damit der Notruf nicht von einem Anrufbeantworter angenommen und damit als ausgef\u00fchrt gilt, muss der Ruf mit der Taste \u201e5\u201c quittiert werden. Erst dann beendet das Telefon den Anruf. Diese zus\u00e4tzliche Sicherheit kann im Zweifelsfall von gro\u00dfer Tragweite sein. Weiterhin ist das tiptel Ergophone 6181 mit einer Kamera ausgestattet, einem Rekorder zum Aufzeichnen von Sprachnotizen, es ist kompatibel mit Bluetooth-Anwendungen und wird mit einer Tischladestation geliefert.<\/p>\n<p><b>Bedienung nach Ihren W\u00fcnschen<\/b> durch 2 unterschiedliche Men\u00fc-Ebenen (Einsteiger- oder Fortgeschrittenen-Modus), individuelle Sortierung der Hauptmen\u00fcpunkte und individuelle Reduzierung auf notwendige Funktionen im Hauptmen\u00fc.<\/p>\n<p><b>Anrufsignalisierung nach Ihren W\u00fcnschen<\/b> durch Fotoanzeige, unterschiedliche Klingelt\u00f6ne, Rufnummernansage, Namensansage vom Rekorder (\u201eHorst ruft an\u201c) und Vibration.<\/p>\n<p><b>Anrufen nach Ihren W\u00fcnschen<\/b> durch Bild-Schnellwahl, Nummernwahl mit\/ohne sprechende Tasten, 8 Lieblingskontakte im Telefonbuch, Platz f\u00fcr 1000 Telefonbucheintr\u00e4ge.<\/p>\n","protected":false},"excerpt":{"rendered":"<p>Ein \u201eWunschkonzert\u201c zu einem g\u00fcnstigen Preis \u2013 das verspricht das tiptel Ergophone 6181. Das wei\u00dfe Barrenhandy \u00fcberzeugt durch die beliebten Men\u00fc-Ebenen \u201eEinsteiger\u201c und \u201eFortgeschrittener\u201c. Bei dem Handy stehen zahlreiche Wahleinstellungen, wie die Sortierung der Hauptmen\u00fcpunkte, die Ausblendung nicht ben\u00f6tigter Funktionen im Hauptmen\u00fc, die Art der Anrufsignalisierung und die Aktivierung der \u201esprechenden Tasten\u201c zur Verf\u00fcgung. Sicherheit [&hellip;]<\/p>\n","protected":false},"featured_media":3074,"comment_status":"open","ping_status":"closed","template":"","meta":{"_acf_changed":false},"product_cat":[222],"product_tag":[],"acf":[],"jetpack_sharing_enabled":true,"_links":{"self":[{"href":"http:\/\/pc-direkthandel.de\/wordpress\/wp-json\/wp\/v2\/product\/3073"}],"collection":[{"href":"http:\/\/pc-direkthandel.de\/wordpress\/wp-json\/wp\/v2\/product"}],"about":[{"href":"http:\/\/pc-direkthandel.de\/wordpress\/wp-json\/wp\/v2\/types\/product"}],"replies":[{"embeddable":true,"href":"http:\/\/pc-direkthandel.de\/wordpress\/wp-json\/wp\/v2\/comments?post=3073"}],"wp:featuredmedia":[{"embeddable":true,"href":"http:\/\/pc-direkthandel.de\/wordpress\/wp-json\/wp\/v2\/media\/3074"}],"wp:attachment":[{"href":"http:\/\/pc-direkthandel.de\/wordpress\/wp-json\/wp\/v2\/media?parent=3073"}],"wp:term":[{"taxonomy":"product_cat","embeddable":true,"href":"http:\/\/pc-direkthandel.de\/wordpress\/wp-json\/wp\/v2\/product_cat?post=3073"},{"taxonomy":"product_tag","embeddable":true,"href":"http:\/\/pc-direkthandel.de\/wordpress\/wp-json\/wp\/v2\/product_tag?post=3073"}],"curies":[{"name":"wp","href":"https:\/\/api.w.org\/{rel}","templated":true}]}}