{"id":3065,"date":"2019-09-25T15:10:45","date_gmt":"2019-09-25T13:10:45","guid":{"rendered":"http:\/\/pc-direkthandel.de\/wordpress\/?post_type=product&#038;p=3065"},"modified":"2019-09-25T15:12:52","modified_gmt":"2019-09-25T13:12:52","slug":"cyrus-cm1-outdoor-handy","status":"publish","type":"product","link":"http:\/\/pc-direkthandel.de\/wordpress\/product\/cyrus-cm1-outdoor-handy\/","title":{"rendered":"CYRUS CM1 Outdoor Handy"},"content":{"rendered":"<p><b>CM 1 &#8211; DER MINIMALIST<\/b><\/p>\n<p>Das CM 1 ist das kleinste Outdoor-Handy der Welt und m\u00e4chtig Stolz darauf. Unser Floh mit seinen gerade mal 50gr. Gewicht, ist der ideale Begleiter bei allen Aktivit\u00e4ten in denen man froh ist nicht viel verstauen zu m\u00fcssen und dennoch im Fall der F\u00e4lle erreichbar zu sein IP 67 zertifiziert, wasserdicht, staubgesch\u00fctzt, sto\u00dffest, Bluetooth 3.0, SMS, Alarmfunktion, Notizfunktion und Quadband sind einige Funktionen \u00fcber die unser Outdoor Handy verf\u00fcgt.<\/p>\n<p><b>Wasserdicht<\/b><\/p>\n<p>Ihr Cyrus Outdoor Handy h\u00e4lt einem Tauchgang in einer Tiefe von bis zu 1,50m von \u00fcber einer Stunde stand. Vor Regen, flie\u00dfendem Wasser, Schnee, Wasserdampf oder sonstigen Wasser bedingten Einfl\u00fcssen ist Ihr Cyrus Outdoor Handy nat\u00fcrlich auch gesch\u00fctzt.<\/p>\n<p><b>Schutz vor Staub und Schmutz<\/b><\/p>\n<p>Starke Verunreinigungen durch Schmutz oder Matsch, sowie starke Staub Einwirkungen k\u00f6nnen Ihrem Cyrus Outdoor Handy nichts anhaben. Durch den IP 67 Standard kann kein Schmutz ins Geh\u00e4useinnere gelangen. Vielmehr k\u00f6nnen Sie die Verunreinigungen unter flie\u00dfendem Wasser s\u00e4ubern.<\/p>\n<p><b>Sto\u00dffest<\/b><\/p>\n<p>Ihr Cyrus Outdoor Handy ist f\u00fcr einen Fall aus 2m H\u00f6he sto\u00dffest ausgelegt und kann der Elektronik und Technik keinen Schaden zuf\u00fcgen. Das speziell geformte Kunststoff Geh\u00e4use leitet die kinetische Energie ab.<\/p>\n","protected":false},"excerpt":{"rendered":"<p>CM 1 &#8211; DER MINIMALIST Das CM 1 ist das kleinste Outdoor-Handy der Welt und m\u00e4chtig Stolz darauf. Unser Floh mit seinen gerade mal 50gr. Gewicht, ist der ideale Begleiter bei allen Aktivit\u00e4ten in denen man froh ist nicht viel verstauen zu m\u00fcssen und dennoch im Fall der F\u00e4lle erreichbar zu sein IP 67 zertifiziert, [&hellip;]<\/p>\n","protected":false},"featured_media":3066,"comment_status":"open","ping_status":"closed","template":"","meta":{"_acf_changed":false},"product_cat":[222],"product_tag":[],"acf":[],"jetpack_sharing_enabled":true,"_links":{"self":[{"href":"http:\/\/pc-direkthandel.de\/wordpress\/wp-json\/wp\/v2\/product\/3065"}],"collection":[{"href":"http:\/\/pc-direkthandel.de\/wordpress\/wp-json\/wp\/v2\/product"}],"about":[{"href":"http:\/\/pc-direkthandel.de\/wordpress\/wp-json\/wp\/v2\/types\/product"}],"replies":[{"embeddable":true,"href":"http:\/\/pc-direkthandel.de\/wordpress\/wp-json\/wp\/v2\/comments?post=3065"}],"wp:featuredmedia":[{"embeddable":true,"href":"http:\/\/pc-direkthandel.de\/wordpress\/wp-json\/wp\/v2\/media\/3066"}],"wp:attachment":[{"href":"http:\/\/pc-direkthandel.de\/wordpress\/wp-json\/wp\/v2\/media?parent=3065"}],"wp:term":[{"taxonomy":"product_cat","embeddable":true,"href":"http:\/\/pc-direkthandel.de\/wordpress\/wp-json\/wp\/v2\/product_cat?post=3065"},{"taxonomy":"product_tag","embeddable":true,"href":"http:\/\/pc-direkthandel.de\/wordpress\/wp-json\/wp\/v2\/product_tag?post=3065"}],"curies":[{"name":"wp","href":"https:\/\/api.w.org\/{rel}","templated":true}]}}