{"id":2903,"date":"2019-09-24T14:46:11","date_gmt":"2019-09-24T12:46:11","guid":{"rendered":"http:\/\/pc-direkthandel.de\/wordpress\/?post_type=product&#038;p=2903"},"modified":"2019-09-24T14:47:45","modified_gmt":"2019-09-24T12:47:45","slug":"one-gaming-grid-xl","status":"publish","type":"product","link":"http:\/\/pc-direkthandel.de\/wordpress\/product\/one-gaming-grid-xl\/","title":{"rendered":"ONE Gaming Grid XL"},"content":{"rendered":"<p><span class=\"stdblack\">Denke in anderen Dimensionen mit dem ONE GAMING GRID XL! Mit seinen 400 mm x 900 mm und einer H\u00f6he von 4 mm ist es geradezu f\u00fcrs Gaming pr\u00e4destiniert. Nie wieder entsteht die Sorge, dass die Maus am Rande des Pads verrutscht und das Game wohlm\u00f6glich im entscheidenden Moment gest\u00f6rt wird. Zudem \u00a0bietet es eine enorm gro\u00dfe Fl\u00e4che f\u00fcr Deine Tastatur, Maus und anderen Dingen in Deiner Gaming Area. Die Seiten und Ecken des ONE GAMING GRIDs XL sind mit einem schillerndem blau umgarnt und ergibt nicht nur eine sch\u00f6ne Optik sondern erh\u00f6hen auch die Lebensdauer des Pads. Verst\u00e4rkte Kanten verhindern Verformungen oder Besch\u00e4digungen bei intensiver Nutzung. Ein gro\u00dfer Pluspunkt ist der hochwertige Jacquard Stoff und das rutschfeste Material an der Unterseite, welches aus rutschfestem Naturkautschuk besteht. Durch die Hochwertig verarbeiteten Materialien ist das ONE GAMING GRID XL komplett wasserfest und l\u00e4sst keinerlei Fl\u00fcssigkeiten durchsickern. Nat\u00fcrlich liefert das Material auch fabelhafte Gleiteigenschaften, die es Dir erm\u00f6glichen, schnelle Bewegung auszuf\u00fchren und hochpr\u00e4zise Games zu absolvieren. In der unteren rechten Ecke prangt das ONE GAMING Logo in wei\u00df-blauen Farben, welches\u00a0 dank moderner Heat Printing Methode abriebfest ist.<\/span><\/p>\n<p>&nbsp;<\/p>\n<p>&nbsp;<\/p>\n","protected":false},"excerpt":{"rendered":"<p>Denke in anderen Dimensionen mit dem ONE GAMING GRID XL! Mit seinen 400 mm x 900 mm und einer H\u00f6he von 4 mm ist es geradezu f\u00fcrs Gaming pr\u00e4destiniert. Nie wieder entsteht die Sorge, dass die Maus am Rande des Pads verrutscht und das Game wohlm\u00f6glich im entscheidenden Moment gest\u00f6rt wird. Zudem \u00a0bietet es eine [&hellip;]<\/p>\n","protected":false},"featured_media":2904,"comment_status":"open","ping_status":"closed","template":"","meta":{"_acf_changed":false},"product_cat":[228],"product_tag":[],"acf":[],"jetpack_sharing_enabled":true,"_links":{"self":[{"href":"http:\/\/pc-direkthandel.de\/wordpress\/wp-json\/wp\/v2\/product\/2903"}],"collection":[{"href":"http:\/\/pc-direkthandel.de\/wordpress\/wp-json\/wp\/v2\/product"}],"about":[{"href":"http:\/\/pc-direkthandel.de\/wordpress\/wp-json\/wp\/v2\/types\/product"}],"replies":[{"embeddable":true,"href":"http:\/\/pc-direkthandel.de\/wordpress\/wp-json\/wp\/v2\/comments?post=2903"}],"wp:featuredmedia":[{"embeddable":true,"href":"http:\/\/pc-direkthandel.de\/wordpress\/wp-json\/wp\/v2\/media\/2904"}],"wp:attachment":[{"href":"http:\/\/pc-direkthandel.de\/wordpress\/wp-json\/wp\/v2\/media?parent=2903"}],"wp:term":[{"taxonomy":"product_cat","embeddable":true,"href":"http:\/\/pc-direkthandel.de\/wordpress\/wp-json\/wp\/v2\/product_cat?post=2903"},{"taxonomy":"product_tag","embeddable":true,"href":"http:\/\/pc-direkthandel.de\/wordpress\/wp-json\/wp\/v2\/product_tag?post=2903"}],"curies":[{"name":"wp","href":"https:\/\/api.w.org\/{rel}","templated":true}]}}