{"id":2864,"date":"2019-09-23T21:05:49","date_gmt":"2019-09-23T19:05:49","guid":{"rendered":"http:\/\/pc-direkthandel.de\/wordpress\/?post_type=product&#038;p=2864"},"modified":"2019-09-23T21:19:46","modified_gmt":"2019-09-23T19:19:46","slug":"honor-10","status":"publish","type":"product","link":"http:\/\/pc-direkthandel.de\/wordpress\/product\/honor-10\/","title":{"rendered":"Honor 10"},"content":{"rendered":"<p>Das Honor 10 besitzt ein rahmenloses FullHD+ 19:9 FullView-Display mit einer Bildschirmdiagonale von 14,83 cm (5,84 Zoll). Zudem ist eine Dual-Kamera mit 24 &amp; 16 Megapixel verbaut. Die Frontkamera verf\u00fcgt \u00fcber 24 Megapixel. Intelligente Fotografie unterst\u00fctzt Sie durch Szenenerkennung in Echtzeit und einem Portraitmodus, welcher auf Gesichtserkennung basiert.<\/p>\n<p>Im Inneren arbeitet ein Kirin 970 Prozessor mit einer Taktrate bis zu 2,36 GHz und k\u00fcnstlicher Intelligenz. Auf dem internen Speicher von 64 GB finden all Ihre Daten Platz und die 4 GB RAM sorgen f\u00fcr die n\u00f6tige Geschwindigkeit.<\/p>\n<p>Unter dem Displayglas befindet sich ein innovativer Fingerabdrucksensor f\u00fcr maximale Sicherheit. Zudem ist Android Oreo in der Version 8.1 und die Emotion UI 8.1 vorinstalliert. Die Dual-SIM Funktion rundet das Honor 10 ab, um es privat und im Beruf gleicherma\u00dfen nutzen zu k\u00f6nnen, ohne ein Zweitger\u00e4t zu ben\u00f6tigen.<\/p>\n","protected":false},"excerpt":{"rendered":"<p>Das Honor 10 besitzt ein rahmenloses FullHD+ 19:9 FullView-Display mit einer Bildschirmdiagonale von 14,83 cm (5,84 Zoll). Zudem ist eine Dual-Kamera mit 24 &amp; 16 Megapixel verbaut. Die Frontkamera verf\u00fcgt \u00fcber 24 Megapixel. Intelligente Fotografie unterst\u00fctzt Sie durch Szenenerkennung in Echtzeit und einem Portraitmodus, welcher auf Gesichtserkennung basiert. Im Inneren arbeitet ein Kirin 970 Prozessor [&hellip;]<\/p>\n","protected":false},"featured_media":2865,"comment_status":"open","ping_status":"closed","template":"","meta":{"_acf_changed":false},"product_cat":[219],"product_tag":[],"acf":[],"jetpack_sharing_enabled":true,"_links":{"self":[{"href":"http:\/\/pc-direkthandel.de\/wordpress\/wp-json\/wp\/v2\/product\/2864"}],"collection":[{"href":"http:\/\/pc-direkthandel.de\/wordpress\/wp-json\/wp\/v2\/product"}],"about":[{"href":"http:\/\/pc-direkthandel.de\/wordpress\/wp-json\/wp\/v2\/types\/product"}],"replies":[{"embeddable":true,"href":"http:\/\/pc-direkthandel.de\/wordpress\/wp-json\/wp\/v2\/comments?post=2864"}],"wp:featuredmedia":[{"embeddable":true,"href":"http:\/\/pc-direkthandel.de\/wordpress\/wp-json\/wp\/v2\/media\/2865"}],"wp:attachment":[{"href":"http:\/\/pc-direkthandel.de\/wordpress\/wp-json\/wp\/v2\/media?parent=2864"}],"wp:term":[{"taxonomy":"product_cat","embeddable":true,"href":"http:\/\/pc-direkthandel.de\/wordpress\/wp-json\/wp\/v2\/product_cat?post=2864"},{"taxonomy":"product_tag","embeddable":true,"href":"http:\/\/pc-direkthandel.de\/wordpress\/wp-json\/wp\/v2\/product_tag?post=2864"}],"curies":[{"name":"wp","href":"https:\/\/api.w.org\/{rel}","templated":true}]}}