{"id":2825,"date":"2019-09-23T19:12:27","date_gmt":"2019-09-23T17:12:27","guid":{"rendered":"http:\/\/pc-direkthandel.de\/wordpress\/?post_type=product&#038;p=2825"},"modified":"2019-09-23T19:15:03","modified_gmt":"2019-09-23T17:15:03","slug":"gembird-kpd-w-01-wireless-numpad","status":"publish","type":"product","link":"http:\/\/pc-direkthandel.de\/wordpress\/product\/gembird-kpd-w-01-wireless-numpad\/","title":{"rendered":"Gembird KPD-W-01 Wireless Numpad"},"content":{"rendered":"<div class=\"row\">\n<div class=\"col s12\">\n<p>Die meisten kleineren Laptops haben kein Numpad. Wenn Sie jedoch mit Tabellenkalkulationen, Buchhaltungs- oder Finanzanwendungen arbeiten m\u00f6chten, ist ein NumPad unentbehrlich. F\u00fcr diejenigen, denen ein NumPad auf ihrem Laptop fehlt, bietet diese externe Version eine praktische L\u00f6sung.<\/p>\n<ul class=\"red-list\">\n<li>Kompaktes Design<\/li>\n<li>Ideal f\u00fcr Tabellenkalkulation, Buchhaltung oder Finanzanwendungen<\/li>\n<li>Geeignet f\u00fcr jeden PC oder Laptop<\/li>\n<\/ul>\n<\/div>\n<\/div>\n","protected":false},"excerpt":{"rendered":"<p>Die meisten kleineren Laptops haben kein Numpad. Wenn Sie jedoch mit Tabellenkalkulationen, Buchhaltungs- oder Finanzanwendungen arbeiten m\u00f6chten, ist ein NumPad unentbehrlich. F\u00fcr diejenigen, denen ein NumPad auf ihrem Laptop fehlt, bietet diese externe Version eine praktische L\u00f6sung. Kompaktes Design Ideal f\u00fcr Tabellenkalkulation, Buchhaltung oder Finanzanwendungen Geeignet f\u00fcr jeden PC oder Laptop<\/p>\n","protected":false},"featured_media":2826,"comment_status":"open","ping_status":"closed","template":"","meta":{"_acf_changed":false},"product_cat":[215],"product_tag":[],"acf":[],"jetpack_sharing_enabled":true,"_links":{"self":[{"href":"http:\/\/pc-direkthandel.de\/wordpress\/wp-json\/wp\/v2\/product\/2825"}],"collection":[{"href":"http:\/\/pc-direkthandel.de\/wordpress\/wp-json\/wp\/v2\/product"}],"about":[{"href":"http:\/\/pc-direkthandel.de\/wordpress\/wp-json\/wp\/v2\/types\/product"}],"replies":[{"embeddable":true,"href":"http:\/\/pc-direkthandel.de\/wordpress\/wp-json\/wp\/v2\/comments?post=2825"}],"wp:featuredmedia":[{"embeddable":true,"href":"http:\/\/pc-direkthandel.de\/wordpress\/wp-json\/wp\/v2\/media\/2826"}],"wp:attachment":[{"href":"http:\/\/pc-direkthandel.de\/wordpress\/wp-json\/wp\/v2\/media?parent=2825"}],"wp:term":[{"taxonomy":"product_cat","embeddable":true,"href":"http:\/\/pc-direkthandel.de\/wordpress\/wp-json\/wp\/v2\/product_cat?post=2825"},{"taxonomy":"product_tag","embeddable":true,"href":"http:\/\/pc-direkthandel.de\/wordpress\/wp-json\/wp\/v2\/product_tag?post=2825"}],"curies":[{"name":"wp","href":"https:\/\/api.w.org\/{rel}","templated":true}]}}