{"id":2731,"date":"2019-09-23T15:14:21","date_gmt":"2019-09-23T13:14:21","guid":{"rendered":"http:\/\/pc-direkthandel.de\/wordpress\/?post_type=product&#038;p=2731"},"modified":"2019-09-23T15:23:12","modified_gmt":"2019-09-23T13:23:12","slug":"asus-rog-strix-evolve","status":"publish","type":"product","link":"http:\/\/pc-direkthandel.de\/wordpress\/product\/asus-rog-strix-evolve\/","title":{"rendered":"ASUS ROG Strix Evolve"},"content":{"rendered":"<div class=\"row\">\n<div class=\"col s12\">\n<div class=\"ccs-cc-inline-feature-content ccs-cc-inline-feature-description\">\n<p><strong>Optische Gaming-Maus mit Aura Sync RGB-Beleuchtung und vier austauschbaren Geh\u00e4useoberseiten<\/strong><\/p>\n<div>Die Rog Strix Evolve Gaming Maus besitzt austauschbare Mauscovers, die vier verschiedene ergonomische Stile zulassen, um den besten Komfort f\u00fcr Rechts- und Linksh\u00e4nder zu bieten. Zusammen mit der stylischen und individualisierbaren Asus Aura RGB-Beleuchtung ist die Rog Strix Evolve ein Pr\u00e4zisionswerkzeug mit personalisierter Form und Optik und jederzeit dazu bereit, deinen Gaming-Triumph zu erreichen.<\/div>\n<div><strong>\u00a0<\/strong><\/div>\n<div>\n<p><strong>Vier ergonomische Stile zur Auswahl<\/strong><\/p>\n<\/div>\n<div>\n<p>Wie w\u00e4re es, eine Maus an verschiedene Hand- und Gaming-Stile anpassen zu k\u00f6nnen? Mit ihren modularen und einfach austauschbaren Geh\u00e4useoberseiten bietet die ROG Strix Evolve vier ergonomische Stile \u2013 f\u00fcr eine Maus, die perfekt passt. Die ROG Strix Evolve kann einfach in den vier Stilen ergonimisch f\u00fcr Linksh\u00e4nder, ergonomisch f\u00fcr Rechtsh\u00e4nder, beidh\u00e4ndig mit flachem Profil und beidh\u00e4ndig mit hohem Profil verwendet werden, indem die Covers ausgetauscht werden.<\/p>\n<\/div>\n<div>\n<div class=\"ccs-cc-inline-feature-content ccs-cc-inline-feature-description\" data-order=\"0\">\n<p><strong>Erleuchte das digitale Schlachtfeld<\/strong><\/p>\n<p>Die ROG Strix Evolve ist mit der exklusiven Asus Aura Sync RGB-Beleuchtungstechnologie f\u00fcr anpassbare Lichteffekte ausgestattet, die dem Gaming-System einen einzigartigen Style verleihen.<\/p>\n<\/div>\n<div class=\"ccs-cc-inline-feature-content ccs-cc-inline-feature-description\" data-order=\"1\">\n<p><strong>Synchronisierte RGB-Beleuchtung<\/strong><\/p>\n<p>Synchronisiere die Beleuchtung schnell mit der ROG Claymore Tastatur \u00fcber den ROG-Sync-Hotkey oder verwende die Aura-Sync-Funktion eines Asus-Mainboards oder anderen Produkten, um dein System aus der Masse hervorstechen zu lassen.<\/p>\n<\/div>\n<div class=\"ccs-cc-inline-feature-content ccs-cc-inline-feature-description\" data-order=\"2\">\n<p><strong>Langlebige 50-Million-Klick-Schalter<\/strong><\/p>\n<p>Maustasten und -schalter \u2013 vor allem die Schalter von Gaming-M\u00e4usen \u2013 werden stark beansprucht. Dank den von Omron mit hoher qualit\u00e4t hergestellten Mausschaltern, die bis zu 50 Millionen Bet\u00e4tigungen durchhalten, verspricht die ROG Strix Evolve eine lange Lebensdauer.<\/p>\n<\/div>\n<div class=\"ccs-cc-inline-feature-content ccs-cc-inline-feature-description\" data-order=\"2\">\n<div class=\"ccs-cc-inline-feature-content ccs-cc-inline-feature-description\" data-order=\"0\">\n<p><strong>8 programmierbare Tasten<\/strong><\/p>\n<p>Hinterlege Befehle und Makros f\u00fcr bis zu acht Tasten.<\/p>\n<\/div>\n<div class=\"ccs-cc-inline-feature-content ccs-cc-inline-feature-description\" data-order=\"1\">\n<p><strong>Gummierte Grifffl\u00e4chen<\/strong><\/p>\n<p>Die seitlichen Fl\u00e4chen im Maya-Design bieten einen sicheren und komfortablen Halt mit Stil<\/p>\n<\/div>\n<div class=\"ccs-cc-inline-feature-content ccs-cc-inline-feature-description\" data-order=\"2\">\n<p><strong>2-stufiger DPI-Schalter<\/strong><\/p>\n<p>Wechsle die Sensitivit\u00e4t w\u00e4hrend des Spiels.<\/p>\n<\/div>\n<div class=\"ccs-cc-inline-feature-content ccs-cc-inline-feature-description\" data-order=\"2\">\n<div class=\"ccs-cc-inline-feature-content ccs-cc-inline-feature-description\">\n<p><strong>Intuitive Individualisierung<\/strong><\/p>\n<p>Mit der intuitiven ROG Armoury Software hast du die volle Kontrolle \u00fcber die ROG Strix Evolve. Individualisiere die Aura RGB Beleuchtungseffekte, hinterlege Mausbefehle, ver\u00e4ndere die Performance-Einstellungen, speichere Mausprofile, und mehr. Mach dich bereit, dein Spiel zu dominieren.<\/p>\n<\/div>\n<\/div>\n<\/div>\n<\/div>\n<\/div>\n<\/div>\n<\/div>\n<div class=\"row\">\n<div class=\"col s12\">\n<ul>\n<li>Vier ergonomische Mausformen \u2013 Rechtsh\u00e4nder, Linksh\u00e4nder und zwei beidh\u00e4ndige Stile \u2013 stehen mit einfach zu wechselnden Geh\u00e4useoberseiten zur Auswahl<\/li>\n<li>ASUS Aura Sync RGB-Beleuchtung<\/li>\n<li>Hochwertige Omron-Taster mit einer Haltbarkeit von 50 Millionen Klicks<\/li>\n<li>DPI-Taste zum blitzschnellen Anpassen der Mausempfindlichkeit<\/li>\n<li>Acht programmierbare Tasten<\/li>\n<li>Mit der exklusiven ROG-Armoury-Schnittstelle lassen sich Tasten, Performance, und Lichteffekte ganz leicht anpassen.<\/li>\n<li>Optischer Sensor mit 7200 DPI, 3,81 Meter pro Sekunde (150 IPS), 30g Beschleunigung und 1000Hz USB Abtastrate f\u00fcr schnelles, pixelgenaues Maus-Tracking.<\/li>\n<\/ul>\n<\/div>\n<\/div>\n<p>&nbsp;<\/p>\n","protected":false},"excerpt":{"rendered":"<p>Optische Gaming-Maus mit Aura Sync RGB-Beleuchtung und vier austauschbaren Geh\u00e4useoberseiten Die Rog Strix Evolve Gaming Maus besitzt austauschbare Mauscovers, die vier verschiedene ergonomische Stile zulassen, um den besten Komfort f\u00fcr Rechts- und Linksh\u00e4nder zu bieten. Zusammen mit der stylischen und individualisierbaren Asus Aura RGB-Beleuchtung ist die Rog Strix Evolve ein Pr\u00e4zisionswerkzeug mit personalisierter Form und [&hellip;]<\/p>\n","protected":false},"featured_media":2732,"comment_status":"open","ping_status":"closed","template":"","meta":{"_acf_changed":false},"product_cat":[205],"product_tag":[],"acf":[],"jetpack_sharing_enabled":true,"_links":{"self":[{"href":"http:\/\/pc-direkthandel.de\/wordpress\/wp-json\/wp\/v2\/product\/2731"}],"collection":[{"href":"http:\/\/pc-direkthandel.de\/wordpress\/wp-json\/wp\/v2\/product"}],"about":[{"href":"http:\/\/pc-direkthandel.de\/wordpress\/wp-json\/wp\/v2\/types\/product"}],"replies":[{"embeddable":true,"href":"http:\/\/pc-direkthandel.de\/wordpress\/wp-json\/wp\/v2\/comments?post=2731"}],"wp:featuredmedia":[{"embeddable":true,"href":"http:\/\/pc-direkthandel.de\/wordpress\/wp-json\/wp\/v2\/media\/2732"}],"wp:attachment":[{"href":"http:\/\/pc-direkthandel.de\/wordpress\/wp-json\/wp\/v2\/media?parent=2731"}],"wp:term":[{"taxonomy":"product_cat","embeddable":true,"href":"http:\/\/pc-direkthandel.de\/wordpress\/wp-json\/wp\/v2\/product_cat?post=2731"},{"taxonomy":"product_tag","embeddable":true,"href":"http:\/\/pc-direkthandel.de\/wordpress\/wp-json\/wp\/v2\/product_tag?post=2731"}],"curies":[{"name":"wp","href":"https:\/\/api.w.org\/{rel}","templated":true}]}}