{"id":2719,"date":"2019-09-23T14:54:12","date_gmt":"2019-09-23T12:54:12","guid":{"rendered":"http:\/\/pc-direkthandel.de\/wordpress\/?post_type=product&#038;p=2719"},"modified":"2019-09-23T14:56:37","modified_gmt":"2019-09-23T12:56:37","slug":"speedlink-fortus","status":"publish","type":"product","link":"http:\/\/pc-direkthandel.de\/wordpress\/product\/speedlink-fortus\/","title":{"rendered":"speedlink Fortus"},"content":{"rendered":"<p><span class=\"stdblack\">Die FORTUS Gaming Mouse erweist sich selbst unter h\u00e4rtesten Wettkampf-Bedingungen als Komfort-Garant. Dabei sorgen die gummierte Oberfl\u00e4che und die Fingerablage f\u00fcr ultimative Ergonomie. Nutzen Sie die kabellose Bewegungsfreiheit, um sich, auch bei permanent hohem Adrenalinspiegel, auf das Story-Ziel zu konzentrieren. \u00dcber die dpi-Wahltaste passen Sie die pixelgenaue Abtastrate des Sensors an und optimieren Ihr Sniper-Talent. Die gew\u00e4hlte Aufl\u00f6sung wird durch vier aufregende Farbschemen visualisiert. Leicht erreichbare Seitentasten geh\u00f6ren nat\u00fcrlich ebenso zur Ausstattung wie ein gummiertes Mausrad.<\/span><\/p>\n","protected":false},"excerpt":{"rendered":"<p>Die FORTUS Gaming Mouse erweist sich selbst unter h\u00e4rtesten Wettkampf-Bedingungen als Komfort-Garant. Dabei sorgen die gummierte Oberfl\u00e4che und die Fingerablage f\u00fcr ultimative Ergonomie. Nutzen Sie die kabellose Bewegungsfreiheit, um sich, auch bei permanent hohem Adrenalinspiegel, auf das Story-Ziel zu konzentrieren. \u00dcber die dpi-Wahltaste passen Sie die pixelgenaue Abtastrate des Sensors an und optimieren Ihr Sniper-Talent. [&hellip;]<\/p>\n","protected":false},"featured_media":2720,"comment_status":"open","ping_status":"closed","template":"","meta":{"_acf_changed":false},"product_cat":[203],"product_tag":[],"acf":[],"jetpack_sharing_enabled":true,"_links":{"self":[{"href":"http:\/\/pc-direkthandel.de\/wordpress\/wp-json\/wp\/v2\/product\/2719"}],"collection":[{"href":"http:\/\/pc-direkthandel.de\/wordpress\/wp-json\/wp\/v2\/product"}],"about":[{"href":"http:\/\/pc-direkthandel.de\/wordpress\/wp-json\/wp\/v2\/types\/product"}],"replies":[{"embeddable":true,"href":"http:\/\/pc-direkthandel.de\/wordpress\/wp-json\/wp\/v2\/comments?post=2719"}],"wp:featuredmedia":[{"embeddable":true,"href":"http:\/\/pc-direkthandel.de\/wordpress\/wp-json\/wp\/v2\/media\/2720"}],"wp:attachment":[{"href":"http:\/\/pc-direkthandel.de\/wordpress\/wp-json\/wp\/v2\/media?parent=2719"}],"wp:term":[{"taxonomy":"product_cat","embeddable":true,"href":"http:\/\/pc-direkthandel.de\/wordpress\/wp-json\/wp\/v2\/product_cat?post=2719"},{"taxonomy":"product_tag","embeddable":true,"href":"http:\/\/pc-direkthandel.de\/wordpress\/wp-json\/wp\/v2\/product_tag?post=2719"}],"curies":[{"name":"wp","href":"https:\/\/api.w.org\/{rel}","templated":true}]}}