{"id":2150,"date":"2019-09-18T16:45:03","date_gmt":"2019-09-18T14:45:03","guid":{"rendered":"http:\/\/pc-direkthandel.de\/wordpress\/?post_type=product&#038;p=2150"},"modified":"2019-10-17T11:36:44","modified_gmt":"2019-10-17T09:36:44","slug":"microsoft-windows-7-professional-oem-key","status":"publish","type":"product","link":"http:\/\/pc-direkthandel.de\/wordpress\/product\/microsoft-windows-7-professional-oem-key\/","title":{"rendered":"Microsoft Windows 7 Professional (OEM Key)"},"content":{"rendered":"<p>Nach Windows Vista ist Windows 7 Professional das neuere Betriebssystem von Microsoft. Dabei wurde das Betriebssystem Windows 7 Professional, so wie grunds\u00e4tzlich alle Professional-Editionen von Windows, auf professionelle Anwender und den Unternehmensbereich ausgerichtet. Ge\u00e4ndert hat sich daf\u00fcr so einiges: Optimierungen wurden sowohl im optischen Bereich wie der Bedienoberfl\u00e4che, als auch system- und sicherheitstechnisch, wie beispielsweise mit dem \u00fcberarbeiteten Windows-Explorer und dem neuen Sicherheitscenter, getroffen.<\/p>\n<p><strong>Performancesteigerung und intuitive Bedienung<\/strong><\/p>\n<p>F\u00fcr Microsoft ist eine benutzerfreundliche Bedienung ein Hauptanliegen und so wurde auch im Betriebssystem Windows 7 Professional die Benutzeroberfl\u00e4che einiger Anwendungen und des Systems selber verbessert. Viele Programme, wie beispielsweise Paint und WordPad, wurden in Microsoft Windows 7 Professional mit einer Ribbon-Oberfl\u00e4che versehen, wie sie es seit Microsoft Office 2007 \u00fcblich ist. Die aus Vista bekannte Sidebar wurde in Windows 7 Professional entfernt. Widgets k\u00f6nnen nun direkt auf dem Desktop beliebig platziert werden. Das Windows 7 Professional Betriebssystem l\u00e4uft insgesamt schneller als seine Vorg\u00e4ngerversion, was auch auf die geringeren Systemanforderungen trotz zahlreicher Optimierungen zur\u00fcckzuf\u00fchren ist. Das Betriebssystem Windows 7 Professional bringt auch das neue DirectX 11 mit sich, welches ebenfalls f\u00fcr die Performancesteigerung im Bereich &#8222;Grafik&#8220; verantwortlich ist. Microsoft Windows 7 Professional unterst\u00fctzt nun ebenfalls alternative Eingabeger\u00e4te wie Tablet-PCs mit diversen Funktionen wie zum Beispiel Multi-Touch.<\/p>\n<p><strong>Programmneuerungen im Betriebssystem Windows 7 Professional<\/strong><\/p>\n<p>Performancesteigerungen und Oberfl\u00e4chenoptimierungen sind nicht die einzigen Punkte, die Ihnen mit Microsoft Windows 7 Professional zur Verf\u00fcgung gestellt werden. Neue Programme und Features helfen Ihnen, Ihren Arbeitsfluss zu beschleunigen und leichter zu steuern:<\/p>\n<ul>\n<li>Bibliotheken: virtuelle Ordner im Windows-Explorer zur raschen Datenverwaltung<\/li>\n<li>Wartungscenter: Neues Sicherheitscenter (Virenscanner- und Firewall-\u00dcberwachung)<\/li>\n<li>Sprachsteuerung und -ausgabe: Hilfestellung f\u00fcr Nutzer mit eingeschr\u00e4nkten F\u00e4higkeiten<\/li>\n<li>Device Stages: Anzeige von h\u00e4ufigen Aktionen f\u00fcr externe Ger\u00e4te<\/li>\n<li>Fehleraufzeichnungsprogramm: Zur detaillierten Problemberichtprotokollierung<\/li>\n<li>Heimnetzgruppen automatisch einrichten<\/li>\n<li>Inhalte und Programme schneller finden mit verbesserter Windows Suche<\/li>\n<\/ul>\n<p>Als Optimierungsschritt wurden beim Windows 7 Professional Betriebssystem auch diverse Programme und Funktionen entfernt, wie etwa das klassische Startmen\u00fc, einige Funktionen und Features in der Taskleiste sowie Windows-Media-Player- und einige Explorer-Funktionen. Daf\u00fcr erhalten Sie mit dem Windows 7 Professional Betriebssystem noch weitere Funktionen und Features. So unterst\u00fctzt Microsoft Windows 7 Professional auch Windows Server Domains. Der XP-Modus erm\u00f6glicht es Ihnen, \u00e4ltere Programme auch auf Windows 7 Professional auszuf\u00fchren. Zudem erhalten Sie nach Ablauf der Mainstream-Support-Phase mit dem Windows 7 Professional Betriebssystem speziell eine Extended-Support-Phase.<\/p>\n<p><strong>Sicherheit mit dem Betriebssystem Windows 7 Professional<\/strong><\/p>\n<p>Das Windows 7 Professional Betriebssystem ist nicht nur benutzerfreundlich und leistungsstark: Microsoft hat sich bei seiner neuen Version auch dem Thema Sicherheit mit gleich hoher Priorit\u00e4t gewidmet. So unterst\u00fctzt es nun auch standardm\u00e4\u00dfig biometrische Authentifizierungen mittels Fingerabdr\u00fccken. Im Vergleich zu Windows Vista ist in Microsoft Windows 7 Professional die Benutzerkontensteuerung nun stufenweise einstellbar. Diese arbeitet ab sofort mit einer Whitelist von Systemprogrammen, welche automatisch mit Administrationsrechten versehen werden. Um eventuell kritische Anwendungen im Sicherheitslevel zu erh\u00f6hen, kann eine Blacklist der entsprechenden Programme gef\u00fchrt werden. Diese werden bei der Ausf\u00fchrung gesondert behandelt und rufen davor stets ein Best\u00e4tigungsfenster hervor. Damit Ihr System sicher bleibt, wird es mit Updates von Microsoft in Form von zertifizierten Treibern und Korrekturen immer auf dem aktuellsten Stand gehalten.<\/p>\n<p>Mit Windows 7 Professional erhalten Sie das ideale Betriebssystem f\u00fcr Ihr Unternehmen oder f\u00fcr gehobene Anspr\u00fcche im privaten Umfeld. Die erweiterten Funktionen helfen Ihnen, Ihren Computer optimal zu nutzen.<\/p>\n","protected":false},"excerpt":{"rendered":"<p>Nach Windows Vista ist Windows 7 Professional das neuere Betriebssystem von Microsoft. Dabei wurde das Betriebssystem Windows 7 Professional, so wie grunds\u00e4tzlich alle Professional-Editionen von Windows, auf professionelle Anwender und den Unternehmensbereich ausgerichtet. Ge\u00e4ndert hat sich daf\u00fcr so einiges: Optimierungen wurden sowohl im optischen Bereich wie der Bedienoberfl\u00e4che, als auch system- und sicherheitstechnisch, wie beispielsweise [&hellip;]<\/p>\n","protected":false},"featured_media":2152,"comment_status":"open","ping_status":"closed","template":"","meta":{"_acf_changed":false},"product_cat":[153],"product_tag":[],"acf":[],"jetpack_sharing_enabled":true,"_links":{"self":[{"href":"http:\/\/pc-direkthandel.de\/wordpress\/wp-json\/wp\/v2\/product\/2150"}],"collection":[{"href":"http:\/\/pc-direkthandel.de\/wordpress\/wp-json\/wp\/v2\/product"}],"about":[{"href":"http:\/\/pc-direkthandel.de\/wordpress\/wp-json\/wp\/v2\/types\/product"}],"replies":[{"embeddable":true,"href":"http:\/\/pc-direkthandel.de\/wordpress\/wp-json\/wp\/v2\/comments?post=2150"}],"wp:featuredmedia":[{"embeddable":true,"href":"http:\/\/pc-direkthandel.de\/wordpress\/wp-json\/wp\/v2\/media\/2152"}],"wp:attachment":[{"href":"http:\/\/pc-direkthandel.de\/wordpress\/wp-json\/wp\/v2\/media?parent=2150"}],"wp:term":[{"taxonomy":"product_cat","embeddable":true,"href":"http:\/\/pc-direkthandel.de\/wordpress\/wp-json\/wp\/v2\/product_cat?post=2150"},{"taxonomy":"product_tag","embeddable":true,"href":"http:\/\/pc-direkthandel.de\/wordpress\/wp-json\/wp\/v2\/product_tag?post=2150"}],"curies":[{"name":"wp","href":"https:\/\/api.w.org\/{rel}","templated":true}]}}