{"id":2149,"date":"2019-09-18T16:43:03","date_gmt":"2019-09-18T14:43:03","guid":{"rendered":"http:\/\/pc-direkthandel.de\/wordpress\/?post_type=product&#038;p=2149"},"modified":"2019-10-17T11:34:43","modified_gmt":"2019-10-17T09:34:43","slug":"microsoft-windows-8-1-professional-oem-key","status":"publish","type":"product","link":"http:\/\/pc-direkthandel.de\/wordpress\/product\/microsoft-windows-8-1-professional-oem-key\/","title":{"rendered":"Microsoft Windows 8.1 Professional (OEM Key)"},"content":{"rendered":"<p>Windows 8.1 Professional ist die erweiterte Variante zu Windows 8, welches speziell f\u00fcr Touchscreens ausgelegt ist und auf dieser Plattformart professionellen Benutzern und Unternehmen eine optimierte Arbeitsunterst\u00fctzung bietet. Dabei ist das Windows 8.1 Professional Betriebssystem nicht nur auf kompatiblen Tablets und Handhelds lauff\u00e4hig, sondern kann auch wie gewohnt per Maus und Tastatur am Laptop oder Computer benutzt werden. Microsoft Windows 8.1 Professional unterst\u00fctzt seine Benutzer mit einer \u00fcberarbeiteten Oberfl\u00e4che, einem optimierten System, sowie mit neuen Funktionen und Programmen im perfekten Ausma\u00df.<\/p>\n<p>Als Erweiterung zu Windows 8 Professional richtet sich das Windows 8.1 Professional Betriebssystem ebenfalls an professionelle Benutzer und Kleinunternehmen. Die Oberfl\u00e4che in Microsoft Windows 8.1 Professional wurde benutzerfreundlich f\u00fcr die Verwendung mit Touchscreens konzipiert. Dank dem Kachelformat beh\u00e4lt der Benutzer stets den \u00dcberblick \u00fcber die wichtigsten Applikationen und Dokumente und kann dementsprechend schnell auf diese zugreifen. Allgemein wurde das Betriebssystem Windows 8.1 Professional so optimiert, dass beispielsweise Kopier- und Systemvorg\u00e4nge beschleunigt wurden. Damit erhalten alle Ger\u00e4te ein funktionales und leistungsstarkes Betriebssystem, das nicht nur mit neuen Features und Design\u00e4nderungen, sondern auch mit einer Performancesteigerung \u00fcberzeugt.<\/p>\n<p><strong>Neuerungen im Betriebssystem Windows 8.1 Professional<\/strong><\/p>\n<p>Das Windows 8.1 Professional Betriebssystem bringt zahlreiche Neuerungen mit sich. Dabei verf\u00fcgt es \u00fcber folgende neue Grundfunktionen, die teilweise auch in Windows 8 zu finden sind:<\/p>\n<ul>\n<li>Modern User Interface: Kacheloberfl\u00e4che f\u00fcr Touchscreens<\/li>\n<li>Internet Explorer 11: Neuer Windows Webbrowser<\/li>\n<li>Optimierter Datentransfer: Kopiervorg\u00e4nge k\u00f6nnen pausiert und fortgesetzt werden<\/li>\n<li>Neuer Task-Manager: Prozesse werden performancesteigernd verwaltet<\/li>\n<li>Windows Store: F\u00fcr den Bezug von Modern-Apps<\/li>\n<li>Windows Defender: Antispyware<\/li>\n<\/ul>\n<p>Au\u00dferdem verf\u00fcgt Microsoft Windows 8.1 Professional auch noch \u00fcber alle Funktionen von Windows 8 Pro, wie etwa Remote Desktop, Dom\u00e4nenbeitritt, Encrypting File System, Gruppenrichtlinien und das Booten von einer Virtual Hard Disk. Zudem kamen mit dem Update auf das Betriebssystem Windows 8.1 noch viele weitere Features und Optimierungen hinzu.<\/p>\n<p><strong>Optimierungen im Betriebssystem Windows 8.1 Professional<\/strong><\/p>\n<p>Mit Microsoft Windows 8.1 Professional wurden, im Vergleich zum Windows 8 Pro, einige optische und systemtechnische Optimierungen umgesetzt. Der auffallendste Unterschied ist die Wahlm\u00f6glichkeit, den Desktop in Kachelform oder klassisch darstellen zu lassen. Auch das Startmen\u00fc vom Windows 8.1 Professional Betriebssystem kann nun mit der rechten Maustaste, \u00e4hnlich wie bei Windows 7, bei Bedarf angezeigt werden. So werden Benutzer sowohl bei der Bedienung per Touchscreens als auch mit Maus und Tastatur mit der passenden Einstellung unterst\u00fctzt. Au\u00dferdem kommen mit Windows 8.1 Professional zahlreiche neue vorinstallierte Modern-Apps hinzu. Auch die bisherigen Apps wie &#8222;Videos&#8220;, &#8222;Musik&#8220;, &#8222;Kamera&#8220; und &#8222;Fotos&#8220; wurden im Windows 8.1 Professional Betriebssystem in Ihrer Funktionsweise erweitert.<\/p>\n<p><strong>Leistungsstarkes Microsoft Windows 8.1 Professional<\/strong><\/p>\n<p>Durch die zahlreichen Neuerungen und die Oberfl\u00e4chenoptimierung schafft das Betriebssystem Windows 8.1 Professional eine starke Plattform, die mit Ihren neuen Features und Programmen professionelle Benutzern und Kleinunternehmen in ihren Aufgaben tatkr\u00e4ftigt unterst\u00fctzt. Dank der Performancesteigerung ist Windows 8.1 Professional ein zuverl\u00e4ssiges Betriebssystem. Das modernere User Interface, sowie die Modern-Apps bieten dem Benutzer ein aktuelles System sowohl f\u00fcr Handhelds als auch f\u00fcr Standrechner.<\/p>\n","protected":false},"excerpt":{"rendered":"<p>Windows 8.1 Professional ist die erweiterte Variante zu Windows 8, welches speziell f\u00fcr Touchscreens ausgelegt ist und auf dieser Plattformart professionellen Benutzern und Unternehmen eine optimierte Arbeitsunterst\u00fctzung bietet. Dabei ist das Windows 8.1 Professional Betriebssystem nicht nur auf kompatiblen Tablets und Handhelds lauff\u00e4hig, sondern kann auch wie gewohnt per Maus und Tastatur am Laptop oder [&hellip;]<\/p>\n","protected":false},"featured_media":1753,"comment_status":"open","ping_status":"closed","template":"","meta":{"_acf_changed":false},"product_cat":[153],"product_tag":[],"acf":[],"jetpack_sharing_enabled":true,"_links":{"self":[{"href":"http:\/\/pc-direkthandel.de\/wordpress\/wp-json\/wp\/v2\/product\/2149"}],"collection":[{"href":"http:\/\/pc-direkthandel.de\/wordpress\/wp-json\/wp\/v2\/product"}],"about":[{"href":"http:\/\/pc-direkthandel.de\/wordpress\/wp-json\/wp\/v2\/types\/product"}],"replies":[{"embeddable":true,"href":"http:\/\/pc-direkthandel.de\/wordpress\/wp-json\/wp\/v2\/comments?post=2149"}],"wp:featuredmedia":[{"embeddable":true,"href":"http:\/\/pc-direkthandel.de\/wordpress\/wp-json\/wp\/v2\/media\/1753"}],"wp:attachment":[{"href":"http:\/\/pc-direkthandel.de\/wordpress\/wp-json\/wp\/v2\/media?parent=2149"}],"wp:term":[{"taxonomy":"product_cat","embeddable":true,"href":"http:\/\/pc-direkthandel.de\/wordpress\/wp-json\/wp\/v2\/product_cat?post=2149"},{"taxonomy":"product_tag","embeddable":true,"href":"http:\/\/pc-direkthandel.de\/wordpress\/wp-json\/wp\/v2\/product_tag?post=2149"}],"curies":[{"name":"wp","href":"https:\/\/api.w.org\/{rel}","templated":true}]}}