{"id":1982,"date":"2019-09-17T19:06:13","date_gmt":"2019-09-17T17:06:13","guid":{"rendered":"http:\/\/pc-direkthandel.de\/wordpress\/?post_type=product&#038;p=1982"},"modified":"2019-09-17T19:07:37","modified_gmt":"2019-09-17T17:07:37","slug":"paranoia-happiness-is-mandatory","status":"publish","type":"product","link":"http:\/\/pc-direkthandel.de\/wordpress\/product\/paranoia-happiness-is-mandatory\/","title":{"rendered":"Paranoia &#8211; Happiness is Mandatory"},"content":{"rendered":"<p>S\u00e4mtliche B\u00fcrger genie\u00dfen ein Leben voller Freude, Gl\u00fcckseligkeit und Hygiene. Die Gro\u00dfherzigkeit des Computers zu hinterfragen, stellt einen Akt des Verrats dar. Zugang zu Informationen zu haben, die \u00fcber die eigene Sicherheitsfreigabe hinausgehen, stellt einen Akt des Verrats dar. Die Weigerung, deine t\u00e4gliche Dosis Burbsi-Blubber-Brause zu trinken, stellt einen Akt des Verrats dar. Verrat kann durch Exekution bestraft werden.<\/p>\n<p>Bleib wachsam! Vertraue niemandem! Verr\u00e4ter sind \u00fcberall und planen, den Computer, den Alpha-Komplex und unsere kostbare Lebensweise zu zerst\u00f6ren. Identifiziere sie, melde sie \u2013 oder eliminiere sie wie der verr\u00e4terische Abschaum, der sie sind. Halte deinen Laser bereit!<\/p>\n<p>Du f\u00fchrst ein Team Troubleshooters mit Sicherheitsfreigabe ROT an. Dein Job ist es, \u00c4rger zu finden \u2013 und auszumerzen. Der Computer \u00fcberwacht jede deiner Bewegungen, achtet auf jegliches Zeichen von Verrat und belohnt dich f\u00fcr prompte und heroische Taten bei der Verteidigung des Alpha-Komplexes \u2013 oder bestraft verr\u00e4terische Handlungen, indem er dich m\u00f6glicherweise der Nutzung als Reaktorschild zuweist.<\/p>\n<p><strong>Features<\/strong><\/p>\n<ul>\n<li>Eine retrofuturistische Welt voller Technologien, die so wundervoll wie t\u00f6dlich sind<\/li>\n<li>Erstelle und leite ein Team aus vier Troubleshootern, die f\u00fcr den Computer arbeiten<\/li>\n<li>W\u00e4hle deine Spezialisierungen aus 9 verf\u00fcgbaren Fertigkeiten<\/li>\n<li>Einzigartiger Charakterfortschritt durch Klonen (wenn du stirbst, kommst du weiter!)<\/li>\n<li>Taktisches Kampfsystem mit aktiver Pause, inspiriert durch klassische CRPG-Spiele<\/li>\n<li>Originelle Feinde, einschlie\u00dflich Roboter mit Fehlfunktionen, aggressive Getr\u00e4nkespender und defekte Klone<\/li>\n<\/ul>\n<p>Jetzt Paranoia Happiness is Mandatory kaufen!<\/p>\n<p>Bei uns bekommen Sie den Key f\u00fcr die Aktivierung des Spiels von Bigben Interactive innerhalb der angegebenen Lieferzeit direkt per Email zugesendet.<\/p>\n<p>Ein CRPG, das in der letzten Zuflucht der Menschheit spielt, die vom Computer kontrolliert wird.<\/p>\n<p>Mit dem Key k\u00f6nnen Sie Paranoia Happiness is Mandatory via Epic Games Store kostenlos herunterladen und installieren.<\/p>\n<p>Den Epic Games Launcher finden Sie <a title=\"Epic Games Launcher\" href=\"https:\/\/launcher-public-service-prod06.ol.epicgames.com\/launcher\/api\/installer\/download\/EpicGamesLauncherInstaller.msi\" rel=\"nofollow\">hier<\/a>.<\/p>\n","protected":false},"excerpt":{"rendered":"<p>S\u00e4mtliche B\u00fcrger genie\u00dfen ein Leben voller Freude, Gl\u00fcckseligkeit und Hygiene. Die Gro\u00dfherzigkeit des Computers zu hinterfragen, stellt einen Akt des Verrats dar. Zugang zu Informationen zu haben, die \u00fcber die eigene Sicherheitsfreigabe hinausgehen, stellt einen Akt des Verrats dar. Die Weigerung, deine t\u00e4gliche Dosis Burbsi-Blubber-Brause zu trinken, stellt einen Akt des Verrats dar. Verrat kann [&hellip;]<\/p>\n","protected":false},"featured_media":1983,"comment_status":"open","ping_status":"closed","template":"","meta":{"_acf_changed":false},"product_cat":[162],"product_tag":[],"acf":[],"jetpack_sharing_enabled":true,"_links":{"self":[{"href":"http:\/\/pc-direkthandel.de\/wordpress\/wp-json\/wp\/v2\/product\/1982"}],"collection":[{"href":"http:\/\/pc-direkthandel.de\/wordpress\/wp-json\/wp\/v2\/product"}],"about":[{"href":"http:\/\/pc-direkthandel.de\/wordpress\/wp-json\/wp\/v2\/types\/product"}],"replies":[{"embeddable":true,"href":"http:\/\/pc-direkthandel.de\/wordpress\/wp-json\/wp\/v2\/comments?post=1982"}],"wp:featuredmedia":[{"embeddable":true,"href":"http:\/\/pc-direkthandel.de\/wordpress\/wp-json\/wp\/v2\/media\/1983"}],"wp:attachment":[{"href":"http:\/\/pc-direkthandel.de\/wordpress\/wp-json\/wp\/v2\/media?parent=1982"}],"wp:term":[{"taxonomy":"product_cat","embeddable":true,"href":"http:\/\/pc-direkthandel.de\/wordpress\/wp-json\/wp\/v2\/product_cat?post=1982"},{"taxonomy":"product_tag","embeddable":true,"href":"http:\/\/pc-direkthandel.de\/wordpress\/wp-json\/wp\/v2\/product_tag?post=1982"}],"curies":[{"name":"wp","href":"https:\/\/api.w.org\/{rel}","templated":true}]}}