{"id":1957,"date":"2019-09-17T18:32:12","date_gmt":"2019-09-17T16:32:12","guid":{"rendered":"http:\/\/pc-direkthandel.de\/wordpress\/?post_type=product&#038;p=1957"},"modified":"2019-09-17T18:34:25","modified_gmt":"2019-09-17T16:34:25","slug":"fallout-76-tricentennial-edition","status":"publish","type":"product","link":"http:\/\/pc-direkthandel.de\/wordpress\/product\/fallout-76-tricentennial-edition\/","title":{"rendered":"Fallout 76 (Tricentennial Edition)"},"content":{"rendered":"<p>Bethesda Game Studios, die preisgekr\u00f6nten Entwickler von Skyrim und Fallout 4, hei\u00dfen euch bei Fallout 76 willkommen!Bei diesem Online-Prequel ist jeder menschliche \u00dcberlebende ein Spieler, mit dem ihr zusammenarbeiten k\u00f6nnt \u2013 oder auch nicht \u2013 um zu \u00fcberleben. Denn die bislang gr\u00f6\u00dfte, dynamischte Welt im Fallout-Universum sieht sich der nuklearen Ausl\u00f6schung gegen\u00fcber.Wir schreiben das Jahr 2102. 25 Jahre, nachdem die Bomben abgeworfen wurden, steigt ihr aus eurem Vault und erblickt zum ersten Mal das postnukleare Amerika. Ausgew\u00e4hlt als Beste und Kl\u00fcgste dieses Landes obliegt es euch \u2013 alleine oder zusammen \u2013, das \u00d6dland zu erkunden, wieder aufzubauen und gegen die gr\u00f6\u00dften Bedrohungen zu verteidigen.<\/p>\n<p><strong>Die Fallout 76 Tricentennial Edition enth\u00e4lt:<\/strong><\/p>\n<ul>\n<li>Fallout 76-Hauptspiel<\/li>\n<li>Tricentennial-Powerr\u00fcstungs-Anpassung f\u00fcr die T-51-, T-45-, T-60- und X-01-Powerr\u00fcstungen<\/li>\n<li>Tricentennial-Waffen-Anpassung f\u00fcr die 10MM-Pistole, das Beil und das Lasergewehr<\/li>\n<li>Unfassbar schicker Vault-Boy-Maskottchenkopf<\/li>\n<li>Patriotisches Uncle-Sam-Outfit<\/li>\n<li>Feierliches Vault-Boy-Gru\u00df-Emote<\/li>\n<li>Hochwertige Tricentennial-Werkstatt-Poster<\/li>\n<li>Tricentennial-Gedenk-Fotorahmen<\/li>\n<\/ul>\n<p>Jetzt Fallout 76 Tricentennial Edition kaufen!<\/p>\n<p>Bei uns bekommen Sie den Key f\u00fcr die Aktivierung des Spiels von Bethesda Softworks innerhalb der angegebenen Lieferzeit direkt per Email zugesendet.<\/p>\n<p>Bei diesem Online-Prequel ist jeder menschliche \u00dcberlebende ein anderer Spieler, mit dem ihr zusammenarbeiten k\u00f6nnt&#8230; oder auch nicht.<\/p>\n<p>Mit dem Key k\u00f6nnen Sie Fallout 76 Tricentennial Edition via Bethesda.net Launcher herunterladen und installieren.<\/p>\n<p>Den Bethesda.net Launcher Download finden Sie <a href=\"http:\/\/download.cdp.bethesda.net\/BethesdaNetLauncher_Setup.exe\" target=\"_blank\" rel=\"nofollow noopener noreferrer\">hier<\/a>.<\/p>\n","protected":false},"excerpt":{"rendered":"<p>Bethesda Game Studios, die preisgekr\u00f6nten Entwickler von Skyrim und Fallout 4, hei\u00dfen euch bei Fallout 76 willkommen!Bei diesem Online-Prequel ist jeder menschliche \u00dcberlebende ein Spieler, mit dem ihr zusammenarbeiten k\u00f6nnt \u2013 oder auch nicht \u2013 um zu \u00fcberleben. Denn die bislang gr\u00f6\u00dfte, dynamischte Welt im Fallout-Universum sieht sich der nuklearen Ausl\u00f6schung gegen\u00fcber.Wir schreiben das Jahr [&hellip;]<\/p>\n","protected":false},"featured_media":1958,"comment_status":"open","ping_status":"closed","template":"","meta":{"_acf_changed":false},"product_cat":[160],"product_tag":[],"acf":[],"jetpack_sharing_enabled":true,"_links":{"self":[{"href":"http:\/\/pc-direkthandel.de\/wordpress\/wp-json\/wp\/v2\/product\/1957"}],"collection":[{"href":"http:\/\/pc-direkthandel.de\/wordpress\/wp-json\/wp\/v2\/product"}],"about":[{"href":"http:\/\/pc-direkthandel.de\/wordpress\/wp-json\/wp\/v2\/types\/product"}],"replies":[{"embeddable":true,"href":"http:\/\/pc-direkthandel.de\/wordpress\/wp-json\/wp\/v2\/comments?post=1957"}],"wp:featuredmedia":[{"embeddable":true,"href":"http:\/\/pc-direkthandel.de\/wordpress\/wp-json\/wp\/v2\/media\/1958"}],"wp:attachment":[{"href":"http:\/\/pc-direkthandel.de\/wordpress\/wp-json\/wp\/v2\/media?parent=1957"}],"wp:term":[{"taxonomy":"product_cat","embeddable":true,"href":"http:\/\/pc-direkthandel.de\/wordpress\/wp-json\/wp\/v2\/product_cat?post=1957"},{"taxonomy":"product_tag","embeddable":true,"href":"http:\/\/pc-direkthandel.de\/wordpress\/wp-json\/wp\/v2\/product_tag?post=1957"}],"curies":[{"name":"wp","href":"https:\/\/api.w.org\/{rel}","templated":true}]}}