{"id":1918,"date":"2019-09-17T16:13:19","date_gmt":"2019-09-17T14:13:19","guid":{"rendered":"http:\/\/pc-direkthandel.de\/wordpress\/?post_type=product&#038;p=1918"},"modified":"2019-11-07T15:26:32","modified_gmt":"2019-11-07T13:26:32","slug":"microsoft-sharepoint-server-2019-esd-key","status":"publish","type":"product","link":"http:\/\/pc-direkthandel.de\/wordpress\/product\/microsoft-sharepoint-server-2019-esd-key\/","title":{"rendered":"Microsoft Sharepoint Server 2019 (ESD &#038; Key)"},"content":{"rendered":"<p><span data-mce-mark=\"1\"><strong>Microsoft\u00a0Sharepoint\u00a0Server 2019 kaufen\u00a0und Kooperation neu erleben<\/strong><\/span><\/p>\n<p>Mit\u00a0Sharepoint\u00a0Server 2019\u00a0schickt Microsoft nach\u00a0Sharepoint\u00a02016 nun den Nachfolger ins Rennen, der gegen\u00fcber der Vorg\u00e4ngerversion mit zahlreichen Neuerungen und Verbesserungen aufwartet. Damit profitieren Nutzer, die\u00a0Sharepoint\u00a02019 Server kaufen, von der effizienteren und bequemeren Nutzung der Software in den f\u00fcnf Kernbereichen. Auch die aktuelle Version \u00fcberzeugt durch die umfangreichen\u00a0Kollaborationsm\u00f6glichkeiten, dank derer sich Projekte und Aufgaben leicht gemeinsam verwalten und koordinieren lassen.<\/p>\n<p>Ferner fungiert die Software als Intranet-Portal und Soziales Netzwerk f\u00fcr interne Diskussionsgruppen, Teamwebsites und Blogs, was die Arbeit auch \u00fcber Abteilungsgrenzen hinweg deutlich leichter macht. Dar\u00fcber hinaus gl\u00e4nzt Sharepoint 2019 Server mit seinen umfassenden Dokumente-Management- und Such-Funktionen sowohl als Content-Management-System als auch als Business-Anwendung u. a. zur Organisation von Gesch\u00e4ftsprozessen.<\/p>\n<p><strong>Moderne Oberfl\u00e4chen, \u00fcberarbeitete\u00a0Suchumgebung<\/strong><br \/>\nWer den neue\u00a0Sharepoint\u00a0Server zum ersten Mal benutzt, dem wird sogleich die \u00fcberarbeitete\u00a0Nutzeroberfl\u00e4che\u00a0ins Auge fallen. Diese verpasst der Navigation eine\u00a0Frischzellenkur\u00a0und passt diese den aus\u00a0Sharepoint\u00a0Online bekannten Oberfl\u00e4chen an. Besonders erw\u00e4hnenswert ist hier die vereinfachte &#8222;Teilen-Oberfl\u00e4che&#8220;, dank derer das Teilen von Inhalten nun deutlich eing\u00e4ngiger funktioniert. Hinzu kommen Warnungen, sofern Nutzer eine ungew\u00f6hnlich gro\u00dfe Anzahl an Elementen zum Teilen ausgew\u00e4hlt haben oder Inhalte mit einer gro\u00dfen Gruppe teilen m\u00f6chten.<\/p>\n<p>Aufgebohrt wurde auch die bereits in der Vorg\u00e4ngerversion leistungsstarke Suchfunktion. Suchergebnisse werden hier beispielsweise bereits w\u00e4hrend der Eingabe angezeigt und laufend aktualisiert. Hinzu kommt die \u00dcberarbeitung der\u00a0Suchergebnisseite, sodass die Ergebnisse fortan noch effizienter gruppiert, sortiert und intelligent\u00a0durchgefiltert\u00a0werden k\u00f6nnen. Interessant ist hier vor allem die Tatsache, dass\u00a0Sharepoint\u00a02019 nun auch Schriften und Objekte auf Bildern indexiert und\u00a0suchbar\u00a0macht. Ein Bild, auf dem ein Diagramm zu sehen ist, ist dementsprechend \u00fcber die gezielte Suche nach Diagrammen auffindbar. Von Vorteil ist hier auch, dass das Feature selbst bei Handschriften einwandfrei funktioniert.<\/p>\n<p><strong>Weitere neue Features von Microsoft\u00a0Sharepoint\u00a0Server 2019<\/strong><br \/>\nUnternehmen die Microsoft Sharepoint Server 2019 kaufen, d\u00fcrfen sich auf eine gro\u00dfe Bandbreite an Neuerungen freuen, die das gemeinsame Arbeiten einfacher, effizienter und bequemer machen.<\/p>\n<ul>\n<li>Mehr Sicherheit: Dank regionaler Datenspeicherung k\u00f6nnen Unternehmen Daten wahlweise auch in regionalen Data Centers hinterlegen. Hinzu kommt der verbesserte Zugriff auf\u00a0Sicherheitseinstellungen\u00a0\u00fcber\u00a0Sharepoint\u00a0Online.<\/li>\n<li>Erweiterte\u00a0Workflow-Realisierung: Erweiterung des\u00a0Funktionsumfangs\u00a0durch\u00a0Flow\u00a0f\u00fcr\u00a0OneDrive\u00a0und Formatierung von Listen. Zudem k\u00f6nnen Dokument ein der aktuellen Version zum Review gesendet werden.<\/li>\n<li>Einfachere Informationsverarbeitung: Bekanntmachung von neuen Eintr\u00e4gen per E-Mail oder \u00fcber Benachrichtigungen in Microsoft Teams. Einbindung von\u00a0neunen\u00a0Webparts\u00a0mit dynamischem Content wie\u00a0Twitter-Feeds,\u00a0Yammer\u00a0oder Microsoft\u00a0Planner.<\/li>\n<li>Verbesserte Datenverarbeitung durch zeitgleiches Arbeiten auch an\u00a0Excel-Dokumenten, eine\u00a0Dokumentenvorschau\u00a0f\u00fcr mehr als 270\u00a0Dateitypen, eine integrierte &#8222;Share&#8220;-Funktion\u00a0in allen Office\u00a0365-Komponenten\u00a0und eine vertiefte Integration in Microsoft Teams.<\/li>\n<\/ul>\n<p><strong>Maximale Flexibilit\u00e4t dank Microsofts\u00a0Lizenzprogramm<\/strong><br \/>\nUnternehmen die Microsoft\u00a0Sharepoint\u00a0Server 2019 kaufen\u00a0und optimal nutzen m\u00f6chten, profitieren von Microsofts flexibler\u00a0Lizenzpolitik. F\u00fcr jede\u00a0Betriebssystem-Instanz\u00a0wird dabei eine\u00a0Server-Lizenz\u00a0ben\u00f6tigt. Hier haben Unternehmen die Wahl zwischen\u00a0nutzerbezogenen\u00a0Lizenzen (User-CAL) und\u00a0ger\u00e4tebezogenen\u00a0Lizenzen (Device-CAL).<\/p>\n<p>Neben den\u00a0Standard-Lizenzen\u00a0ist ebenfalls eine\u00a0Enterprise-CAL\u00a0erh\u00e4ltlich, die den Funktionsumfang von\u00a0Sharepoint\u00a0Server 2019\u00a0zus\u00e4tzlich erweitert. \u00dcber eine spezielle\u00a0External\u00a0Connector-Lizenz, erm\u00f6glichen es Unternehmen, die\u00a0Sharepoint\u00a0Server 2019 kaufen, externen Nutzern wie ihren Lieferanten oder Kunden, auf das\u00a0Sharepoint-System zuzugreifen. Das vereinfacht die Zusammenarbeit zus\u00e4tzlich.<\/p>\n","protected":false},"excerpt":{"rendered":"<p>Microsoft\u00a0Sharepoint\u00a0Server 2019 kaufen\u00a0und Kooperation neu erleben Mit\u00a0Sharepoint\u00a0Server 2019\u00a0schickt Microsoft nach\u00a0Sharepoint\u00a02016 nun den Nachfolger ins Rennen, der gegen\u00fcber der Vorg\u00e4ngerversion mit zahlreichen Neuerungen und Verbesserungen aufwartet. Damit profitieren Nutzer, die\u00a0Sharepoint\u00a02019 Server kaufen, von der effizienteren und bequemeren Nutzung der Software in den f\u00fcnf Kernbereichen. Auch die aktuelle Version \u00fcberzeugt durch die umfangreichen\u00a0Kollaborationsm\u00f6glichkeiten, dank derer sich Projekte [&hellip;]<\/p>\n","protected":false},"featured_media":1919,"comment_status":"open","ping_status":"closed","template":"","meta":{"_acf_changed":false},"product_cat":[159],"product_tag":[],"acf":[],"jetpack_sharing_enabled":true,"_links":{"self":[{"href":"http:\/\/pc-direkthandel.de\/wordpress\/wp-json\/wp\/v2\/product\/1918"}],"collection":[{"href":"http:\/\/pc-direkthandel.de\/wordpress\/wp-json\/wp\/v2\/product"}],"about":[{"href":"http:\/\/pc-direkthandel.de\/wordpress\/wp-json\/wp\/v2\/types\/product"}],"replies":[{"embeddable":true,"href":"http:\/\/pc-direkthandel.de\/wordpress\/wp-json\/wp\/v2\/comments?post=1918"}],"wp:featuredmedia":[{"embeddable":true,"href":"http:\/\/pc-direkthandel.de\/wordpress\/wp-json\/wp\/v2\/media\/1919"}],"wp:attachment":[{"href":"http:\/\/pc-direkthandel.de\/wordpress\/wp-json\/wp\/v2\/media?parent=1918"}],"wp:term":[{"taxonomy":"product_cat","embeddable":true,"href":"http:\/\/pc-direkthandel.de\/wordpress\/wp-json\/wp\/v2\/product_cat?post=1918"},{"taxonomy":"product_tag","embeddable":true,"href":"http:\/\/pc-direkthandel.de\/wordpress\/wp-json\/wp\/v2\/product_tag?post=1918"}],"curies":[{"name":"wp","href":"https:\/\/api.w.org\/{rel}","templated":true}]}}