{"id":1914,"date":"2019-09-17T16:08:36","date_gmt":"2019-09-17T14:08:36","guid":{"rendered":"http:\/\/pc-direkthandel.de\/wordpress\/?post_type=product&#038;p=1914"},"modified":"2019-11-07T15:27:25","modified_gmt":"2019-11-07T13:27:25","slug":"microsoft-exchange-server-2019-enterprise-esd-key","status":"publish","type":"product","link":"http:\/\/pc-direkthandel.de\/wordpress\/product\/microsoft-exchange-server-2019-enterprise-esd-key\/","title":{"rendered":"Microsoft Exchange Server 2019 Enterprise (ESD &#038; Key)"},"content":{"rendered":"<p><span data-mce-mark=\"1\"><strong>Microsoft\u00a0Exchange Server 2019 Enterprise\u00a0&#8211; Die ideale\u00a0Software-L\u00f6sung\u00a0f\u00fcr Gro\u00dfunternehmen<\/strong><\/span><\/p>\n<p>Auf Basis der\u00a02016er-Version\u00a0hat Microsoft die in zahlreichen Unternehmen mit\u00a0Windows-Umfeld\u00a0zur Anwendung kommende\u00a0Groupware- und\u00a0E-Mail-Transport-Server-Software\u00a0an zentralen Stellen verbessert. Damit kommen Unternehmen, die Microsoft\u00a0Exchange Server 2019 Enterprise kaufen, in den Genuss der bisher leistungsst\u00e4rksten zentralen Verwaltung und Ablage von Aufgaben, Kontakten, Terminen und E-Mails aus dem Hause Microsoft.<\/p>\n<p>Die aktuelle\u00a0Enterprise-Version\u00a0ist anders als die Standard Variante von Microsoft Exchange genau auf die Anforderungen von Gro\u00dfunternehmen zugeschnitten. Hervorzuheben ist an dieser Stelle vor allem die Unterst\u00fctzung von bis zu 100 Datenbanken mit einem Volumen von jeweils 2 Terabyte. Zum Vergleich: Das f\u00fcr kleine und mittelst\u00e4ndische Unternehmen angepasste Exchange Server 2019 Standard unterst\u00fctzt lediglich 5 Datenbanken.<\/p>\n<p><strong>Bing-Suche, Voice\u00a0Mail-Funktionen\u00a0und \u00fcberarbeiteter Kalender<\/strong><br \/>\nNutzer, die Microsoft\u00a0Exchange Server 2019 Enterprise kaufen\u00a0und erstmals nutzen, werden gleich einige wichtige \u00c4nderungen feststellen. Die augenf\u00e4lligste \u00c4nderung f\u00fcr\u00a0End-User\u00a0ist das \u00fcberarbeitete\u00a0Kalender-System, das sich in der aktuellen Version am Modell von Office 365 orientiert und damit auch mit dem einfachen\u00a0Calendar\u00a0Sharing\u00a0daherkommt. Zudem haben Administratoren durch zus\u00e4tzliche\u00a0PowerShell\u00a0cmdlets\u00a0und die neu integrierte &#8222;Do not\u00a0Forward&#8220;-Funktion\u00a0ab der Version 2019 neue und erweiterte Funktionen zur effizienteren Verwaltung. Darunter etwa die Funktion &#8222;Remove-CalendarEvents&#8220; und &#8222;Add-MailboxFolderPermission&#8220;, die der Zuweisung von\u00a0Delegationsberechtigungen\u00a0dient.<\/p>\n<p>Mit Microsoft\u00a0Exchange Server 2019 Enterprise\u00a0entfernt Microsoft auch die mittlerweile betagte\u00a0FAST-Suche\u00a0aus der Software und ersetzt sie durch die\u00a0Bing-Search Engine. Damit sind\u00a0Suchinformationen\u00a0und\u00a0Suchindices\u00a0fortan Teil der\u00a0Postfachdatenbanken. Neben der alten Suche f\u00e4llt auch die Unterst\u00fctzung f\u00fcr\u00a0Unified\u00a0Messaging\u00a0weg, sodass die Voice\u00a0Mail-Funktionalit\u00e4ten\u00a0der Software nun via Cloud Voice Mail funktionieren. F\u00fcr die Nutzung wird dementsprechend Skype for Business 2019 oder Office 365 vorausgesetzt.<\/p>\n<p><strong>Mehr Leistung f\u00fcr h\u00f6here Anspr\u00fcche<\/strong><br \/>\nDass gerade Gro\u00dfunternehmen Microsoft\u00a0Exchange Server 2019 Enterprise kaufen, ist auf die traditionelle Unterst\u00fctzung besonders leistungsstarker\u00a0Serversysteme\u00a0zur\u00fcckzuf\u00fchren. Auch in der aktuellen Version tr\u00e4gt Microsoft diesem Bed\u00fcrfnis Rechnung und erweitert den maximal unterst\u00fctzten Arbeitsspeicher von 192 GB auf 256 GB. Noch weiter geht die\u00a0Leistungsanpassung\u00a0in Sachen\u00a0CPU-Leistung. Hier punktet Exchange Server 2019 gar mit einer Verdopplung der maximal unterst\u00fctzten Prozessoren von 24 auf 48. F\u00fcr weitere im direkten Betrieb sp\u00fcrbare Leistungsoptimierung sorgt die volle Unterst\u00fctzung von\u00a0SSD-Laufwerken\u00a0als Zwischenspeicher.<\/p>\n<p>Ausgew\u00e4hlte Features von Microsoft\u00a0Exchange Server 2019 Enterprise<\/p>\n<ul>\n<li>\u00a0Sichere Authentifizierung \u00fcber Zertifikate<\/li>\n<li>\u00a0SmartScreen-Filter\u00a0und Intelligent\u00a0Message\u00a0Filter (IMF)<\/li>\n<li>\u00a0Webzugriff\u00a0\u00fcber die Outlook Web App<\/li>\n<li>\u00a0Umfangreiche Data\u00a0Loss\u00a0Prevention\u00a0(DLP)<\/li>\n<li>\u00a0Anbindung von Third Party\u00a0Antivirensoftware\u00a0\u00fcber\u00a0Ani-Viren-API<\/li>\n<li>\u00a0Globales Adressbuch inklusive Black- und Whitelist<\/li>\n<li>\u00a0Erweiterung des maximal unterst\u00fctzten Arbeitsspeichers aus 256 GB<\/li>\n<li>\u00a0Vollst\u00e4ndige Unterst\u00fctzung von\u00a0SSD-Laufwerken\u00a0als Zwischenspeicher<\/li>\n<li>\u00a0Verdopplung der unterst\u00fctzten Prozessoren von 24 auf maximal 48<\/li>\n<li>\u00a0100 Datenbanken mit jeweils 2 Terabyte<\/li>\n<li>\u00a0Bing\u00a0Search Engine ersetzt\u00a0FAST-Suche<\/li>\n<\/ul>\n<p><strong>Unbegrenzte Nutzungsdauer und flexible\u00a0Lizensierung<\/strong><br \/>\nUnternehmen k\u00f6nnen f\u00fcr den Einsatz von Microsoft\u00a0Exchange Server 2019 Enterprise\u00a0Client Access\u00a0Licenses\u00a0(CALs) erwerben. Diese sind wahlweise als\u00a0Nutzer-Lizenzen\u00a0(User-CAL) oder\u00a0ger\u00e4tegebundene\u00a0Lizenzen (Device-CAL) erh\u00e4ltlich und erm\u00f6glichen damit eine flexible und\u00a0kosteneffiziente\u00a0Nutzung. Zudem besteht die M\u00f6glichkeit, eine\u00a0External\u00a0Connector-Lizenz\u00a0zu erwerben. Dar\u00fcber haben externe Nutzer wie Kunden oder Lieferanten ebenfalls direkt Zugriff auf Exchange, was zahlreiche Prozesse vereinfacht. Dar\u00fcber hinaus ist die Nutzung von Microsoft\u00a0Exchange Server 2019 Enterprise\u00a0zeitlich unbegrenzt.<\/p>\n","protected":false},"excerpt":{"rendered":"<p>Microsoft\u00a0Exchange Server 2019 Enterprise\u00a0&#8211; Die ideale\u00a0Software-L\u00f6sung\u00a0f\u00fcr Gro\u00dfunternehmen Auf Basis der\u00a02016er-Version\u00a0hat Microsoft die in zahlreichen Unternehmen mit\u00a0Windows-Umfeld\u00a0zur Anwendung kommende\u00a0Groupware- und\u00a0E-Mail-Transport-Server-Software\u00a0an zentralen Stellen verbessert. Damit kommen Unternehmen, die Microsoft\u00a0Exchange Server 2019 Enterprise kaufen, in den Genuss der bisher leistungsst\u00e4rksten zentralen Verwaltung und Ablage von Aufgaben, Kontakten, Terminen und E-Mails aus dem Hause Microsoft. Die aktuelle\u00a0Enterprise-Version\u00a0ist anders als [&hellip;]<\/p>\n","protected":false},"featured_media":1915,"comment_status":"open","ping_status":"closed","template":"","meta":{"_acf_changed":false},"product_cat":[159],"product_tag":[],"acf":[],"jetpack_sharing_enabled":true,"_links":{"self":[{"href":"http:\/\/pc-direkthandel.de\/wordpress\/wp-json\/wp\/v2\/product\/1914"}],"collection":[{"href":"http:\/\/pc-direkthandel.de\/wordpress\/wp-json\/wp\/v2\/product"}],"about":[{"href":"http:\/\/pc-direkthandel.de\/wordpress\/wp-json\/wp\/v2\/types\/product"}],"replies":[{"embeddable":true,"href":"http:\/\/pc-direkthandel.de\/wordpress\/wp-json\/wp\/v2\/comments?post=1914"}],"wp:featuredmedia":[{"embeddable":true,"href":"http:\/\/pc-direkthandel.de\/wordpress\/wp-json\/wp\/v2\/media\/1915"}],"wp:attachment":[{"href":"http:\/\/pc-direkthandel.de\/wordpress\/wp-json\/wp\/v2\/media?parent=1914"}],"wp:term":[{"taxonomy":"product_cat","embeddable":true,"href":"http:\/\/pc-direkthandel.de\/wordpress\/wp-json\/wp\/v2\/product_cat?post=1914"},{"taxonomy":"product_tag","embeddable":true,"href":"http:\/\/pc-direkthandel.de\/wordpress\/wp-json\/wp\/v2\/product_tag?post=1914"}],"curies":[{"name":"wp","href":"https:\/\/api.w.org\/{rel}","templated":true}]}}