{"id":1907,"date":"2019-09-17T16:01:40","date_gmt":"2019-09-17T14:01:40","guid":{"rendered":"http:\/\/pc-direkthandel.de\/wordpress\/?post_type=product&#038;p=1907"},"modified":"2019-11-07T15:32:01","modified_gmt":"2019-11-07T13:32:01","slug":"microsoft-sql-server-2017-standard-2-core-esd-key","status":"publish","type":"product","link":"http:\/\/pc-direkthandel.de\/wordpress\/product\/microsoft-sql-server-2017-standard-2-core-esd-key\/","title":{"rendered":"Microsoft SQL Server 2017 Standard (2 Core) (ESD &#038; Key)"},"content":{"rendered":"<p>Mit Microsoft SQL Server 2017 Standard 2 Core erh\u00e4lt ein Unternehmen eine ausgezeichnete Datenbankl\u00f6sung, wobei jede Lizenz zwei der Prozessoren des Servers abdeckt. Es handelt sich um eine weltweit gern genutzte Verwaltungssoftware f\u00fcr Datenbanken. Mit jeder Version wurden weitere M\u00f6glichkeiten und Details f\u00fcr mehr Leistung und Sicherheit eingebaut, sodass Microsoft SQL Server 2017 Standard 2 Core Kaufen bedeutet, ein sehr ausgekl\u00fcgeltes Programm zu erwerben. Unter anderem \u00fcberzeugt die 2017er Version dadurch, dass sie auch in Linux- und Docker-Containern l\u00e4uft.<\/p>\n<p><strong>Relationales Datenbankmanagementsystem mit SQL Server-Technologien<\/strong><br \/>\nDas Programm orientiert sich an der aktuellen SQL-Version. Einen MS SQL-Server kann man unter anderem als Data-Warehouse nutzen. Die Software bietet eine Business-Intelligence-Plattform mit skalierbarer Infrastruktur. Wichtige verwendete Services sind<\/p>\n<p>Reporting Services, Integration Services und Analysis Services. Mit Microsoft SQL Server 2017 k\u00f6nnen intelligente Anwendungen geschrieben werden, die auf R und Python beruhen. Anstatt nur reagierender sind hier vorhersagende Datenanalysen m\u00f6glich. Die integrierten M\u00f6glichkeiten zur parallelen Verarbeitung erm\u00f6glichen sehr schnelle Einblicke auch in gro\u00dfe Datenmengen. F\u00fcr ein konsistentes Arbeiten sorgt die Unterst\u00fctzung von Windows-, Linux- und Docker-Containern. Auf Wunsch sind hybride L\u00f6sungen machbar: Neben dem klassischen Weg k\u00f6nnen auch Workloads in Azure Virtual Machineserledigt werden. Microsoft SQL Server 2017 Standard 2 Core Kaufen ist demnach auch etwas f\u00fcr Unternehmen, die mehr in einer Cloud arbeiten wollen. Dabei k\u00f6nnen Werkzeuge wie Azure Active Directory und SQL Server Management Studio zur Datenbankverwaltung genutzt werden. Durch die Erzeugung redundanter Daten in der Cloud erstellt der Nutzer bei Bedarf ein Backup.<\/p>\n<p><strong>Durchdachter Funktionsumfang<\/strong><br \/>\nF\u00fcr viele Unternehmensszenarien ist nicht n\u00f6tig, die Enterprise-Version von Microsoft SQL Server 2017 Standard 2 Core zu kaufen. Die Standardversion von Microsoft SQL Server 2017 2 Core bietet die wichtigsten Leistungen zur Verwaltung von Datenbanken und Datenanalyse. So k\u00f6nnen die Programmierwerkzeuge T-SQL, SQL CLR, Service Broker, JSON und XML genutzt werden und es gibt grafische Auswertungen der Daten. Sicherheitsmechanismen wie Verschl\u00fcsselung und Data Masking sind ebenfalls integriert. Zudem k\u00f6nnen diverse Optionen des Bereichs Data Warehousing genutzt werden. \u00dcberdies sind grunds\u00e4tzliche Funktionen des maschinenbasierten Lernens Inhalt der Software. Beispielsweise kann mit Python-Analyse-Tools verbunden werden.<\/p>\n<p><strong>Microsoft SQL Server 2017 Standard 2 Core kaufen<\/strong><br \/>\nJede der angebotenen Lizenzen umfasst zwei Kerne. Der Anwender sollte beachten, dass alle Kerne der Prozessoren des Servers lizenziert werden m\u00fcssen. Pro physischem Prozessor sind mindestens f\u00fcr vier Kerne Lizenzen zu erwerben. Arbeitet man mit virtuellen Instanzen m\u00fcssen alle virtuellen Kerne in jeder virtuellen Maschine lizenziert werden. Dabei sind Lizenzen f\u00fcr mindestens vier Kerne pro virtueller Maschine n\u00f6tig. Zu bedenken ist auch, dass das Ausf\u00fchren von SQL Server auf einer virtuellen Maschine langsamer ist als das systeminterne Ausf\u00fchren, f\u00fcr das kein Virtualisierungsaufwand betrieben werden muss. Bei Lizengo k\u00f6nnen Produktschl\u00fcssel f\u00fcr Microsoft SQL Server 2017 auf einfache Weise, als Sofortdownload, erworben werden.<\/p>\n","protected":false},"excerpt":{"rendered":"<p>Mit Microsoft SQL Server 2017 Standard 2 Core erh\u00e4lt ein Unternehmen eine ausgezeichnete Datenbankl\u00f6sung, wobei jede Lizenz zwei der Prozessoren des Servers abdeckt. Es handelt sich um eine weltweit gern genutzte Verwaltungssoftware f\u00fcr Datenbanken. Mit jeder Version wurden weitere M\u00f6glichkeiten und Details f\u00fcr mehr Leistung und Sicherheit eingebaut, sodass Microsoft SQL Server 2017 Standard 2 [&hellip;]<\/p>\n","protected":false},"featured_media":1908,"comment_status":"open","ping_status":"closed","template":"","meta":{"_acf_changed":false},"product_cat":[159],"product_tag":[],"acf":[],"jetpack_sharing_enabled":true,"_links":{"self":[{"href":"http:\/\/pc-direkthandel.de\/wordpress\/wp-json\/wp\/v2\/product\/1907"}],"collection":[{"href":"http:\/\/pc-direkthandel.de\/wordpress\/wp-json\/wp\/v2\/product"}],"about":[{"href":"http:\/\/pc-direkthandel.de\/wordpress\/wp-json\/wp\/v2\/types\/product"}],"replies":[{"embeddable":true,"href":"http:\/\/pc-direkthandel.de\/wordpress\/wp-json\/wp\/v2\/comments?post=1907"}],"wp:featuredmedia":[{"embeddable":true,"href":"http:\/\/pc-direkthandel.de\/wordpress\/wp-json\/wp\/v2\/media\/1908"}],"wp:attachment":[{"href":"http:\/\/pc-direkthandel.de\/wordpress\/wp-json\/wp\/v2\/media?parent=1907"}],"wp:term":[{"taxonomy":"product_cat","embeddable":true,"href":"http:\/\/pc-direkthandel.de\/wordpress\/wp-json\/wp\/v2\/product_cat?post=1907"},{"taxonomy":"product_tag","embeddable":true,"href":"http:\/\/pc-direkthandel.de\/wordpress\/wp-json\/wp\/v2\/product_tag?post=1907"}],"curies":[{"name":"wp","href":"https:\/\/api.w.org\/{rel}","templated":true}]}}