{"id":1900,"date":"2019-09-17T15:54:01","date_gmt":"2019-09-17T13:54:01","guid":{"rendered":"http:\/\/pc-direkthandel.de\/wordpress\/?post_type=product&#038;p=1900"},"modified":"2019-11-07T15:35:37","modified_gmt":"2019-11-07T13:35:37","slug":"microsoft-server-2019-essentials-esd-key","status":"publish","type":"product","link":"http:\/\/pc-direkthandel.de\/wordpress\/product\/microsoft-server-2019-essentials-esd-key\/","title":{"rendered":"Microsoft Server 2019 Essentials (ESD &#038; Key)"},"content":{"rendered":"<p><strong>Windows Server 2019\u00a0Essentials kaufen\u00a0und von ma\u00dfgeschneiderten L\u00f6sungen profitieren<\/strong><br \/>\nUnternehmen, die\u00a0Windows Server 2019\u00a0Essentials\u00a0kaufen, erwerben die aktuellste Version von Microsofts erfolgreicher\u00a0Serverl\u00f6sung, die in Unternehmen bereits seit etlichen Jahren hervorragende Dienste leistet. Die aktuelle\u00a0Essentials-Version ist ebenso wie die\u00a0Vorg\u00e4nger-Edition\u00a0Windows Server 2016\u00a0Essentials\u00a0speziell auf die Bed\u00fcrfnisse von kleinen Unternehmen und Organisationen zugeschnitten.\u00a0Windows Server 2019\u00a0Essentials\u00a0eignet sich insbesondere f\u00fcr Unternehmen, die \u00fcber keine virtuelle Arbeitsumgebung verf\u00fcgen, und bietet sich als\u00a0Erstserver-L\u00f6sung\u00a0an. Alternativ ist auch der Einsatz als\u00a0Prim\u00e4rserver in Arbeitsumgebungen mit mehreren Servern m\u00f6glich.<\/p>\n<p><strong>Mehr Sicherheit und mehr Cloud in\u00a0Windows Server 2019\u00a0Essentials<\/strong><br \/>\nEine der gr\u00f6\u00dften Neuerungen im Vergleich zur Vorg\u00e4ngerversion ist die engere Verzahnung mit Microsoft\u00a0Azure\u00a0durch Windows Server 2019 und\u00a0Project\u00a0Honolulu f\u00fcr die Schaffung einer hybriden\u00a0Cloud-Umgebung. Neben der zentralen Steuerung \u00fcber\u00a0Project\u00a0Honolulu erm\u00f6glicht die aktuelle Version damit beispielsweise die Sicherung via\u00a0Azure\u00a0File\u00a0Sync\u00a0und\u00a0Azure\u00a0Backup.<\/p>\n<p>Dar\u00fcber hinauf erweitert Microsoft in Windows Server 2019 auch die bisherigen\u00a0Sicherheits-Optionen\u00a0der\u00a02016er-Ausgabe. Hinzu kommt zudem die verbesserte Unterst\u00fctzung f\u00fcr Linux unter anderem durch die Integration von\u00a0Linux-Kommandos\u00a0wie &#8222;tar&#8220; und &#8222;curl&#8220; in der Befehlszeile. Zudem sind\u00a0Linux-VMs\u00a0in Windows Server 2019 fortan via\u00a0Shield-VMs\u00a0gesichert.<\/p>\n<p>Abgerundet wird das Sicherheitspaket durch die M\u00f6glichkeit, den\u00a0Netzwerkverkehr\u00a0in virtuellen Umgebungen zu verschl\u00fcsseln und die Integration von &#8222;Windows\u00a0Defender\u00a0Advanced\u00a0Threat\u00a0Protection&#8220; (ATP). Diese wiederum bietet unter anderem Schutz vor Attacken, deren\u00a0Definitionsdatei\u00a0noch nicht in den g\u00e4ngigen Virenscannern erkannt wird, so z.B. vor &#8222;Zero-Day-Attacken&#8220;.<\/p>\n<p><span data-mce-mark=\"1\"><strong>Weitere Vorteile f\u00fcr Unternehmen die\u00a0Windows Server 2019\u00a0Essentials\u00a0kaufen<\/strong><\/span><\/p>\n<ul>\n<li>Durch die Unterst\u00fctzung von &#8222;Kubernetes&#8220; lassen sich Windows Server Container in Microsoft Windows Server 2019 auch an Kubernetes anbinden.<\/li>\n<li>M\u00f6glichkeit zur Ausf\u00fchrung von herk\u00f6mmlichen Anwendungen und Funktionen wie der Datei- und Druckfreigabe.<\/li>\n<li>Im Vergleich zu Windows Server 2016 erfolgte nochmals eine deutliche Verkleinerung des Core-Images von gut 5 GB auf rund 1,7 GB. Ergebnis ist ein geringerer Netzwerkfu\u00dfabdruck bei gleichzeitig schnellerer Bereitstellung.<\/li>\n<li>Anbindung von Windows Server 2019 an die aktuelle Version von &#8222;System Center&#8220; neben der Zentralverwaltung \u00fcber RSAT und Project Honolulu.<\/li>\n<li>M\u00f6glichkeit zum Aufbau von Hyper-Converged-Infrastructures (HCI) mit Hilfe von Mircosoft Azure und System Center, wodurch Unternehmen die M\u00f6glichkeit haben, lokale Rechenzentren und Microsoft Azure verschmelzen zu lassen.<\/li>\n<li>Microsoft Windows Server 2019 Essentials unterst\u00fctzt aktuellste Hardware und integriert die gleichen Funktionen und Verbesserungen wie Windows Server 2019 Standard inklusive der Systeminformationen und den Diensten f\u00fcr die Speichermigration.<\/li>\n<\/ul>\n<p><strong>Ideales\u00a0Lizensierungskonzept\u00a0f\u00fcr kleine Unternehmen<\/strong><br \/>\nMit Microsoft\u00a0Windows Server 2019\u00a0Essentials\u00a0kaufen\u00a0kleine Unternehmen ein leistungsstarkes Softwareprodukt, das nicht nur ohne\u00a0Laufzeitbeschr\u00e4nkung\u00a0daherkommt, sondern auch mit einem einfachen\u00a0Lizenzkonzept\u00a0\u00fcberzeugt. Anders als die Standard- und\u00a0DataCenter-Versionen\u00a0zeichnet sich die\u00a0Essentials-Edition nicht durch eine\u00a0Core-basierte, sondern durch eine\u00a0Server-basierte\u00a0Lizensierung\u00a0aus. Damit ben\u00f6tigen Unternehmen keine Client Access\u00a0Licenses\u00a0(CALs), zumal f\u00fcr jede Instanz der Software eine Lizenz erworben werden muss, ganz gleich, ob diese virtuell oder auf physischer Hardware ausgef\u00fchrt wird.\u00a0Windows Server 2019\u00a0Essentials\u00a0ist mit einem Limit von 25 Usern\u00a0bzw. 50 Ger\u00e4ten ausgestattet und damit eine g\u00fcnstige L\u00f6sung f\u00fcr kleine Organisationen.<\/p>\n","protected":false},"excerpt":{"rendered":"<p>Windows Server 2019\u00a0Essentials kaufen\u00a0und von ma\u00dfgeschneiderten L\u00f6sungen profitieren Unternehmen, die\u00a0Windows Server 2019\u00a0Essentials\u00a0kaufen, erwerben die aktuellste Version von Microsofts erfolgreicher\u00a0Serverl\u00f6sung, die in Unternehmen bereits seit etlichen Jahren hervorragende Dienste leistet. Die aktuelle\u00a0Essentials-Version ist ebenso wie die\u00a0Vorg\u00e4nger-Edition\u00a0Windows Server 2016\u00a0Essentials\u00a0speziell auf die Bed\u00fcrfnisse von kleinen Unternehmen und Organisationen zugeschnitten.\u00a0Windows Server 2019\u00a0Essentials\u00a0eignet sich insbesondere f\u00fcr Unternehmen, die \u00fcber keine [&hellip;]<\/p>\n","protected":false},"featured_media":1901,"comment_status":"open","ping_status":"closed","template":"","meta":{"_acf_changed":false},"product_cat":[159],"product_tag":[],"acf":[],"jetpack_sharing_enabled":true,"_links":{"self":[{"href":"http:\/\/pc-direkthandel.de\/wordpress\/wp-json\/wp\/v2\/product\/1900"}],"collection":[{"href":"http:\/\/pc-direkthandel.de\/wordpress\/wp-json\/wp\/v2\/product"}],"about":[{"href":"http:\/\/pc-direkthandel.de\/wordpress\/wp-json\/wp\/v2\/types\/product"}],"replies":[{"embeddable":true,"href":"http:\/\/pc-direkthandel.de\/wordpress\/wp-json\/wp\/v2\/comments?post=1900"}],"wp:featuredmedia":[{"embeddable":true,"href":"http:\/\/pc-direkthandel.de\/wordpress\/wp-json\/wp\/v2\/media\/1901"}],"wp:attachment":[{"href":"http:\/\/pc-direkthandel.de\/wordpress\/wp-json\/wp\/v2\/media?parent=1900"}],"wp:term":[{"taxonomy":"product_cat","embeddable":true,"href":"http:\/\/pc-direkthandel.de\/wordpress\/wp-json\/wp\/v2\/product_cat?post=1900"},{"taxonomy":"product_tag","embeddable":true,"href":"http:\/\/pc-direkthandel.de\/wordpress\/wp-json\/wp\/v2\/product_tag?post=1900"}],"curies":[{"name":"wp","href":"https:\/\/api.w.org\/{rel}","templated":true}]}}