{"id":1886,"date":"2019-09-17T15:35:28","date_gmt":"2019-09-17T13:35:28","guid":{"rendered":"http:\/\/pc-direkthandel.de\/wordpress\/?post_type=product&#038;p=1886"},"modified":"2019-11-07T16:23:18","modified_gmt":"2019-11-07T14:23:18","slug":"microsoft-visual-studio-2013-premium-esd-key","status":"publish","type":"product","link":"http:\/\/pc-direkthandel.de\/wordpress\/product\/microsoft-visual-studio-2013-premium-esd-key\/","title":{"rendered":"Microsoft Visual Studio 2013 Premium (ESD &#038; Key)"},"content":{"rendered":"<p><strong>Visual Studio 2013 Premium &#8211; erweiterte Entwicklungsumgebung f\u00fcr Hochsprachen<\/strong><\/p>\n<p>Visual Studio 2013 Premium bietet verschiedene Verbesserungen gegen\u00fcber der 2012er Version der Entwicklungsumgebung und gegen\u00fcber der Professional Edition. So gibt es ein \u00fcberarbeitetes und vereinfachtes Interface. Die Leistungsf\u00e4higkeit der 2013er Version ist an die damaligen Hardwarekapazit\u00e4ten angepasst. Daher kann es eine gute Idee sein, Visual Studio 2013 Premium zu kaufen, wenn man nicht ausschlie\u00dflich aktuelle Ger\u00e4te im Unternehmen hat. Vom Funktionsumfang her deckt diese Version der Entwicklungsumgebung wesentliche Anforderungen ab, die heutige Entwickler und Teams stellen. F\u00fcr viele Firmen ist somit das entstehende Preis-Leistungs-Verh\u00e4ltnis interessant. Mit der Premium Edition k\u00f6nnen auch gr\u00f6\u00dfere Programmierteams mit verschiedenen Hochsprachen arbeiten. Visual Studio 2013 unterst\u00fctzt:<\/p>\n<ul>\n<li>F#<\/li>\n<li>SQL Server<\/li>\n<li>TypeScript<\/li>\n<li>Visual Basic .NET<\/li>\n<li>C<\/li>\n<li>C++<\/li>\n<li>C++\/CLI<\/li>\n<li>C++\/CX<\/li>\n<li>C#<\/li>\n<li>Python<\/li>\n<li>HTML<\/li>\n<li>JavaScript<\/li>\n<li>CSS<\/li>\n<\/ul>\n<p><strong>Websites, mobile Apps und mehr erstellen<\/strong><\/p>\n<p>Programmierer k\u00f6nnen mit Visual Studio 2013 Premium native Win32-\/Win64-Programme schreiben. Au\u00dferdem lassen sich Anwendungen f\u00fcr das .NET Framework entwickeln. Wichtig ist auch die M\u00f6glichkeit, dynamische Webseiten bzw. Webservicesf\u00fcr das Internet und Intranets zu erstellen. Mit Visual Studio k\u00f6nnen des Weiteren Windows-Apps programmiert werden, die dann auf Ger\u00e4ten mit Windows 8, 8.1 oder 10 laufen. Dabei wird auch Remote Debugging f\u00fcr Windows 8.1 unterst\u00fctzt. Als Visual Studio 2013 erschien, war Windows 8 aktuell. Deshalb liegt ein Fokus auf der Programmierung von Apps f\u00fcr den Windows-Store. Diese Version von Visual Studio passt zur damals neuen Laufzeitumgebung der Windows-Plattform.<\/p>\n<p><strong>Mehr Analyse- und Debuggingm\u00f6glichkeiten als je zuvor<\/strong><\/p>\n<p>Visual Studio 2013 Premium zu kaufen hei\u00dft unter anderem, von den Verbesserungen gegen\u00fcber der Vorg\u00e4ngerversion zu profitieren. Dazu geh\u00f6rt die verst\u00e4rkte Unterst\u00fctzung des ISO-C\/C++-Standards. Dar\u00fcber hinaus wurden f\u00fcr C++ die Bibliotheken und die Performance erweitert. Auch im JavaScript-Bereich kamen neue Funktionen dazu. Mit der Verbesserung der<br \/>\nFunktionen f\u00fcr F# kam die Unterst\u00fctzung f\u00fcr das .NET Framework 4.5.1 in die Entwicklungsumgebung. F\u00fcr den Debugger gibt es seit der 2013er-Version die Just-my-Code-Funktion, welche System- und Frameworkfunktionen \u00fcberspringt. Zudem kann nun die Edit-and-Continue-Funktionalit\u00e4t zum \u00c4ndern des Sourcecodes w\u00e4hrend des Weiterlaufenlassens des Programmes genutzt werden. Neu in Visual Studio 2013 Premium sind auch die Analysem\u00f6glichkeiten des Hauptspeichers im .NET Framework sowie die Verbesserungen bei Unit-Tests.<\/p>\n<p><strong>Zusammenarbeit leicht gemacht<\/strong><\/p>\n<p>Visual Studio Premium 2013 bietet eine integrierte ALM-L\u00f6sung, mit der Entwickler und Stakeholder zusammengebracht werden. Schlie\u00dflich lassen sich viele Anwendungen als Team schneller und besser erstellen. Unternehmen aller Gr\u00f6\u00dfen brauchen heutzutage gute Kollaborationsm\u00f6glichkeiten. Die Premiumversion von Visual Studio 2013 hat bereits Optionen f\u00fcr Team Player aus heterogenen Plattformen. Mit den Werkzeugen der Entwicklungsumgebung k\u00f6nnen Projektmanager, Analysten, Tester und Entwickler Seite an Seite arbeiten. Verschiedene Prozesse lassen sich komfortabel integrieren. F\u00fcr die Projektplanung bietet das Programm eigene Features. Im Gegensatz zur Professional Edition sind hier auch die Funktionen Code Metrics, Code Coverage, Coded UI Testing und Test Case Management enthalten. Zudem bietet die Premium-Editioneinfache Zug\u00e4nge zur Azure Cloud und zu Team Foundation.<\/p>\n","protected":false},"excerpt":{"rendered":"<p>Visual Studio 2013 Premium &#8211; erweiterte Entwicklungsumgebung f\u00fcr Hochsprachen Visual Studio 2013 Premium bietet verschiedene Verbesserungen gegen\u00fcber der 2012er Version der Entwicklungsumgebung und gegen\u00fcber der Professional Edition. So gibt es ein \u00fcberarbeitetes und vereinfachtes Interface. Die Leistungsf\u00e4higkeit der 2013er Version ist an die damaligen Hardwarekapazit\u00e4ten angepasst. Daher kann es eine gute Idee sein, Visual Studio [&hellip;]<\/p>\n","protected":false},"featured_media":1887,"comment_status":"open","ping_status":"closed","template":"","meta":{"_acf_changed":false},"product_cat":[158],"product_tag":[],"acf":[],"jetpack_sharing_enabled":true,"_links":{"self":[{"href":"http:\/\/pc-direkthandel.de\/wordpress\/wp-json\/wp\/v2\/product\/1886"}],"collection":[{"href":"http:\/\/pc-direkthandel.de\/wordpress\/wp-json\/wp\/v2\/product"}],"about":[{"href":"http:\/\/pc-direkthandel.de\/wordpress\/wp-json\/wp\/v2\/types\/product"}],"replies":[{"embeddable":true,"href":"http:\/\/pc-direkthandel.de\/wordpress\/wp-json\/wp\/v2\/comments?post=1886"}],"wp:featuredmedia":[{"embeddable":true,"href":"http:\/\/pc-direkthandel.de\/wordpress\/wp-json\/wp\/v2\/media\/1887"}],"wp:attachment":[{"href":"http:\/\/pc-direkthandel.de\/wordpress\/wp-json\/wp\/v2\/media?parent=1886"}],"wp:term":[{"taxonomy":"product_cat","embeddable":true,"href":"http:\/\/pc-direkthandel.de\/wordpress\/wp-json\/wp\/v2\/product_cat?post=1886"},{"taxonomy":"product_tag","embeddable":true,"href":"http:\/\/pc-direkthandel.de\/wordpress\/wp-json\/wp\/v2\/product_tag?post=1886"}],"curies":[{"name":"wp","href":"https:\/\/api.w.org\/{rel}","templated":true}]}}