{"id":1866,"date":"2019-09-17T15:13:21","date_gmt":"2019-09-17T13:13:21","guid":{"rendered":"http:\/\/pc-direkthandel.de\/wordpress\/?post_type=product&#038;p=1866"},"modified":"2019-11-07T16:21:29","modified_gmt":"2019-11-07T14:21:29","slug":"microsoft-publisher-2019-esd-key","status":"publish","type":"product","link":"http:\/\/pc-direkthandel.de\/wordpress\/product\/microsoft-publisher-2019-esd-key\/","title":{"rendered":"Microsoft Publisher 2019 (ESD &#038; Key)"},"content":{"rendered":"<p>Mit Microsoft Publisher 2019 liefert das Unternehmen aus Redmond die neueste Version seiner bekannten Desktop Publishing Software aus, die sich bereits seit dem erstmaligen Erscheinen im Jahr 1991 gro\u00dfer Beliebtheit erfreut. Mit Hilfe der Software, die offiziell ausschlie\u00dflich unter Microsoft Windows 10 unterst\u00fctzt wird, k\u00f6nnen sowohl Design-Einsteiger als auch Profis professionelle E-Mail-Headlines, Produktpr\u00e4sentationen, Druckpublikationen wie Flyer und Brosch\u00fcren sowie kreative Einladungskarten designen und druckfertig abspeichern.<\/p>\n<p>Dank zahlreicher Schablonen, Vorlagen und Design-Sets sowie einer umfangreicheren Werkzeugpalette sind der Kreativit\u00e4t dabei keine Grenzen gesetzt. Die neuste Version der Software aus dem Hause der Redmonder Softwareschmiede, ist dabei der direkte Nachfolger von Microsoft Publisher 2016.<\/p>\n<p><strong>Einfache Bedienung und umfangreiches Funktionsportfolio<\/strong><br \/>\nSeine gro\u00dfe Beliebtheit hat der Microsoft Publisher seit jeher seiner Einsteigerfreundlichkeit zu verdanken. Auch in der aktuellen Version pr\u00e4sentiert sich das Produkt unter anderem durch das Ersetzen von Bildern per Drag &amp; Drop-Bedienung gewohnt intuitiv. Hinzu kommt eine gro\u00dfe Bandbreite an neuen 3D-Effekten, Spiegelungen, Schatten, Leuchteffekten und Textdesigns, die jedes erstellte Design mit wenigen Mausklicks zu einem Unikat machen. Selbst importierte Fotos und andere Bilddateien k\u00f6nnen mit Hilfe der Werkzeugpalette ebenso bearbeitet werden, wie in einer Grafiksoftware.<\/p>\n<p>Fertige Projekte lassen sich zudem direkt in das weit verbreitete Bildformat JPG sowie in die Dateiformate PDF und XPS exportieren, sodass die Designs problemlos verschickt oder direkt in den Druck gegeben werden k\u00f6nnen. Neu ist in Microsoft Publisher 2019 auch das leicht entschlackte Ribbon Interface. Dieses verf\u00fcgt nunmehr lediglich \u00fcber die meistgenutzten Befehle, was die Bedienung fl\u00fcssiger macht. Wer mag, kann alternativ auf die alte Ribbon-Ansicht zur\u00fcckgreifen oder die Nutzeroberfl\u00e4che individuell nach eigenen W\u00fcnschen anpassen. Ebenfalls neu ist die verbesserte Stiftsteuerung. Diese ist nun nicht nur pr\u00e4ziser, sondern reagiert auch auf Druck, was die Verwendung des Publishers auf Touch-Ger\u00e4ten wie Microsofts Surface intuitiver macht.<\/p>\n<p><strong>Microsoft Publisher 2019 Stand-Alone-Lizenz ohne Abo-Pflicht<\/strong><br \/>\nMit dieser Version des Microsoft Publishers 2019 erhalten Anwender einen f\u00fcr genau einen Computerarbeitsplatz g\u00fcltigen Produktschl\u00fcssel. Dieser ist ohne jegliche zeitliche und umf\u00e4ngliche Beschr\u00e4nkung nutzbar und setzt kein Abonnement mit j\u00e4hrlicher Zahlung voraus, wie es bei Microsofts Office 365-Konzept der Fall ist. Damit reagiert Microsoft mit sowohl mit dem Publisher als auch mit der gesamten Office-Suite auf den Kundenwunsch einer von der Cloud unabh\u00e4ngigen L\u00f6sung. Damit ist der Microsoft Publisher 2019 eine optimale L\u00f6sung f\u00fcr Privatanwender, Selbstst\u00e4ndige und kleine Unternehmen.<\/p>\n","protected":false},"excerpt":{"rendered":"<p>Mit Microsoft Publisher 2019 liefert das Unternehmen aus Redmond die neueste Version seiner bekannten Desktop Publishing Software aus, die sich bereits seit dem erstmaligen Erscheinen im Jahr 1991 gro\u00dfer Beliebtheit erfreut. Mit Hilfe der Software, die offiziell ausschlie\u00dflich unter Microsoft Windows 10 unterst\u00fctzt wird, k\u00f6nnen sowohl Design-Einsteiger als auch Profis professionelle E-Mail-Headlines, Produktpr\u00e4sentationen, Druckpublikationen wie [&hellip;]<\/p>\n","protected":false},"featured_media":1867,"comment_status":"open","ping_status":"closed","template":"","meta":{"_acf_changed":false},"product_cat":[157],"product_tag":[],"acf":[],"jetpack_sharing_enabled":true,"_links":{"self":[{"href":"http:\/\/pc-direkthandel.de\/wordpress\/wp-json\/wp\/v2\/product\/1866"}],"collection":[{"href":"http:\/\/pc-direkthandel.de\/wordpress\/wp-json\/wp\/v2\/product"}],"about":[{"href":"http:\/\/pc-direkthandel.de\/wordpress\/wp-json\/wp\/v2\/types\/product"}],"replies":[{"embeddable":true,"href":"http:\/\/pc-direkthandel.de\/wordpress\/wp-json\/wp\/v2\/comments?post=1866"}],"wp:featuredmedia":[{"embeddable":true,"href":"http:\/\/pc-direkthandel.de\/wordpress\/wp-json\/wp\/v2\/media\/1867"}],"wp:attachment":[{"href":"http:\/\/pc-direkthandel.de\/wordpress\/wp-json\/wp\/v2\/media?parent=1866"}],"wp:term":[{"taxonomy":"product_cat","embeddable":true,"href":"http:\/\/pc-direkthandel.de\/wordpress\/wp-json\/wp\/v2\/product_cat?post=1866"},{"taxonomy":"product_tag","embeddable":true,"href":"http:\/\/pc-direkthandel.de\/wordpress\/wp-json\/wp\/v2\/product_tag?post=1866"}],"curies":[{"name":"wp","href":"https:\/\/api.w.org\/{rel}","templated":true}]}}